213.239.221.145 - - [12/Nov/2022:16:27:57 -0800] "POST /blog/xmlrpc.php HTTP/1.1" 200 403 "-" "Mozilla/5.0 (Macintosh; U; Intel Mac OS X 10.6; fr; rv:1.9.2.8) Gecko/20100722 Firefox/3.6.8" "crquality.com"
10.247.24.113 - - [12/Nov/2022:16:27:59 -0800] "POST /blog/wp-cron.php?doing_wp_cron=1668299279.8596279621124267578125 HTTP/1.1" 200 - "http://crquality.com/blog/wp-cron.php?doing_wp_cron=1668299279.8596279621124267578125" "WordPress/4.9.22; http://crquality.com/blog" "crquality.com"
114.119.150.166 - - [12/Nov/2022:16:52:01 -0800] "GET /robots.txt HTTP/1.1" 200 56 "-" "Mozilla/5.0 (compatible;PetalBot;+https://webmaster.petalsearch.com/site/petalbot)" "crquality.com"
168.91.37.110 - - [12/Nov/2022:17:50:31 -0800] "GET /contact_us HTTP/1.1" 200 9138 "-" "Mozilla/5.0 (X11; Linux x86_64) AppleWebKit/537.36 (KHTML, like Gecko) Chrome/106.0.5249.0 Safari/537.36" "crquality.com"
207.182.25.68 - - [12/Nov/2022:17:50:33 -0800] "GET /_ySmbWs/tracking/admin/map?width=260&height=260&address=5530%20Rock%20Hampton%20Ct.%2C%20%2C%20Indianapolis%2C%20IN%2C%2046268&version=1 HTTP/1.1" 200 818 "http://crquality.com/contact_us" "Mozilla/5.0 (X11; Linux x86_64) AppleWebKit/537.36 (KHTML, like Gecko) Chrome/106.0.5249.0 Safari/537.36" "crquality.com"
216.244.66.234 - - [12/Nov/2022:18:01:54 -0800] "GET /robots.txt HTTP/1.1" 200 40 "-" "Mozilla/5.0 (compatible; DotBot/1.2; +https://opensiteexplorer.org/dotbot; help@moz.com)" "crquality.com"
37.139.53.81 - - [12/Nov/2022:18:19:13 -0800] "GET /contact_us HTTP/1.1" 200 35448 "http://crquality.com/contact_us" "Mozilla/5.0 (Windows NT 10.0; Win64; x64) AppleWebKit/537.36 (KHTML, like Gecko) Chrome/83.0.4103.34 Safari/537.36" "crquality.com"
37.139.53.81 - - [12/Nov/2022:18:19:13 -0800] "POST /contact_us HTTP/1.1" 200 35448 "http://crquality.com/contact_us" "Mozilla/5.0 (Windows NT 10.0; Win64; x64) AppleWebKit/537.36 (KHTML, like Gecko) Chrome/83.0.4103.34 Safari/537.36" "crquality.com"
185.174.159.41 - - [12/Nov/2022:18:24:00 -0800] "GET / HTTP/1.1" 200 19157 "http://crquality.com/" "Mozilla/5.0 (Windows NT 6.1; ) AppleWebKit/537.36 (KHTML, like Gecko) Chrome/90.0.4430.85 Safari/537.36" "crquality.com"
185.174.159.41 - - [12/Nov/2022:18:24:00 -0800] "GET /contact_us HTTP/1.1" 200 35448 "http://crquality.com/contact_us" "Mozilla/5.0 (Windows NT 6.1; ) AppleWebKit/537.36 (KHTML, like Gecko) Chrome/90.0.4430.85 Safari/537.36" "crquality.com"
185.174.159.41 - - [12/Nov/2022:18:24:01 -0800] "POST /contact_us HTTP/1.1" 200 35448 "http://crquality.com/contact_us" "Mozilla/5.0 (Windows NT 6.1; ) AppleWebKit/537.36 (KHTML, like Gecko) Chrome/90.0.4430.85 Safari/537.36" "crquality.com"
216.244.66.234 - - [12/Nov/2022:18:36:21 -0800] "GET /yahoo_site_admin/assets/images/IMG_20130716_145853_189.8125030_large.jpg HTTP/1.1" 200 466136 "-" "Mozilla/5.0 (compatible; DotBot/1.2; +https://opensiteexplorer.org/dotbot; help@moz.com)" "crquality.com"
207.46.13.120 - - [12/Nov/2022:18:37:20 -0800] "GET /sitemap.xml HTTP/1.1" 200 247 "-" "Mozilla/5.0 (compatible; bingbot/2.0; +http://www.bing.com/bingbot.htm)" "crquality.com"
207.46.13.229 - - [12/Nov/2022:18:58:13 -0800] "GET /robots.txt HTTP/1.1" 200 56 "-" "Mozilla/5.0 (compatible; bingbot/2.0; +http://www.bing.com/bingbot.htm)" "crquality.com"
207.46.13.229 - - [12/Nov/2022:18:58:13 -0800] "GET /robots.txt HTTP/1.1" 200 56 "-" "Mozilla/5.0 (compatible; bingbot/2.0; +http://www.bing.com/bingbot.htm)" "crquality.com"
40.77.167.4 - - [12/Nov/2022:18:58:18 -0800] "GET /energy_efficiency HTTP/1.1" 200 4367 "-" "Mozilla/5.0 AppleWebKit/537.36 (KHTML, like Gecko; compatible; bingbot/2.0; +http://www.bing.com/bingbot.htm) Chrome/103.0.5060.134 Safari/537.36" "crquality.com"
213.239.221.145 - - [12/Nov/2022:19:01:34 -0800] "POST /blog/xmlrpc.php HTTP/1.1" 200 403 "-" "Mozilla/5.0 (Macintosh; U; Intel Mac OS X 10.6; fr; rv:1.9.2.8) Gecko/20100722 Firefox/3.6.8" "crquality.com"
10.247.24.113 - - [12/Nov/2022:19:01:36 -0800] "POST /blog/wp-cron.php?doing_wp_cron=1668308496.4204099178314208984375 HTTP/1.1" 200 - "http://crquality.com/blog/wp-cron.php?doing_wp_cron=1668308496.4204099178314208984375" "WordPress/4.9.22; http://crquality.com/blog" "crquality.com"
54.209.127.3 - - [12/Nov/2022:19:19:55 -0800] "GET / HTTP/1.1" 200 4886 "-" "Mozilla/5.0 (Windows NT 10.0; Win64; x64) AppleWebKit/537.36 (KHTML, like Gecko) Chrome/90.0.4430.212 Safari/537.36" "crquality.com"
54.145.221.255 - - [12/Nov/2022:19:53:32 -0800] "GET / HTTP/1.1" 200 4886 "-" "Mozilla/5.0 (Windows; U; Windows NT 5.1; en-US; rv:1.9.2.8) Gecko/20100722 Firefox/3.6.8" "crquality.com"
116.179.32.240 - - [12/Nov/2022:20:34:15 -0800] "GET / HTTP/1.1" 200 4886 "-" "Mozilla/5.0 (compatible; Baiduspider/2.0; +http://www.baidu.com/search/spider.html)" "crquality.com"
66.249.64.145 - - [12/Nov/2022:20:58:09 -0800] "GET /ads.txt HTTP/1.1" 404 88 "-" "Mozilla/5.0 (compatible; Googlebot/2.1; +http://www.google.com/bot.html)" "crquality.com"
144.168.145.51 - - [12/Nov/2022:21:06:34 -0800] "GET /contact_us HTTP/1.1" 200 9138 "-" "Mozilla/5.0 (Windows NT 10.0; WOW64) AppleWebKit/537.36 (KHTML, like Gecko) Chrome/103.0.0.0 YaBrowser/22.7.0 Yowser/2.5 Safari/537.36" "crquality.com"
144.168.145.51 - - [12/Nov/2022:21:06:35 -0800] "GET /contact_us?emailAddress=mike%40crquality.com&.crumb=1668359058d3XAWciVgI5JCDvHTkTDRMXEq4o-&json_payload=&formDataName=Customer+contact&formDescription=Main+customer+contact+form&formGuid=itemRecordGuid.4a7711e25e3159.14166539&itemGuid.4a7711e25e2db3.26242014=Nick&itemGuid.4a7711e25e2db3.26242017=Petrus&itemGuid.4a7711e25e2db3.26242020=nickairevolution%40gmail.com&itemGuid.4a7711e25e2db3.26242023=05.63.53.33.65&itemGuid.4a7711e25e2db3.26242026=Hello.+My+name+is+Nick%2C+I+am+an+entrepreneur+and+creator+of+the+revolutionary+software+www.nick-ai.ca.Which+will+help+your+business+in+writing+any+content+in+seconds+and+attract+more+customers.%0D%0ATen+years+ago+I+created+my+first+business+and+for+ten+years+I+had+the+pain+of+writing+content.+I+was+thinking+about+how+to+make+it+possible+to+write+any+content+in+seconds%2C+for+advertising%2C+social+media+posts%2C+emails+to+friends%2C+business+partners%2C+clients%2C+blogs%2C+create+engaging+content+for+my+videos%2C+respond+to+customer+reviews%2C+write+reviews%2C+and+write+absolutely+any+content+in+seconds.+Working+on+this+project+for+several+years+we+have+created+artificial+intelligence+software+that+can+do+all+of+the+above+in+seconds.+%0D%0AI+want+to+give+you+free+access+for+seven+days+to+Nick-ai.com+please+give+me+feedback+on+how+much+you+like+what+we+do.+%0D%0A%0D%0AThank+you+Nick+Founder+of+Nick+AI.%0D%0A%0D%0AMy+email+adress+-+nickairevolution%40gmail.com%0D%0A%0D%0AMy+Website+NICK-AI.CA HTTP/1.1" 200 9138 "http://crquality.com/contact_us" "Mozilla/5.0 (Windows NT 10.0; WOW64) AppleWebKit/537.36 (KHTML, like Gecko) Chrome/103.0.0.0 YaBrowser/22.7.0 Yowser/2.5 Safari/537.36" "crquality.com"
182.119.163.207 - - [12/Nov/2022:21:27:24 -0800] "GET /robots.txt HTTP/1.1" 200 56 "-" "Mozilla/5.0 (Windows NT 10.0; Win64; x64) AppleWebKit/537.36 (KHTML, like Gecko) Chrome/92.0.4515.159 Safari/537.36" "crquality.com"
149.102.153.59 - - [12/Nov/2022:21:29:54 -0800] "GET /contact_us HTTP/1.1" 200 9138 "-" "Mozilla/5.0 (Windows NT 10.0; WOW64) AppleWebKit/537.36 (KHTML, like Gecko) Chrome/103.0.0.0 YaBrowser/22.7.0 Yowser/2.5 Safari/537.36" "crquality.com"
149.102.153.59 - - [12/Nov/2022:21:29:54 -0800] "GET /contact_us?emailAddress=mike%40crquality.com&.crumb=1668359058d3XAWciVgI5JCDvHTkTDRMXEq4o-&json_payload=&formDataName=Customer+contact&formDescription=Main+customer+contact+form&formGuid=itemRecordGuid.4a7711e25e3159.14166539&itemGuid.4a7711e25e2db3.26242014=Leola&itemGuid.4a7711e25e2db3.26242017=Hass&itemGuid.4a7711e25e2db3.26242020=hass.leola%40hotmail.com&itemGuid.4a7711e25e2db3.26242023=03.53.66.09.21&itemGuid.4a7711e25e2db3.26242026=Hi%2C%0D%0A%0D%0AI+have+a+tool+for+you+that+can+TURN+YOUR+BUSINESS+INTO+AN+AUTOMATED+24%2F7+SALES+GENERATING+MACHINE%0D%0A%0D%0AClick+here+to+check+it+out++%3D%3D%3D%3D+%3E+https%3A%2F%2Fwww.gohighlevel.com%2F970%3Ffp_ref%3Domar84 HTTP/1.1" 200 9138 "http://crquality.com/contact_us" "Mozilla/5.0 (Windows NT 10.0; WOW64) AppleWebKit/537.36 (KHTML, like Gecko) Chrome/103.0.0.0 YaBrowser/22.7.0 Yowser/2.5 Safari/537.36" "crquality.com"
213.239.221.145 - - [12/Nov/2022:21:34:54 -0800] "POST /blog/xmlrpc.php HTTP/1.1" 200 403 "-" "Mozilla/5.0 (Macintosh; U; Intel Mac OS X 10.6; fr; rv:1.9.2.8) Gecko/20100722 Firefox/3.6.8" "crquality.com"
10.247.24.114 - - [12/Nov/2022:21:34:56 -0800] "POST /blog/wp-cron.php?doing_wp_cron=1668317696.6088969707489013671875 HTTP/1.1" 200 - "http://crquality.com/blog/wp-cron.php?doing_wp_cron=1668317696.6088969707489013671875" "WordPress/4.9.22; http://crquality.com/blog" "crquality.com"
54.36.148.190 - - [12/Nov/2022:22:18:09 -0800] "GET /robots.txt HTTP/1.1" 200 56 "-" "Mozilla/5.0 (compatible; AhrefsBot/7.0; +http://ahrefs.com/robot/)" "www.crquality.com"
51.222.253.1 - - [12/Nov/2022:22:18:10 -0800] "GET / HTTP/1.1" 200 4886 "-" "Mozilla/5.0 (compatible; AhrefsBot/7.0; +http://ahrefs.com/robot/)" "www.crquality.com"
216.244.66.234 - - [12/Nov/2022:22:30:38 -0800] "GET /robots.txt HTTP/1.1" 200 40 "-" "Mozilla/5.0 (compatible; DotBot/1.2; +https://opensiteexplorer.org/dotbot; help@moz.com)" "www.crquality.com"
216.244.66.234 - - [12/Nov/2022:22:54:31 -0800] "GET /yahoo_site_admin/assets/images/mike_zipp_drive_pic_164.8164732_large.jpg HTTP/1.1" 200 66923 "-" "Mozilla/5.0 (compatible; DotBot/1.2; +https://opensiteexplorer.org/dotbot; help@moz.com)" "www.crquality.com"
207.46.13.120 - - [12/Nov/2022:23:08:35 -0800] "GET /sitemap.xml HTTP/1.1" 200 247 "-" "Mozilla/5.0 (compatible; bingbot/2.0; +http://www.bing.com/bingbot.htm)" "crquality.com"
77.73.131.19 - - [12/Nov/2022:23:13:16 -0800] "GET /contact_us/ HTTP/1.1" 200 35448 "https://rutube.ru/video/68c36cbf3d794de0bb34c9ac78d321e9/" "Opera/7.54 (Windows NT 5.1; U)  [pl]" "crquality.com"
77.73.131.19 - - [12/Nov/2022:23:13:17 -0800] "GET /contact_us/ HTTP/1.1" 200 35448 "https://rutube.ru/video/68c36cbf3d794de0bb34c9ac78d321e9/" "Opera/7.54 (Windows NT 5.1; U)  [pl]" "crquality.com"
77.73.131.19 - - [12/Nov/2022:23:13:17 -0800] "GET /contact_us/ HTTP/1.1" 200 35448 "https://rutube.ru/video/68c36cbf3d794de0bb34c9ac78d321e9/" "Opera/7.54 (Windows NT 5.1; U)  [pl]" "crquality.com"
121.101.132.159 - - [12/Nov/2022:23:16:35 -0800] "GET /contact_us/ HTTP/1.1" 200 35448 "http://crquality.com/contact_us/" "Mozilla/5.0 (Windows NT 6.1; Win64; x64) AppleWebKit/537.36 (KHTML, like Gecko) Chrome/90.0.4430.72 Safari/537.36" "crquality.com"
121.101.132.159 - - [12/Nov/2022:23:16:36 -0800] "POST /contact_us/ HTTP/1.1" 200 35448 "http://crquality.com/contact_us/" "Mozilla/5.0 (Windows NT 6.1; Win64; x64) AppleWebKit/537.36 (KHTML, like Gecko) Chrome/90.0.4430.72 Safari/537.36" "crquality.com"
216.244.66.234 - - [12/Nov/2022:23:24:59 -0800] "GET /robots.txt HTTP/1.1" 200 40 "-" "Mozilla/5.0 (compatible; DotBot/1.2; +https://opensiteexplorer.org/dotbot; help@moz.com)" "www.crquality.com"
142.111.236.70 - - [12/Nov/2022:23:28:37 -0800] "GET / HTTP/1.1" 200 4886 "-" "Mozilla/5.0 (Windows NT 10.0; Win64; x64) AppleWebKit/537.36 (KHTML, like Gecko) Chrome/91.0.4472.124 Safari/537.36" "crquality.com"
216.244.66.234 - - [12/Nov/2022:23:49:35 -0800] "GET /yahoo_site_admin/assets/images/06_124.8164406_large.JPG HTTP/1.1" 200 139417 "-" "Mozilla/5.0 (compatible; DotBot/1.2; +https://opensiteexplorer.org/dotbot; help@moz.com)" "www.crquality.com"
213.239.221.145 - - [13/Nov/2022:00:08:09 -0800] "POST /blog/xmlrpc.php HTTP/1.1" 200 403 "-" "Mozilla/5.0 (Macintosh; U; Intel Mac OS X 10.6; fr; rv:1.9.2.8) Gecko/20100722 Firefox/3.6.8" "crquality.com"
10.247.24.112 - - [13/Nov/2022:00:08:11 -0800] "POST /blog/wp-cron.php?doing_wp_cron=1668326891.3068070411682128906250 HTTP/1.1" 200 - "http://crquality.com/blog/wp-cron.php?doing_wp_cron=1668326891.3068070411682128906250" "WordPress/4.9.22; http://crquality.com/blog" "crquality.com"
78.29.117.5 - - [13/Nov/2022:00:36:54 -0800] "GET /contact_us/ HTTP/1.1" 200 35448 "http://crquality.com/contact_us/" "Mozilla/5.0 (Windows NT 10.0; Win64; x64) AppleWebKit/537.36 (KHTML, like Gecko) Chrome/90.0.4430.93 Safari/537.36" "crquality.com"
78.29.117.5 - - [13/Nov/2022:00:36:54 -0800] "POST /contact_us/ HTTP/1.1" 200 35448 "http://crquality.com/contact_us/" "Mozilla/5.0 (Windows NT 10.0; Win64; x64) AppleWebKit/537.36 (KHTML, like Gecko) Chrome/90.0.4430.93 Safari/537.36" "crquality.com"
37.139.53.81 - - [13/Nov/2022:01:10:51 -0800] "GET /contact_us HTTP/1.1" 200 35448 "http://crquality.com/contact_us" "Mozilla/5.0 (Windows NT 10.0; Win64; x64) AppleWebKit/537.36 (KHTML, like Gecko) Chrome/83.0.4100.3 Safari/537.36" "crquality.com"
37.139.53.81 - - [13/Nov/2022:01:10:52 -0800] "POST /contact_us HTTP/1.1" 200 35448 "http://crquality.com/contact_us" "Mozilla/5.0 (Windows NT 10.0; Win64; x64) AppleWebKit/537.36 (KHTML, like Gecko) Chrome/83.0.4100.3 Safari/537.36" "crquality.com"
66.249.89.45 - - [13/Nov/2022:01:32:52 -0800] "GET /contact_us HTTP/1.1" 200 9138 "-" "AdsBot-Google (+http://www.google.com/adsbot.html)" "www.crquality.com"
66.249.89.47 - - [13/Nov/2022:01:33:01 -0800] "GET /_ySmbWs/tracking/admin/map?width=260&height=260&address=5530%20Rock%20Hampton%20Ct.%2C%20%2C%20Indianapolis%2C%20IN%2C%2046268&version=1 HTTP/1.1" 200 818 "http://www.crquality.com/contact_us" "AdsBot-Google (+http://www.google.com/adsbot.html)" "www.crquality.com"
46.161.224.251 - - [13/Nov/2022:01:42:43 -0800] "GET /contact_us/ HTTP/1.1" 200 35448 "http://crquality.com/contact_us/" "Mozilla/5.0 (Windows NT 10.0; Win64; x64) AppleWebKit/537.36 (KHTML, like Gecko) Chrome/90.0.4430.85 Safari/537.36 Edg/90.0.818.46" "crquality.com"
46.161.224.251 - - [13/Nov/2022:01:42:46 -0800] "POST /contact_us/ HTTP/1.1" 200 35448 "http://crquality.com/contact_us/" "Mozilla/5.0 (Windows NT 10.0; Win64; x64) AppleWebKit/537.36 (KHTML, like Gecko) Chrome/90.0.4430.85 Safari/537.36 Edg/90.0.818.46" "crquality.com"
66.249.64.150 - - [13/Nov/2022:02:03:40 -0800] "GET /ads.txt HTTP/1.1" 404 88 "-" "Mozilla/5.0 (compatible; Googlebot/2.1; +http://www.google.com/bot.html)" "crquality.com"
69.171.231.2 - - [13/Nov/2022:02:21:28 -0800] "HEAD / HTTP/1.1" 206 - "-" "facebookexternalhit/1.1 (+http://www.facebook.com/externalhit_uatext.php)" "www.crquality.com"
69.171.231.5 - - [13/Nov/2022:02:21:28 -0800] "GET /robots.txt HTTP/1.1" 206 56 "-" "facebookexternalhit/1.1 (+http://www.facebook.com/externalhit_uatext.php)" "www.crquality.com"
69.171.231.4 - - [13/Nov/2022:02:21:29 -0800] "GET / HTTP/1.1" 206 4886 "-" "facebookexternalhit/1.1 (+http://www.facebook.com/externalhit_uatext.php)" "www.crquality.com"
213.239.221.145 - - [13/Nov/2022:02:41:06 -0800] "POST /blog/xmlrpc.php HTTP/1.1" 200 403 "-" "Mozilla/5.0 (Macintosh; U; Intel Mac OS X 10.6; fr; rv:1.9.2.8) Gecko/20100722 Firefox/3.6.8" "crquality.com"
10.247.24.113 - - [13/Nov/2022:02:41:08 -0800] "POST /blog/wp-cron.php?doing_wp_cron=1668336068.0586240291595458984375 HTTP/1.1" 200 - "http://crquality.com/blog/wp-cron.php?doing_wp_cron=1668336068.0586240291595458984375" "WordPress/4.9.22; http://crquality.com/blog" "crquality.com"
106.15.229.25 - - [13/Nov/2022:03:08:27 -0800] "GET /contact_us/ HTTP/1.1" 200 35448 "http://crquality.com/contact_us/" "Mozilla/5.0 (Windows NT 10.0; Win64; x64) AppleWebKit/537.36 (KHTML, like Gecko) Chrome/90.0.4430.85 Safari/537.36" "crquality.com"
106.15.229.25 - - [13/Nov/2022:03:08:49 -0800] "GET / HTTP/1.1" 200 19157 "http://crquality.com/" "Mozilla/5.0 (Windows NT 10.0; Win64; x64) AppleWebKit/537.36 (KHTML, like Gecko) Chrome/90.0.4430.85 Safari/537.36" "crquality.com"
125.113.21.193 - - [13/Nov/2022:03:09:10 -0800] "GET /contact_us/ HTTP/1.1" 200 35448 "http://crquality.com/contact_us/" "Mozilla/5.0 (Windows NT 10.0; Win64; x64) AppleWebKit/537.36 (KHTML, like Gecko) Chrome/90.0.4430.85 Safari/537.36" "crquality.com"
125.113.21.193 - - [13/Nov/2022:03:09:13 -0800] "POST /contact_us/ HTTP/1.1" 200 35448 "http://crquality.com/contact_us/" "Mozilla/5.0 (Windows NT 10.0; Win64; x64) AppleWebKit/537.36 (KHTML, like Gecko) Chrome/90.0.4430.85 Safari/537.36" "crquality.com"
192.227.230.231 - - [13/Nov/2022:03:36:28 -0800] "GET /contact_us HTTP/1.1" 200 9138 "-" "Mozilla/5.0 (Windows NT 10.0; WOW64) AppleWebKit/537.36 (KHTML, like Gecko) Chrome/103.0.0.0 YaBrowser/22.7.0 Yowser/2.5 Safari/537.36" "crquality.com"
192.227.230.231 - - [13/Nov/2022:03:36:29 -0800] "GET /contact_us?emailAddress=mike%40crquality.com&.crumb=1668359058d3XAWciVgI5JCDvHTkTDRMXEq4o-&json_payload=&formDataName=Customer+contact&formDescription=Main+customer+contact+form&formGuid=itemRecordGuid.4a7711e25e3159.14166539&itemGuid.4a7711e25e2db3.26242014=Kristian&itemGuid.4a7711e25e2db3.26242017=Stubblefield&itemGuid.4a7711e25e2db3.26242020=kristian.stubblefield%40googlemail.com&itemGuid.4a7711e25e2db3.26242023=0351+5913969&itemGuid.4a7711e25e2db3.26242026=Hi%2C%0D%0A%0D%0AI+have+a+tool+for+you+that+can+TURN+YOUR+BUSINESS+INTO+AN+AUTOMATED+24%2F7+SALES+GENERATING+MACHINE%0D%0A%0D%0AClick+here+to+check+it+out++%3D%3D%3D%3D+%3E+https%3A%2F%2Fwww.gohighlevel.com%2F970%3Ffp_ref%3Domar84 HTTP/1.1" 200 9138 "http://crquality.com/contact_us" "Mozilla/5.0 (Windows NT 10.0; WOW64) AppleWebKit/537.36 (KHTML, like Gecko) Chrome/103.0.0.0 YaBrowser/22.7.0 Yowser/2.5 Safari/537.36" "crquality.com"
40.77.167.102 - - [13/Nov/2022:03:41:20 -0800] "GET /robots.txt HTTP/1.1" 200 56 "-" "Mozilla/5.0 (compatible; bingbot/2.0; +http://www.bing.com/bingbot.htm)" "crquality.com"
207.46.13.120 - - [13/Nov/2022:03:41:22 -0800] "GET /sitemap.xml HTTP/1.1" 200 247 "-" "Mozilla/5.0 (compatible; bingbot/2.0; +http://www.bing.com/bingbot.htm)" "crquality.com"
216.244.66.234 - - [13/Nov/2022:03:58:50 -0800] "GET /robots.txt HTTP/1.1" 200 40 "-" "Mozilla/5.0 (compatible; DotBot/1.2; +https://opensiteexplorer.org/dotbot; help@moz.com)" "crquality.com"
185.199.102.140 - - [13/Nov/2022:04:10:28 -0800] "GET /contact_us HTTP/1.1" 200 35448 "http://crquality.com" "Mozilla/5.0 (Windows NT 10.0; Win64; x64) AppleWebKit/537.36 (KHTML, like Gecko) Chrome/80.0.3987.132 Safari/537.36" "crquality.com"
112.54.41.177 - - [13/Nov/2022:04:12:04 -0800] "GET /contact_us/ HTTP/1.1" 200 35448 "http://crquality.com/contact_us/" "Mozilla/5.0 (Windows NT 10.0; Win64; x64) AppleWebKit/537.36 (KHTML, like Gecko) Chrome/90.0.4430.86 Safari/537.36" "crquality.com"
112.54.41.177 - - [13/Nov/2022:04:12:06 -0800] "POST /contact_us/ HTTP/1.1" 200 35448 "http://crquality.com/contact_us/" "Mozilla/5.0 (Windows NT 10.0; Win64; x64) AppleWebKit/537.36 (KHTML, like Gecko) Chrome/90.0.4430.86 Safari/537.36" "crquality.com"
216.244.66.234 - - [13/Nov/2022:04:14:23 -0800] "GET /yahoo_site_admin/assets/images/06_128.8164203_large.JPG HTTP/1.1" 200 87750 "-" "Mozilla/5.0 (compatible; DotBot/1.2; +https://opensiteexplorer.org/dotbot; help@moz.com)" "crquality.com"
94.103.232.220 - - [13/Nov/2022:04:19:19 -0800] "GET /contact_us HTTP/1.1" 200 9138 "-" "Mozilla/5.0 (Windows NT 10.0; WOW64) AppleWebKit/537.36 (KHTML, like Gecko) Chrome/103.0.0.0 YaBrowser/22.7.0 Yowser/2.5 Safari/537.36" "crquality.com"
94.103.232.220 - - [13/Nov/2022:04:19:20 -0800] "GET /contact_us?emailAddress=mike%40crquality.com&.crumb=1668359058d3XAWciVgI5JCDvHTkTDRMXEq4o-&json_payload=&formDataName=Customer+contact&formDescription=Main+customer+contact+form&formGuid=itemRecordGuid.4a7711e25e3159.14166539&itemGuid.4a7711e25e2db3.26242014=Donte&itemGuid.4a7711e25e2db3.26242017=Keeton&itemGuid.4a7711e25e2db3.26242020=keeton.donte%40hotmail.com&itemGuid.4a7711e25e2db3.26242023=03303+30+99+01&itemGuid.4a7711e25e2db3.26242026=Hello%21 HTTP/1.1" 200 9138 "http://crquality.com/contact_us" "Mozilla/5.0 (Windows NT 10.0; WOW64) AppleWebKit/537.36 (KHTML, like Gecko) Chrome/103.0.0.0 YaBrowser/22.7.0 Yowser/2.5 Safari/537.36" "crquality.com"
34.77.72.105 - - [13/Nov/2022:04:22:28 -0800] "GET / HTTP/1.1" 200 19157 "-" "Mozilla/5.0 (Windows NT 10.0; Win64; x64) AppleWebKit/537.36 (KHTML, like Gecko) Chrome/84.0.4147.105 Safari/537.36" "www.crquality.com"
54.145.221.255 - - [13/Nov/2022:05:03:31 -0800] "GET / HTTP/1.1" 200 4886 "-" "Mozilla/5.0 (Windows; U; Windows NT 5.1; en-US; rv:1.9.2.8) Gecko/20100722 Firefox/3.6.8" "crquality.com"
213.239.221.145 - - [13/Nov/2022:05:14:12 -0800] "POST /blog/xmlrpc.php HTTP/1.1" 200 403 "-" "Mozilla/5.0 (Macintosh; U; Intel Mac OS X 10.6; fr; rv:1.9.2.8) Gecko/20100722 Firefox/3.6.8" "crquality.com"
10.247.24.114 - - [13/Nov/2022:05:14:14 -0800] "POST /blog/wp-cron.php?doing_wp_cron=1668345254.3882279396057128906250 HTTP/1.1" 200 - "http://crquality.com/blog/wp-cron.php?doing_wp_cron=1668345254.3882279396057128906250" "WordPress/4.9.22; http://crquality.com/blog" "crquality.com"
185.191.171.14 - - [13/Nov/2022:06:07:21 -0800] "GET /robots.txt HTTP/1.1" 200 56 "-" "Mozilla/5.0 (compatible; SemrushBot/7~bl; +http://www.semrush.com/bot.html)" "crquality.com"
185.191.171.5 - - [13/Nov/2022:06:07:21 -0800] "GET /energy_efficiency HTTP/1.1" 200 4367 "-" "Mozilla/5.0 (compatible; SemrushBot/7~bl; +http://www.semrush.com/bot.html)" "crquality.com"
185.191.171.43 - - [13/Nov/2022:06:07:24 -0800] "GET /sitemap.xml HTTP/1.1" 200 247 "-" "Mozilla/5.0 (compatible; SemrushBot/7~bl; +http://www.semrush.com/bot.html)" "crquality.com"
102.221.209.106 - - [13/Nov/2022:06:07:36 -0800] "GET /contact_us/ HTTP/1.1" 200 35448 "http://crquality.com/contact_us/" "Mozilla/5.0 (Windows NT 6.1; Win64; x64) AppleWebKit/537.36 (KHTML, like Gecko) Chrome/90.0.4427.0 Safari/537.36" "crquality.com"
185.129.62.62 - - [13/Nov/2022:06:33:24 -0800] "GET /contact_us/ HTTP/1.1" 200 35448 "http://crquality.com/contact_us/" "Mozilla/5.0 (Windows NT 10.0; Win64; x64) AppleWebKit/537.36 (KHTML, like Gecko) Chrome/90.0.4430.72 Safari/537.36 Edg/90.0.818.42" "crquality.com"
185.129.62.62 - - [13/Nov/2022:06:33:25 -0800] "POST /contact_us/ HTTP/1.1" 200 35448 "http://crquality.com/contact_us/" "Mozilla/5.0 (Windows NT 10.0; Win64; x64) AppleWebKit/537.36 (KHTML, like Gecko) Chrome/90.0.4430.72 Safari/537.36 Edg/90.0.818.42" "crquality.com"
103.251.167.10 - - [13/Nov/2022:06:33:27 -0800] "GET /contact_us/ HTTP/1.1" 200 35448 "http://crquality.com/contact_us/" "Mozilla/5.0 (Windows NT 10.0; Win64; x64) AppleWebKit/537.36 (KHTML, like Gecko) Chrome/90.0.4430.72 Safari/537.36 Edg/90.0.818.42" "crquality.com"
88.147.152.27 - - [13/Nov/2022:07:14:45 -0800] "GET /contact_us/ HTTP/1.1" 200 35448 "http://crquality.com/contact_us/" "Mozilla/5.0 (Windows NT 6.3; Win64; x64) AppleWebKit/537.36 (KHTML, like Gecko) Chrome/90.0.4430.85 Safari/537.36" "crquality.com"
88.147.152.27 - - [13/Nov/2022:07:14:45 -0800] "POST /contact_us/ HTTP/1.1" 200 35448 "http://crquality.com/contact_us/" "Mozilla/5.0 (Windows NT 6.3; Win64; x64) AppleWebKit/537.36 (KHTML, like Gecko) Chrome/90.0.4430.85 Safari/537.36" "crquality.com"
206.81.23.58 - - [13/Nov/2022:07:15:06 -0800] "HEAD / HTTP/1.1" 200 - "-" "Mozilla/5.0 (Windows NT 10.0; Win64; x64) AppleWebKit/537.36 (KHTML, like Gecko) Chrome/74.0.3729.169 Safari/537.36" "crquality.com"
206.81.23.58 - - [13/Nov/2022:07:15:06 -0800] "HEAD /wordpress HTTP/1.1" 404 - "-" "Mozilla/5.0 (Windows NT 10.0; Win64; x64) AppleWebKit/537.36 (KHTML, like Gecko) Chrome/74.0.3729.169 Safari/537.36" "crquality.com"
206.81.23.58 - - [13/Nov/2022:07:15:06 -0800] "HEAD /Wordpress HTTP/1.1" 404 - "-" "Mozilla/5.0 (Windows NT 10.0; Win64; x64) AppleWebKit/537.36 (KHTML, like Gecko) Chrome/74.0.3729.169 Safari/537.36" "crquality.com"
206.81.23.58 - - [13/Nov/2022:07:15:06 -0800] "HEAD /WORDPRESS HTTP/1.1" 404 - "-" "Mozilla/5.0 (Windows NT 10.0; Win64; x64) AppleWebKit/537.36 (KHTML, like Gecko) Chrome/74.0.3729.169 Safari/537.36" "crquality.com"
206.81.23.58 - - [13/Nov/2022:07:15:06 -0800] "HEAD /WordPress HTTP/1.1" 404 - "-" "Mozilla/5.0 (Windows NT 10.0; Win64; x64) AppleWebKit/537.36 (KHTML, like Gecko) Chrome/74.0.3729.169 Safari/537.36" "crquality.com"
206.81.23.58 - - [13/Nov/2022:07:15:06 -0800] "HEAD /wp HTTP/1.1" 404 - "-" "Mozilla/5.0 (Windows NT 10.0; Win64; x64) AppleWebKit/537.36 (KHTML, like Gecko) Chrome/74.0.3729.169 Safari/537.36" "crquality.com"
206.81.23.58 - - [13/Nov/2022:07:15:07 -0800] "HEAD /Wp HTTP/1.1" 404 - "-" "Mozilla/5.0 (Windows NT 10.0; Win64; x64) AppleWebKit/537.36 (KHTML, like Gecko) Chrome/74.0.3729.169 Safari/537.36" "crquality.com"
206.81.23.58 - - [13/Nov/2022:07:15:07 -0800] "HEAD /WP HTTP/1.1" 404 - "-" "Mozilla/5.0 (Windows NT 10.0; Win64; x64) AppleWebKit/537.36 (KHTML, like Gecko) Chrome/74.0.3729.169 Safari/537.36" "crquality.com"
206.81.23.58 - - [13/Nov/2022:07:15:07 -0800] "HEAD /old HTTP/1.1" 404 - "-" "Mozilla/5.0 (Windows NT 10.0; Win64; x64) AppleWebKit/537.36 (KHTML, like Gecko) Chrome/74.0.3729.169 Safari/537.36" "crquality.com"
206.81.23.58 - - [13/Nov/2022:07:15:07 -0800] "HEAD /Old HTTP/1.1" 404 - "-" "Mozilla/5.0 (Windows NT 10.0; Win64; x64) AppleWebKit/537.36 (KHTML, like Gecko) Chrome/74.0.3729.169 Safari/537.36" "crquality.com"
206.81.23.58 - - [13/Nov/2022:07:15:07 -0800] "HEAD /OLD HTTP/1.1" 404 - "-" "Mozilla/5.0 (Windows NT 10.0; Win64; x64) AppleWebKit/537.36 (KHTML, like Gecko) Chrome/74.0.3729.169 Safari/537.36" "crquality.com"
206.81.23.58 - - [13/Nov/2022:07:15:07 -0800] "HEAD /oldsite HTTP/1.1" 404 - "-" "Mozilla/5.0 (Windows NT 10.0; Win64; x64) AppleWebKit/537.36 (KHTML, like Gecko) Chrome/74.0.3729.169 Safari/537.36" "crquality.com"
206.81.23.58 - - [13/Nov/2022:07:15:07 -0800] "HEAD /new HTTP/1.1" 404 - "-" "Mozilla/5.0 (Windows NT 10.0; Win64; x64) AppleWebKit/537.36 (KHTML, like Gecko) Chrome/74.0.3729.169 Safari/537.36" "crquality.com"
206.81.23.58 - - [13/Nov/2022:07:15:07 -0800] "HEAD /New HTTP/1.1" 404 - "-" "Mozilla/5.0 (Windows NT 10.0; Win64; x64) AppleWebKit/537.36 (KHTML, like Gecko) Chrome/74.0.3729.169 Safari/537.36" "crquality.com"
206.81.23.58 - - [13/Nov/2022:07:15:07 -0800] "HEAD /NEW HTTP/1.1" 404 - "-" "Mozilla/5.0 (Windows NT 10.0; Win64; x64) AppleWebKit/537.36 (KHTML, like Gecko) Chrome/74.0.3729.169 Safari/537.36" "crquality.com"
206.81.23.58 - - [13/Nov/2022:07:15:08 -0800] "HEAD /wp-old HTTP/1.1" 404 - "-" "Mozilla/5.0 (Windows NT 10.0; Win64; x64) AppleWebKit/537.36 (KHTML, like Gecko) Chrome/74.0.3729.169 Safari/537.36" "crquality.com"
206.81.23.58 - - [13/Nov/2022:07:15:08 -0800] "HEAD /2022 HTTP/1.1" 404 - "-" "Mozilla/5.0 (Windows NT 10.0; Win64; x64) AppleWebKit/537.36 (KHTML, like Gecko) Chrome/74.0.3729.169 Safari/537.36" "crquality.com"
206.81.23.58 - - [13/Nov/2022:07:15:08 -0800] "HEAD /2020 HTTP/1.1" 404 - "-" "Mozilla/5.0 (Windows NT 10.0; Win64; x64) AppleWebKit/537.36 (KHTML, like Gecko) Chrome/74.0.3729.169 Safari/537.36" "crquality.com"
206.81.23.58 - - [13/Nov/2022:07:15:08 -0800] "HEAD /2019 HTTP/1.1" 404 - "-" "Mozilla/5.0 (Windows NT 10.0; Win64; x64) AppleWebKit/537.36 (KHTML, like Gecko) Chrome/74.0.3729.169 Safari/537.36" "crquality.com"
206.81.23.58 - - [13/Nov/2022:07:15:08 -0800] "HEAD /2018 HTTP/1.1" 404 - "-" "Mozilla/5.0 (Windows NT 10.0; Win64; x64) AppleWebKit/537.36 (KHTML, like Gecko) Chrome/74.0.3729.169 Safari/537.36" "crquality.com"
206.81.23.58 - - [13/Nov/2022:07:15:08 -0800] "HEAD /backup HTTP/1.1" 404 - "-" "Mozilla/5.0 (Windows NT 10.0; Win64; x64) AppleWebKit/537.36 (KHTML, like Gecko) Chrome/74.0.3729.169 Safari/537.36" "crquality.com"
206.81.23.58 - - [13/Nov/2022:07:15:08 -0800] "HEAD /test HTTP/1.1" 404 - "-" "Mozilla/5.0 (Windows NT 10.0; Win64; x64) AppleWebKit/537.36 (KHTML, like Gecko) Chrome/74.0.3729.169 Safari/537.36" "crquality.com"
206.81.23.58 - - [13/Nov/2022:07:15:08 -0800] "HEAD /Test HTTP/1.1" 404 - "-" "Mozilla/5.0 (Windows NT 10.0; Win64; x64) AppleWebKit/537.36 (KHTML, like Gecko) Chrome/74.0.3729.169 Safari/537.36" "crquality.com"
206.81.23.58 - - [13/Nov/2022:07:15:08 -0800] "HEAD /TEST HTTP/1.1" 404 - "-" "Mozilla/5.0 (Windows NT 10.0; Win64; x64) AppleWebKit/537.36 (KHTML, like Gecko) Chrome/74.0.3729.169 Safari/537.36" "crquality.com"
206.81.23.58 - - [13/Nov/2022:07:15:09 -0800] "HEAD /demo HTTP/1.1" 404 - "-" "Mozilla/5.0 (Windows NT 10.0; Win64; x64) AppleWebKit/537.36 (KHTML, like Gecko) Chrome/74.0.3729.169 Safari/537.36" "crquality.com"
206.81.23.58 - - [13/Nov/2022:07:15:09 -0800] "HEAD /bc HTTP/1.1" 404 - "-" "Mozilla/5.0 (Windows NT 10.0; Win64; x64) AppleWebKit/537.36 (KHTML, like Gecko) Chrome/74.0.3729.169 Safari/537.36" "crquality.com"
206.81.23.58 - - [13/Nov/2022:07:15:09 -0800] "HEAD /www HTTP/1.1" 404 - "-" "Mozilla/5.0 (Windows NT 10.0; Win64; x64) AppleWebKit/537.36 (KHTML, like Gecko) Chrome/74.0.3729.169 Safari/537.36" "crquality.com"
206.81.23.58 - - [13/Nov/2022:07:15:09 -0800] "HEAD /WWW HTTP/1.1" 404 - "-" "Mozilla/5.0 (Windows NT 10.0; Win64; x64) AppleWebKit/537.36 (KHTML, like Gecko) Chrome/74.0.3729.169 Safari/537.36" "crquality.com"
206.81.23.58 - - [13/Nov/2022:07:15:09 -0800] "HEAD /Www HTTP/1.1" 404 - "-" "Mozilla/5.0 (Windows NT 10.0; Win64; x64) AppleWebKit/537.36 (KHTML, like Gecko) Chrome/74.0.3729.169 Safari/537.36" "crquality.com"
206.81.23.58 - - [13/Nov/2022:07:15:09 -0800] "HEAD /2021 HTTP/1.1" 404 - "-" "Mozilla/5.0 (Windows NT 10.0; Win64; x64) AppleWebKit/537.36 (KHTML, like Gecko) Chrome/74.0.3729.169 Safari/537.36" "crquality.com"
206.81.23.58 - - [13/Nov/2022:07:15:09 -0800] "HEAD /main HTTP/1.1" 404 - "-" "Mozilla/5.0 (Windows NT 10.0; Win64; x64) AppleWebKit/537.36 (KHTML, like Gecko) Chrome/74.0.3729.169 Safari/537.36" "crquality.com"
206.81.23.58 - - [13/Nov/2022:07:15:09 -0800] "HEAD /old-site HTTP/1.1" 404 - "-" "Mozilla/5.0 (Windows NT 10.0; Win64; x64) AppleWebKit/537.36 (KHTML, like Gecko) Chrome/74.0.3729.169 Safari/537.36" "crquality.com"
206.81.23.58 - - [13/Nov/2022:07:15:09 -0800] "HEAD /bk HTTP/1.1" 404 - "-" "Mozilla/5.0 (Windows NT 10.0; Win64; x64) AppleWebKit/537.36 (KHTML, like Gecko) Chrome/74.0.3729.169 Safari/537.36" "crquality.com"
206.81.23.58 - - [13/Nov/2022:07:15:10 -0800] "HEAD /Backup HTTP/1.1" 404 - "-" "Mozilla/5.0 (Windows NT 10.0; Win64; x64) AppleWebKit/537.36 (KHTML, like Gecko) Chrome/74.0.3729.169 Safari/537.36" "crquality.com"
206.81.23.58 - - [13/Nov/2022:07:15:10 -0800] "HEAD /BACKUP HTTP/1.1" 404 - "-" "Mozilla/5.0 (Windows NT 10.0; Win64; x64) AppleWebKit/537.36 (KHTML, like Gecko) Chrome/74.0.3729.169 Safari/537.36" "crquality.com"
206.81.23.58 - - [13/Nov/2022:07:15:10 -0800] "HEAD /SHOP HTTP/1.1" 404 - "-" "Mozilla/5.0 (Windows NT 10.0; Win64; x64) AppleWebKit/537.36 (KHTML, like Gecko) Chrome/74.0.3729.169 Safari/537.36" "crquality.com"
206.81.23.58 - - [13/Nov/2022:07:15:10 -0800] "HEAD /Shop HTTP/1.1" 404 - "-" "Mozilla/5.0 (Windows NT 10.0; Win64; x64) AppleWebKit/537.36 (KHTML, like Gecko) Chrome/74.0.3729.169 Safari/537.36" "crquality.com"
206.81.23.58 - - [13/Nov/2022:07:15:10 -0800] "HEAD /shop HTTP/1.1" 404 - "-" "Mozilla/5.0 (Windows NT 10.0; Win64; x64) AppleWebKit/537.36 (KHTML, like Gecko) Chrome/74.0.3729.169 Safari/537.36" "crquality.com"
206.81.23.58 - - [13/Nov/2022:07:15:10 -0800] "HEAD /bak HTTP/1.1" 404 - "-" "Mozilla/5.0 (Windows NT 10.0; Win64; x64) AppleWebKit/537.36 (KHTML, like Gecko) Chrome/74.0.3729.169 Safari/537.36" "crquality.com"
206.81.23.58 - - [13/Nov/2022:07:15:10 -0800] "HEAD /sitio HTTP/1.1" 404 - "-" "Mozilla/5.0 (Windows NT 10.0; Win64; x64) AppleWebKit/537.36 (KHTML, like Gecko) Chrome/74.0.3729.169 Safari/537.36" "crquality.com"
206.81.23.58 - - [13/Nov/2022:07:15:10 -0800] "HEAD /bac HTTP/1.1" 404 - "-" "Mozilla/5.0 (Windows NT 10.0; Win64; x64) AppleWebKit/537.36 (KHTML, like Gecko) Chrome/74.0.3729.169 Safari/537.36" "crquality.com"
206.81.23.58 - - [13/Nov/2022:07:15:11 -0800] "HEAD /sito HTTP/1.1" 404 - "-" "Mozilla/5.0 (Windows NT 10.0; Win64; x64) AppleWebKit/537.36 (KHTML, like Gecko) Chrome/74.0.3729.169 Safari/537.36" "crquality.com"
206.81.23.58 - - [13/Nov/2022:07:15:11 -0800] "HEAD /site HTTP/1.1" 404 - "-" "Mozilla/5.0 (Windows NT 10.0; Win64; x64) AppleWebKit/537.36 (KHTML, like Gecko) Chrome/74.0.3729.169 Safari/537.36" "crquality.com"
206.81.23.58 - - [13/Nov/2022:07:15:11 -0800] "HEAD /Site HTTP/1.1" 404 - "-" "Mozilla/5.0 (Windows NT 10.0; Win64; x64) AppleWebKit/537.36 (KHTML, like Gecko) Chrome/74.0.3729.169 Safari/537.36" "crquality.com"
206.81.23.58 - - [13/Nov/2022:07:15:11 -0800] "HEAD /SITE HTTP/1.1" 404 - "-" "Mozilla/5.0 (Windows NT 10.0; Win64; x64) AppleWebKit/537.36 (KHTML, like Gecko) Chrome/74.0.3729.169 Safari/537.36" "crquality.com"
206.81.23.58 - - [13/Nov/2022:07:15:11 -0800] "HEAD /blog HTTP/1.1" 301 - "-" "Mozilla/5.0 (Windows NT 10.0; Win64; x64) AppleWebKit/537.36 (KHTML, like Gecko) Chrome/74.0.3729.169 Safari/537.36" "crquality.com"
206.81.23.58 - - [13/Nov/2022:07:15:11 -0800] "HEAD /blog/ HTTP/1.1" 200 - "http://crquality.com/blog" "Mozilla/5.0 (Windows NT 10.0; Win64; x64) AppleWebKit/537.36 (KHTML, like Gecko) Chrome/74.0.3729.169 Safari/537.36" "crquality.com"
206.81.23.58 - - [13/Nov/2022:07:15:14 -0800] "HEAD /BLOG HTTP/1.1" 404 - "-" "Mozilla/5.0 (Windows NT 10.0; Win64; x64) AppleWebKit/537.36 (KHTML, like Gecko) Chrome/74.0.3729.169 Safari/537.36" "crquality.com"
206.81.23.58 - - [13/Nov/2022:07:15:15 -0800] "HEAD /Blog HTTP/1.1" 404 - "-" "Mozilla/5.0 (Windows NT 10.0; Win64; x64) AppleWebKit/537.36 (KHTML, like Gecko) Chrome/74.0.3729.169 Safari/537.36" "crquality.com"
10.247.24.114 - - [13/Nov/2022:07:15:13 -0800] "POST /blog/wp-cron.php?doing_wp_cron=1668352513.7180850505828857421875 HTTP/1.1" 200 - "http://crquality.com/blog/wp-cron.php?doing_wp_cron=1668352513.7180850505828857421875" "WordPress/4.9.22; http://crquality.com/blog" "crquality.com"
59.36.172.206 - - [13/Nov/2022:07:18:21 -0800] "GET /wp-login.php HTTP/1.1" 404 88 "-" "Apache-HttpClient/4.5.2 (Java/1.8.0_161)" "crquality.com"
59.36.172.206 - - [13/Nov/2022:07:18:21 -0800] "GET /?author=1 HTTP/1.1" 200 4886 "-" "Apache-HttpClient/4.5.2 (Java/1.8.0_161)" "crquality.com"
59.36.172.206 - - [13/Nov/2022:07:18:21 -0800] "GET /?author=2 HTTP/1.1" 200 4886 "-" "Apache-HttpClient/4.5.2 (Java/1.8.0_161)" "crquality.com"
59.36.172.206 - - [13/Nov/2022:07:18:22 -0800] "GET /?author=3 HTTP/1.1" 200 4886 "-" "Apache-HttpClient/4.5.2 (Java/1.8.0_161)" "crquality.com"
59.36.172.206 - - [13/Nov/2022:07:18:22 -0800] "GET /?author=4 HTTP/1.1" 200 4886 "-" "Apache-HttpClient/4.5.2 (Java/1.8.0_161)" "crquality.com"
59.36.172.206 - - [13/Nov/2022:07:18:22 -0800] "GET /?author=5 HTTP/1.1" 200 4886 "-" "Apache-HttpClient/4.5.2 (Java/1.8.0_161)" "crquality.com"
59.36.172.206 - - [13/Nov/2022:07:18:22 -0800] "GET /?author=6 HTTP/1.1" 200 4886 "-" "Apache-HttpClient/4.5.2 (Java/1.8.0_161)" "crquality.com"
59.36.172.206 - - [13/Nov/2022:07:18:23 -0800] "GET /?author=7 HTTP/1.1" 200 4886 "-" "Apache-HttpClient/4.5.2 (Java/1.8.0_161)" "crquality.com"
59.36.172.206 - - [13/Nov/2022:07:18:23 -0800] "GET /?author=8 HTTP/1.1" 200 4886 "-" "Apache-HttpClient/4.5.2 (Java/1.8.0_161)" "crquality.com"
59.36.172.206 - - [13/Nov/2022:07:18:23 -0800] "GET /?author=9 HTTP/1.1" 200 4886 "-" "Apache-HttpClient/4.5.2 (Java/1.8.0_161)" "crquality.com"
59.36.172.206 - - [13/Nov/2022:07:18:24 -0800] "GET /?author=10 HTTP/1.1" 200 4886 "-" "Apache-HttpClient/4.5.2 (Java/1.8.0_161)" "crquality.com"
59.36.172.206 - - [13/Nov/2022:07:18:24 -0800] "GET /?author=11 HTTP/1.1" 200 4886 "-" "Apache-HttpClient/4.5.2 (Java/1.8.0_161)" "crquality.com"
59.36.172.206 - - [13/Nov/2022:07:18:27 -0800] "GET /?author=12 HTTP/1.1" 200 4886 "-" "Apache-HttpClient/4.5.2 (Java/1.8.0_161)" "crquality.com"
59.36.172.206 - - [13/Nov/2022:07:18:31 -0800] "GET /?author=13 HTTP/1.1" 200 4886 "-" "Apache-HttpClient/4.5.2 (Java/1.8.0_161)" "crquality.com"
59.36.172.206 - - [13/Nov/2022:07:18:32 -0800] "GET /?author=14 HTTP/1.1" 200 4886 "-" "Apache-HttpClient/4.5.2 (Java/1.8.0_161)" "crquality.com"
59.36.172.206 - - [13/Nov/2022:07:18:32 -0800] "GET /?author=15 HTTP/1.1" 200 4886 "-" "Apache-HttpClient/4.5.2 (Java/1.8.0_161)" "crquality.com"
59.36.172.206 - - [13/Nov/2022:07:18:32 -0800] "GET /?author=16 HTTP/1.1" 200 4886 "-" "Apache-HttpClient/4.5.2 (Java/1.8.0_161)" "crquality.com"
59.36.172.206 - - [13/Nov/2022:07:18:33 -0800] "GET /?author=17 HTTP/1.1" 200 4886 "-" "Apache-HttpClient/4.5.2 (Java/1.8.0_161)" "crquality.com"
59.36.172.206 - - [13/Nov/2022:07:18:33 -0800] "GET /?author=18 HTTP/1.1" 200 4886 "-" "Apache-HttpClient/4.5.2 (Java/1.8.0_161)" "crquality.com"
59.36.172.206 - - [13/Nov/2022:07:18:33 -0800] "GET /?author=19 HTTP/1.1" 200 4886 "-" "Apache-HttpClient/4.5.2 (Java/1.8.0_161)" "crquality.com"
59.36.172.206 - - [13/Nov/2022:07:18:35 -0800] "GET /?author=20 HTTP/1.1" 200 4886 "-" "Apache-HttpClient/4.5.2 (Java/1.8.0_161)" "crquality.com"
213.239.221.145 - - [13/Nov/2022:07:47:49 -0800] "POST /blog/xmlrpc.php HTTP/1.1" 200 403 "-" "Mozilla/5.0 (Macintosh; U; Intel Mac OS X 10.6; fr; rv:1.9.2.8) Gecko/20100722 Firefox/3.6.8" "crquality.com"
35.186.144.253 - - [13/Nov/2022:07:55:02 -0800] "GET / HTTP/1.1" 200 4886 "-" "Go-http-client/1.1" "crquality.com"
35.186.144.253 - - [13/Nov/2022:07:55:02 -0800] "GET /wp-includes/css/buttons.css HTTP/1.1" 404 88 "-" "Go-http-client/1.1" "crquality.com"
35.186.144.253 - - [13/Nov/2022:07:55:03 -0800] "GET /media/system/js/core.js HTTP/1.1" 404 88 "-" "Go-http-client/1.1" "crquality.com"
54.36.148.208 - - [13/Nov/2022:08:05:35 -0800] "GET /robots.txt HTTP/1.1" 200 56 "-" "Mozilla/5.0 (compatible; AhrefsBot/7.0; +http://ahrefs.com/robot/)" "crquality.com"
174.52.87.19 - - [13/Nov/2022:08:06:56 -0800] "GET / HTTP/1.1" 200 4886 "https://www.google.com/" "Mozilla/5.0 (Windows NT 10.0; Win64; x64) AppleWebKit/537.36 (KHTML, like Gecko)" "crquality.com"
174.52.87.19 - - [13/Nov/2022:08:07:54 -0800] "GET /about_us HTTP/1.1" 200 5466 "http://crquality.com" "Mozilla/5.0 (Windows NT 10.0; Win64; x64) AppleWebKit/537.36 (KHTML, like Gecko)" "crquality.com"
174.52.87.19 - - [13/Nov/2022:08:08:34 -0800] "GET /contact_us HTTP/1.1" 200 9138 "http://crquality.com" "Mozilla/5.0 (Windows NT 10.0; Win64; x64) AppleWebKit/537.36 (KHTML, like Gecko)" "crquality.com"
167.86.109.138 - - [13/Nov/2022:08:08:43 -0800] "GET /wp-login.php HTTP/1.1" 404 88 "-" "Mozilla/5.0 (Windows NT 10.0; Win64; x64; rv:96.0) Gecko/20100101 Firefox/96" "crquality.com"
37.139.53.20 - - [13/Nov/2022:08:11:40 -0800] "GET /about_us HTTP/1.1" 200 19585 "http://www.crquality.com/about_us" "Mozilla/5.0 (Windows NT 6.2; Win64; x64) AppleWebKit/537.36 (KHTML, like Gecko) Chrome/90.0.4430.93 Safari/537.36" "www.crquality.com"
54.184.76.255 - - [13/Nov/2022:08:15:54 -0800] "GET / HTTP/1.1" 200 4886 "-" "Mozilla/5.0 (X11; Linux x86_64) AppleWebKit/537.36 (KHTML, like Gecko) Chrome/83.0.4103.97 Safari/537.36" "crquality.com"
35.88.80.181 - - [13/Nov/2022:08:15:56 -0800] "GET / HTTP/1.1" 200 4886 "-" "Mozilla/5.0 (X11; Linux x86_64) AppleWebKit/537.36 (KHTML, like Gecko) Chrome/83.0.4103.97 Safari/537.36" "crquality.com"
52.12.167.161 - - [13/Nov/2022:08:16:25 -0800] "GET /favicon.ico HTTP/1.1" 404 88 "-" "Mozilla/5.0 (X11; Linux x86_64) AppleWebKit/537.36 (KHTML, like Gecko) Chrome/83.0.4103.97 Safari/537.36" "crquality.com"
52.12.167.161 - - [13/Nov/2022:08:16:26 -0800] "GET / HTTP/1.1" 200 4886 "-" "Mozilla/5.0 (X11; Linux x86_64) AppleWebKit/537.36 (KHTML, like Gecko) Chrome/83.0.4103.97 Safari/537.36" "crquality.com"
54.201.158.221 - - [13/Nov/2022:08:16:32 -0800] "GET /favicon.ico HTTP/1.1" 404 88 "-" "Mozilla/5.0 (X11; Linux x86_64) AppleWebKit/537.36 (KHTML, like Gecko) Chrome/83.0.4103.97 Safari/537.36" "crquality.com"
185.154.204.91 - - [13/Nov/2022:08:21:48 -0800] "GET /contact_us/ HTTP/1.1" 200 35448 "http://crquality.com/contact_us/" "Mozilla/5.0 (Windows NT 6.2; Win64; x64) AppleWebKit/537.36 (KHTML, like Gecko) Chrome/90.0.4430.72 Safari/537.36" "crquality.com"
185.154.204.91 - - [13/Nov/2022:08:21:49 -0800] "POST /contact_us/ HTTP/1.1" 200 35448 "http://crquality.com/contact_us/" "Mozilla/5.0 (Windows NT 6.2; Win64; x64) AppleWebKit/537.36 (KHTML, like Gecko) Chrome/90.0.4430.72 Safari/537.36" "crquality.com"
40.77.167.102 - - [13/Nov/2022:08:21:55 -0800] "GET /robots.txt HTTP/1.1" 200 56 "-" "Mozilla/5.0 AppleWebKit/537.36 (KHTML, like Gecko; compatible; bingbot/2.0; +http://www.bing.com/bingbot.htm) Chrome/103.0.5060.134 Safari/537.36" "crquality.com"
207.46.13.120 - - [13/Nov/2022:08:21:58 -0800] "GET /sitemap.xml HTTP/1.1" 200 247 "-" "Mozilla/5.0 (compatible; bingbot/2.0; +http://www.bing.com/bingbot.htm)" "crquality.com"
201.103.110.227 - - [13/Nov/2022:08:40:23 -0800] "GET /contact_us/ HTTP/1.1" 200 35448 "http://crquality.com/contact_us/" "Mozilla/5.0 (Windows NT 10.0) AppleWebKit/537.36 (KHTML, like Gecko) Chrome/90.0.4430.85 Safari/537.36 Edg/90.0.818.46" "crquality.com"
37.139.53.81 - - [13/Nov/2022:08:57:28 -0800] "GET /contact_us HTTP/1.1" 200 35448 "http://crquality.com/contact_us" "Mozilla/5.0 (Windows NT 10.0; Win64; x64) AppleWebKit/537.36 (KHTML, like Gecko) Chrome/83.0.4099.2 Safari/537.36" "crquality.com"
37.139.53.81 - - [13/Nov/2022:08:57:29 -0800] "POST /contact_us HTTP/1.1" 200 35448 "http://crquality.com/contact_us" "Mozilla/5.0 (Windows NT 10.0; Win64; x64) AppleWebKit/537.36 (KHTML, like Gecko) Chrome/83.0.4099.2 Safari/537.36" "crquality.com"
185.191.171.25 - - [13/Nov/2022:09:15:33 -0800] "GET /robots.txt HTTP/1.1" 200 56 "-" "Mozilla/5.0 (compatible; SemrushBot/7~bl; +http://www.semrush.com/bot.html)" "crquality.com"
185.191.171.13 - - [13/Nov/2022:09:15:33 -0800] "GET /the_before__after HTTP/1.1" 200 13850 "-" "Mozilla/5.0 (compatible; SemrushBot/7~bl; +http://www.semrush.com/bot.html)" "crquality.com"
216.244.66.234 - - [13/Nov/2022:09:29:01 -0800] "GET /robots.txt HTTP/1.1" 200 40 "-" "Mozilla/5.0 (compatible; DotBot/1.2; +https://opensiteexplorer.org/dotbot; help@moz.com)" "www.crquality.com"
185.220.101.8 - - [13/Nov/2022:09:30:18 -0800] "GET /contact_us/ HTTP/1.1" 200 35448 "http://crquality.com/contact_us/" "Mozilla/5.0 (Windows NT 10.0; Win64; x64) AppleWebKit/537.36 (KHTML, like Gecko) Chrome/90.0.4430.72 Safari/537.36 Edg/90.0.818.42" "crquality.com"
185.220.101.8 - - [13/Nov/2022:09:30:20 -0800] "POST /contact_us/ HTTP/1.1" 200 35448 "http://crquality.com/contact_us/" "Mozilla/5.0 (Windows NT 10.0; Win64; x64) AppleWebKit/537.36 (KHTML, like Gecko) Chrome/90.0.4430.72 Safari/537.36 Edg/90.0.818.42" "crquality.com"
185.220.101.8 - - [13/Nov/2022:09:30:22 -0800] "GET /contact_us/ HTTP/1.1" 200 35448 "http://crquality.com/contact_us/" "Mozilla/5.0 (Windows NT 10.0; Win64; x64) AppleWebKit/537.36 (KHTML, like Gecko) Chrome/90.0.4430.72 Safari/537.36 Edg/90.0.818.42" "crquality.com"
207.46.13.189 - - [13/Nov/2022:09:37:48 -0800] "GET /services HTTP/1.1" 200 4993 "-" "Mozilla/5.0 (compatible; bingbot/2.0; +http://www.bing.com/bingbot.htm)" "crquality.com"
77.75.78.172 - - [13/Nov/2022:09:52:21 -0800] "GET /robots.txt HTTP/1.1" 200 56 "-" "Mozilla/5.0 (compatible; SeznamBot/3.2; +http://napoveda.seznam.cz/en/seznambot-intro/)" "crquality.com"
77.75.78.172 - - [13/Nov/2022:09:52:23 -0800] "GET /yahoo_site_admin/assets/images/mike_zipp_drive_pic_114.9171010.jpg HTTP/1.1" 304 - "-" "Mozilla/5.0 (compatible; SeznamBot/3.2; +http://napoveda.seznam.cz/en/seznambot-intro/)" "crquality.com"
216.244.66.234 - - [13/Nov/2022:09:56:46 -0800] "GET /yahoo_site_admin/assets/images/mike_zipp_drive_pic_186.8163057_large.JPG HTTP/1.1" 200 202772 "-" "Mozilla/5.0 (compatible; DotBot/1.2; +https://opensiteexplorer.org/dotbot; help@moz.com)" "www.crquality.com"
213.239.221.145 - - [13/Nov/2022:10:21:37 -0800] "POST /blog/xmlrpc.php HTTP/1.1" 200 403 "-" "Mozilla/5.0 (Macintosh; U; Intel Mac OS X 10.6; fr; rv:1.9.2.8) Gecko/20100722 Firefox/3.6.8" "crquality.com"
10.247.24.112 - - [13/Nov/2022:10:21:39 -0800] "POST /blog/wp-cron.php?doing_wp_cron=1668363699.2148039340972900390625 HTTP/1.1" 200 - "http://crquality.com/blog/wp-cron.php?doing_wp_cron=1668363699.2148039340972900390625" "WordPress/4.9.22; http://crquality.com/blog" "crquality.com"
185.174.159.245 - - [13/Nov/2022:10:28:41 -0800] "GET / HTTP/1.1" 200 19157 "http://crquality.com/" "Mozilla/5.0 (Windows NT 10.0; WOW64) AppleWebKit/537.36 (KHTML, like Gecko) Chrome/90.0.4430.85 Safari/537.36" "crquality.com"
77.73.131.19 - - [13/Nov/2022:11:24:49 -0800] "GET /contact_us/ HTTP/1.1" 200 35448 "https://komp-pomosch.ru/" "Mozilla/4.0 (compatible; MSIE 6.0; Windows NT 5.0; Avant Browser [avantbrowser.com]; Hotbar 4.4.5.0)" "crquality.com"
77.73.131.19 - - [13/Nov/2022:11:24:50 -0800] "GET /contact_us/ HTTP/1.1" 200 35448 "https://komp-pomosch.ru/" "Mozilla/4.0 (compatible; MSIE 6.0; Windows NT 5.0; Avant Browser [avantbrowser.com]; Hotbar 4.4.5.0)" "crquality.com"
77.73.131.19 - - [13/Nov/2022:11:24:50 -0800] "GET /contact_us/ HTTP/1.1" 200 35448 "https://komp-pomosch.ru/" "Mozilla/4.0 (compatible; MSIE 6.0; Windows NT 5.0; Avant Browser [avantbrowser.com]; Hotbar 4.4.5.0)" "crquality.com"
185.174.159.245 - - [13/Nov/2022:11:40:10 -0800] "GET / HTTP/1.1" 200 19157 "http://crquality.com/" "Mozilla/5.0 (Windows NT 10.0; WOW64) AppleWebKit/537.36 (KHTML, like Gecko) Chrome/90.0.4400.8 Safari/537.36" "crquality.com"
185.174.159.245 - - [13/Nov/2022:11:40:10 -0800] "GET / HTTP/1.1" 200 19157 "http://crquality.com/" "Mozilla/5.0 (Windows NT 10.0; Win64; x64) AppleWebKit/537.36 (KHTML, like Gecko) Chrome/90.0.4430.85 Safari/537.36 Edg/90.0.818.49" "crquality.com"
185.174.159.245 - - [13/Nov/2022:11:40:10 -0800] "GET / HTTP/1.1" 200 19157 "http://crquality.com/" "Mozilla/5.0 (Windows NT 10.0; Win64; x64) AppleWebKit/537.36 (KHTML, like Gecko) Chrome/90.0.4430.72 Safari/537.36" "crquality.com"
185.174.159.245 - - [13/Nov/2022:11:40:10 -0800] "GET / HTTP/1.1" 200 19157 "http://crquality.com/" "Mozilla/5.0 (Windows NT 10.0; Win64; x64) AppleWebKit/537.36 (KHTML, like Gecko) Chrome/90.0.4430.85 Safari/537.36 Edg/90.0.818.49" "crquality.com"
185.174.159.245 - - [13/Nov/2022:11:40:10 -0800] "GET /contact_us HTTP/1.1" 200 35448 "http://crquality.com/contact_us" "Mozilla/5.0 (Windows NT 10.0; WOW64) AppleWebKit/537.36 (KHTML, like Gecko) Chrome/90.0.4400.8 Safari/537.36" "crquality.com"
185.174.159.245 - - [13/Nov/2022:11:40:10 -0800] "GET / HTTP/1.1" 200 19157 "http://crquality.com/" "Mozilla/5.0 (Windows NT 10.0; Win64; x64) AppleWebKit/537.36 (KHTML, like Gecko) Chrome/90.0.4430.93 Safari/537.36" "crquality.com"
185.174.159.245 - - [13/Nov/2022:11:40:10 -0800] "GET /contact_us HTTP/1.1" 200 35448 "http://crquality.com/contact_us" "Mozilla/5.0 (Windows NT 10.0; Win64; x64) AppleWebKit/537.36 (KHTML, like Gecko) Chrome/90.0.4430.72 Safari/537.36" "crquality.com"
185.174.159.245 - - [13/Nov/2022:11:40:10 -0800] "GET / HTTP/1.1" 200 19157 "http://crquality.com/" "Mozilla/5.0 (Windows NT 6.1) AppleWebKit/537.36 (KHTML, like Gecko) Chrome/90.0.4430.72 Safari/537.36" "crquality.com"
185.174.159.245 - - [13/Nov/2022:11:40:10 -0800] "GET /contact_us HTTP/1.1" 200 35448 "http://crquality.com/contact_us" "Mozilla/5.0 (Windows NT 10.0; Win64; x64) AppleWebKit/537.36 (KHTML, like Gecko) Chrome/90.0.4430.85 Safari/537.36 Edg/90.0.818.49" "crquality.com"
185.174.159.245 - - [13/Nov/2022:11:40:11 -0800] "GET / HTTP/1.1" 200 19157 "http://crquality.com/" "Mozilla/5.0 (Windows NT 6.3; Win64; x64) AppleWebKit/537.36 (KHTML, like Gecko) Chrome/90.0.4430.85 Safari/537.36" "crquality.com"
185.174.159.245 - - [13/Nov/2022:11:40:11 -0800] "GET /contact_us HTTP/1.1" 200 35448 "http://crquality.com/contact_us" "Mozilla/5.0 (Windows NT 10.0; Win64; x64) AppleWebKit/537.36 (KHTML, like Gecko) Chrome/90.0.4430.85 Safari/537.36 Edg/90.0.818.49" "crquality.com"
185.174.159.245 - - [13/Nov/2022:11:40:11 -0800] "GET /contact_us HTTP/1.1" 200 35448 "http://crquality.com/contact_us" "Mozilla/5.0 (Windows NT 6.1) AppleWebKit/537.36 (KHTML, like Gecko) Chrome/90.0.4430.72 Safari/537.36" "crquality.com"
185.174.159.245 - - [13/Nov/2022:11:40:11 -0800] "POST /contact_us HTTP/1.1" 200 35448 "http://crquality.com/contact_us" "Mozilla/5.0 (Windows NT 10.0; WOW64) AppleWebKit/537.36 (KHTML, like Gecko) Chrome/90.0.4400.8 Safari/537.36" "crquality.com"
185.174.159.245 - - [13/Nov/2022:11:40:11 -0800] "GET /contact_us HTTP/1.1" 200 35448 "http://crquality.com/contact_us" "Mozilla/5.0 (Windows NT 10.0; Win64; x64) AppleWebKit/537.36 (KHTML, like Gecko) Chrome/90.0.4430.93 Safari/537.36" "crquality.com"
185.174.159.245 - - [13/Nov/2022:11:40:11 -0800] "POST /contact_us HTTP/1.1" 200 35448 "http://crquality.com/contact_us" "Mozilla/5.0 (Windows NT 10.0; Win64; x64) AppleWebKit/537.36 (KHTML, like Gecko) Chrome/90.0.4430.72 Safari/537.36" "crquality.com"
185.174.159.245 - - [13/Nov/2022:11:40:11 -0800] "GET /contact_us HTTP/1.1" 200 35448 "http://crquality.com/contact_us" "Mozilla/5.0 (Windows NT 6.3; Win64; x64) AppleWebKit/537.36 (KHTML, like Gecko) Chrome/90.0.4430.85 Safari/537.36" "crquality.com"
185.174.159.245 - - [13/Nov/2022:11:40:11 -0800] "POST /contact_us HTTP/1.1" 200 35448 "http://crquality.com/contact_us" "Mozilla/5.0 (Windows NT 10.0; Win64; x64) AppleWebKit/537.36 (KHTML, like Gecko) Chrome/90.0.4430.85 Safari/537.36 Edg/90.0.818.49" "crquality.com"
185.174.159.245 - - [13/Nov/2022:11:40:11 -0800] "POST /contact_us HTTP/1.1" 200 35448 "http://crquality.com/contact_us" "Mozilla/5.0 (Windows NT 10.0; Win64; x64) AppleWebKit/537.36 (KHTML, like Gecko) Chrome/90.0.4430.93 Safari/537.36" "crquality.com"
185.174.159.245 - - [13/Nov/2022:11:40:12 -0800] "POST /contact_us HTTP/1.1" 200 35448 "http://crquality.com/contact_us" "Mozilla/5.0 (Windows NT 6.3; Win64; x64) AppleWebKit/537.36 (KHTML, like Gecko) Chrome/90.0.4430.85 Safari/537.36" "crquality.com"
185.174.159.245 - - [13/Nov/2022:11:40:12 -0800] "POST /contact_us HTTP/1.1" 200 35448 "http://crquality.com/contact_us" "Mozilla/5.0 (Windows NT 10.0; Win64; x64) AppleWebKit/537.36 (KHTML, like Gecko) Chrome/90.0.4430.85 Safari/537.36 Edg/90.0.818.49" "crquality.com"
