51.222.253.4 - - [22/Nov/2022:16:04:58 -0800] "GET /recent_job_photos HTTP/1.1" 200 4816 "-" "Mozilla/5.0 (compatible; AhrefsBot/7.0; +http://ahrefs.com/robot/)" "crquality.com"
17.121.115.183 - - [22/Nov/2022:16:41:03 -0800] "GET /robots.txt HTTP/1.1" 200 56 "-" "Mozilla/5.0 (Macintosh; Intel Mac OS X 10_15_5) AppleWebKit/605.1.15 (KHTML, like Gecko) Version/13.1.1 Safari/605.1.15 (Applebot/0.1; +http://www.apple.com/go/applebot)" "www.crquality.com"
17.121.115.183 - - [22/Nov/2022:16:41:03 -0800] "GET / HTTP/1.1" 200 4886 "-" "Mozilla/5.0 (Macintosh; Intel Mac OS X 10_15_5) AppleWebKit/605.1.15 (KHTML, like Gecko) Version/13.1.1 Safari/605.1.15 (Applebot/0.1; +http://www.apple.com/go/applebot)" "www.crquality.com"
207.46.13.229 - - [22/Nov/2022:17:58:06 -0800] "GET /robots.txt HTTP/1.1" 200 56 "-" "Mozilla/5.0 (compatible; bingbot/2.0; +http://www.bing.com/bingbot.htm)" "crquality.com"
207.46.13.229 - - [22/Nov/2022:17:58:06 -0800] "GET /robots.txt HTTP/1.1" 200 56 "-" "Mozilla/5.0 (compatible; bingbot/2.0; +http://www.bing.com/bingbot.htm)" "crquality.com"
207.46.13.29 - - [22/Nov/2022:17:58:15 -0800] "GET /sitemap.xml HTTP/1.1" 200 247 "-" "Mozilla/5.0 AppleWebKit/537.36 (KHTML, like Gecko; compatible; bingbot/2.0; +http://www.bing.com/bingbot.htm) Chrome/103.0.5060.134 Safari/537.36" "crquality.com"
172.241.170.203 - - [22/Nov/2022:19:06:51 -0800] "GET /contact_us HTTP/1.1" 200 9139 "-" "Mozilla/5.0 (X11; Ubuntu; Linux x86_64; rv:102.0) Gecko/20100101 Firefox/102.0" "crquality.com"
172.241.170.203 - - [22/Nov/2022:19:06:52 -0800] "GET /contact_us?emailAddress=mike%40crquality.com&.crumb=1669259211zODgWnVCzSDsz8Etd7pLYK4mo8Y-&json_payload=&formDataName=Customer+contact&formDescription=Main+customer+contact+form&formGuid=itemRecordGuid.4a7711e25e3159.14166539&itemGuid.4a7711e25e2db3.26242014=Priscilla&itemGuid.4a7711e25e2db3.26242017=Don&itemGuid.4a7711e25e2db3.26242020=don.priscilla%40gmail.com&itemGuid.4a7711e25e2db3.26242023=079+6612+7590&itemGuid.4a7711e25e2db3.26242026=Many+website+owners+are+seeking+a+2nd+income+for+themselves+or+their+spouse.%0D%0A%0D%0ADid+you+know+that+people+are+getting+paid+to+do+simple+writing+jobs+online%3F%0D%0Ahttps%3A%2F%2Fpaidonlinejobs.pro%2F%0D%0A%0D%0AIf+you+are+ever+interested+in+making+some+extra+money+and+want+to+work+from+home%0D%0A%0D%0AEarn+%2425-50%2Fhr%0D%0A%0D%0AYou+owe+it+to+yourself+to+take+this+1+minute+quiz%0D%0A%0D%0ANo+experience+required.%0D%0A%0D%0AThere+is+a+huge+need+for+online+writers+worldwide+and+especially+in+the+US%0D%0AClick+here+now%21%0D%0A%0D%0Ahttps%3A%2F%2Fpaidonlinejobs.pro%2F HTTP/1.1" 200 9139 "http://crquality.com/contact_us" "Mozilla/5.0 (X11; Ubuntu; Linux x86_64; rv:102.0) Gecko/20100101 Firefox/102.0" "crquality.com"
40.77.167.4 - - [22/Nov/2022:19:21:42 -0800] "GET /yahoo_site_admin/assets/images/mike_zipp_drive_pic_177.910605_sq_thumb_m.JPG HTTP/1.1" 200 15334 "-" "Mozilla/5.0 AppleWebKit/537.36 (KHTML, like Gecko; compatible; bingbot/2.0; +http://www.bing.com/bingbot.htm) Chrome/103.0.5060.134 Safari/537.36" "crquality.com"
207.46.13.94 - - [22/Nov/2022:19:24:19 -0800] "GET /sitemap.xml HTTP/1.1" 200 247 "-" "Mozilla/5.0 (compatible; bingbot/2.0; +http://www.bing.com/bingbot.htm)" "crquality.com"
207.46.13.213 - - [22/Nov/2022:19:34:41 -0800] "GET /yahoo_site_admin/assets/images/06_184.8164605_sq_thumb_s.JPG HTTP/1.1" 200 2474 "-" "Mozilla/5.0 (compatible; bingbot/2.0; +http://www.bing.com/bingbot.htm)" "crquality.com"
51.222.253.18 - - [22/Nov/2022:19:35:01 -0800] "GET /robots.txt HTTP/1.1" 200 56 "-" "Mozilla/5.0 (compatible; AhrefsBot/7.0; +http://ahrefs.com/robot/)" "www.crquality.com"
136.243.228.177 - - [22/Nov/2022:19:41:13 -0800] "GET /robots.txt HTTP/1.1" 200 56 "-" "Mozilla/5.0 (compatible; DataForSeoBot/1.0; +https://dataforseo.com/dataforseo-bot)" "crquality.com"
136.243.228.177 - - [22/Nov/2022:19:41:13 -0800] "GET / HTTP/1.1" 200 4886 "-" "Mozilla/5.0 (compatible; DataForSeoBot/1.0; +https://dataforseo.com/dataforseo-bot)" "crquality.com"
136.243.228.177 - - [22/Nov/2022:19:41:14 -0800] "GET /sitemap.xml HTTP/1.1" 200 247 "-" "Mozilla/5.0 (compatible; DataForSeoBot/1.0; +https://dataforseo.com/dataforseo-bot)" "crquality.com"
185.174.159.245 - - [22/Nov/2022:19:50:55 -0800] "GET / HTTP/1.1" 200 19157 "http://crquality.com/" "Mozilla/5.0 (Windows NT 6.1) AppleWebKit/537.36 (KHTML, like Gecko) Chrome/90.0.4430.85 Safari/537.36" "crquality.com"
185.174.159.245 - - [22/Nov/2022:19:50:55 -0800] "GET / HTTP/1.1" 200 19157 "http://crquality.com/" "Mozilla/5.0 (Windows NT 6.1; Win64; x64) AppleWebKit/537.36 (KHTML, like Gecko) Chrome/90.0.4427.0 Safari/537.36" "crquality.com"
185.174.159.245 - - [22/Nov/2022:19:50:55 -0800] "GET /contact_us HTTP/1.1" 200 35448 "http://crquality.com/contact_us" "Mozilla/5.0 (Windows NT 6.1) AppleWebKit/537.36 (KHTML, like Gecko) Chrome/90.0.4430.85 Safari/537.36" "crquality.com"
185.174.159.245 - - [22/Nov/2022:19:50:55 -0800] "GET /contact_us HTTP/1.1" 200 35448 "http://crquality.com/contact_us" "Mozilla/5.0 (Windows NT 6.1; Win64; x64) AppleWebKit/537.36 (KHTML, like Gecko) Chrome/90.0.4427.0 Safari/537.36" "crquality.com"
185.174.159.245 - - [22/Nov/2022:19:50:55 -0800] "GET / HTTP/1.1" 200 19157 "http://crquality.com/" "Mozilla/5.0 (Windows NT 10.0) AppleWebKit/537.36 (KHTML, like Gecko) Chrome/90.0.4430.93 Safari/537.36" "crquality.com"
185.174.159.245 - - [22/Nov/2022:19:50:55 -0800] "GET / HTTP/1.1" 200 19157 "http://crquality.com/" "Mozilla/5.0 (Windows NT 10.0; Win64; x64) AppleWebKit/537.36 (KHTML, like Gecko) Chrome/90.0.4430.72 Safari/537.36 Edg/90.0.818.42" "crquality.com"
185.174.159.245 - - [22/Nov/2022:19:50:56 -0800] "POST /contact_us HTTP/1.1" 200 35448 "http://crquality.com/contact_us" "Mozilla/5.0 (Windows NT 6.1) AppleWebKit/537.36 (KHTML, like Gecko) Chrome/90.0.4430.85 Safari/537.36" "crquality.com"
185.174.159.245 - - [22/Nov/2022:19:50:56 -0800] "GET /contact_us HTTP/1.1" 200 35448 "http://crquality.com/contact_us" "Mozilla/5.0 (Windows NT 10.0) AppleWebKit/537.36 (KHTML, like Gecko) Chrome/90.0.4430.93 Safari/537.36" "crquality.com"
185.174.159.245 - - [22/Nov/2022:19:50:56 -0800] "POST /contact_us HTTP/1.1" 200 35448 "http://crquality.com/contact_us" "Mozilla/5.0 (Windows NT 6.1; Win64; x64) AppleWebKit/537.36 (KHTML, like Gecko) Chrome/90.0.4427.0 Safari/537.36" "crquality.com"
185.174.159.245 - - [22/Nov/2022:19:50:56 -0800] "GET /contact_us HTTP/1.1" 200 35448 "http://crquality.com/contact_us" "Mozilla/5.0 (Windows NT 10.0; Win64; x64) AppleWebKit/537.36 (KHTML, like Gecko) Chrome/90.0.4430.72 Safari/537.36 Edg/90.0.818.42" "crquality.com"
185.174.159.245 - - [22/Nov/2022:19:50:56 -0800] "GET / HTTP/1.1" 200 19157 "http://crquality.com/" "Mozilla/5.0 (Windows NT 10.0; WOW64) AppleWebKit/537.36 (KHTML, like Gecko) Chrome/90.0.4400.8 Safari/537.36" "crquality.com"
185.174.159.245 - - [22/Nov/2022:19:50:56 -0800] "POST /contact_us HTTP/1.1" 200 35448 "http://crquality.com/contact_us" "Mozilla/5.0 (Windows NT 10.0) AppleWebKit/537.36 (KHTML, like Gecko) Chrome/90.0.4430.93 Safari/537.36" "crquality.com"
185.174.159.245 - - [22/Nov/2022:19:50:56 -0800] "POST /contact_us HTTP/1.1" 200 35448 "http://crquality.com/contact_us" "Mozilla/5.0 (Windows NT 10.0; Win64; x64) AppleWebKit/537.36 (KHTML, like Gecko) Chrome/90.0.4430.72 Safari/537.36 Edg/90.0.818.42" "crquality.com"
185.174.159.245 - - [22/Nov/2022:19:50:57 -0800] "GET / HTTP/1.1" 200 19157 "http://crquality.com/" "Mozilla/5.0 (Windows NT 10.0; Win64; x64) AppleWebKit/537.36 (KHTML, like Gecko) Chrome/90.0.4430.85 Safari/537.36 Edg/90.0.818.46" "crquality.com"
185.174.159.245 - - [22/Nov/2022:19:50:57 -0800] "GET /contact_us HTTP/1.1" 200 35448 "http://crquality.com/contact_us" "Mozilla/5.0 (Windows NT 10.0; WOW64) AppleWebKit/537.36 (KHTML, like Gecko) Chrome/90.0.4400.8 Safari/537.36" "crquality.com"
185.174.159.245 - - [22/Nov/2022:19:50:57 -0800] "GET /contact_us HTTP/1.1" 200 35448 "http://crquality.com/contact_us" "Mozilla/5.0 (Windows NT 10.0; Win64; x64) AppleWebKit/537.36 (KHTML, like Gecko) Chrome/90.0.4430.85 Safari/537.36 Edg/90.0.818.46" "crquality.com"
185.174.159.245 - - [22/Nov/2022:19:50:59 -0800] "POST /contact_us HTTP/1.1" 200 35448 "http://crquality.com/contact_us" "Mozilla/5.0 (Windows NT 10.0; Win64; x64) AppleWebKit/537.36 (KHTML, like Gecko) Chrome/90.0.4430.85 Safari/537.36 Edg/90.0.818.46" "crquality.com"
185.174.159.245 - - [22/Nov/2022:19:51:01 -0800] "POST /contact_us HTTP/1.1" 200 35448 "http://crquality.com/contact_us" "Mozilla/5.0 (Windows NT 10.0; WOW64) AppleWebKit/537.36 (KHTML, like Gecko) Chrome/90.0.4400.8 Safari/537.36" "crquality.com"
37.139.53.81 - - [22/Nov/2022:20:54:45 -0800] "GET /contact_us HTTP/1.1" 200 35448 "http://crquality.com/contact_us" "Mozilla/5.0 (Windows NT 6.1; Win64; x64) AppleWebKit/537.36 (KHTML, like Gecko) Chrome/83.0.4103.24 Safari/537.36 Edg/83.0.478.18" "crquality.com"
37.139.53.81 - - [22/Nov/2022:20:54:46 -0800] "POST /contact_us HTTP/1.1" 200 35448 "http://crquality.com/contact_us" "Mozilla/5.0 (Windows NT 6.1; Win64; x64) AppleWebKit/537.36 (KHTML, like Gecko) Chrome/83.0.4103.24 Safari/537.36 Edg/83.0.478.18" "crquality.com"
40.77.167.4 - - [22/Nov/2022:21:13:02 -0800] "GET /yahoo_site_admin/assets/images/mike_zipp_drive_pic_186.8163057_large.JPG HTTP/1.1" 200 202772 "-" "Mozilla/5.0 (compatible; bingbot/2.0; +http://www.bing.com/bingbot.htm)" "crquality.com"
60.190.195.146 - - [22/Nov/2022:22:08:06 -0800] "GET /contact_us/ HTTP/1.1" 200 35448 "http://crquality.com/contact_us/" "Mozilla/5.0 (Windows NT 10.0; Win64; x64) AppleWebKit/537.36 (KHTML, like Gecko) Chrome/90.0.4430.86 Safari/537.36" "crquality.com"
66.249.89.61 - - [22/Nov/2022:22:21:40 -0800] "GET /apple-app-site-association HTTP/1.1" 404 88 "-" "AdsBot-Google (+http://www.google.com/adsbot.html)" "www.crquality.com"
154.53.48.131 - - [22/Nov/2022:22:43:33 -0800] "GET /contact_us/ HTTP/1.1" 200 35448 "http://crquality.com/contact_us/" "Mozilla/5.0 (Windows NT 6.3; Win64; x64) AppleWebKit/537.36 (KHTML, like Gecko) Chrome/90.0.4430.85 Safari/537.36 Edg/90.0.818.49" "crquality.com"
154.53.48.131 - - [22/Nov/2022:22:43:33 -0800] "POST /contact_us/ HTTP/1.1" 200 35448 "http://crquality.com/contact_us/" "Mozilla/5.0 (Windows NT 6.3; Win64; x64) AppleWebKit/537.36 (KHTML, like Gecko) Chrome/90.0.4430.85 Safari/537.36 Edg/90.0.818.49" "crquality.com"
195.64.243.176 - - [22/Nov/2022:23:24:32 -0800] "GET /contact_us/ HTTP/1.1" 200 35448 "http://crquality.com/contact_us/" "Mozilla/5.0 (Windows NT 10.0) AppleWebKit/537.36 (KHTML, like Gecko) Chrome/90.0.4430.85 Safari/537.36" "crquality.com"
195.64.243.176 - - [22/Nov/2022:23:24:35 -0800] "POST /contact_us/ HTTP/1.1" 200 35448 "http://crquality.com/contact_us/" "Mozilla/5.0 (Windows NT 10.0) AppleWebKit/537.36 (KHTML, like Gecko) Chrome/90.0.4430.85 Safari/537.36" "crquality.com"
207.46.13.94 - - [22/Nov/2022:23:58:33 -0800] "GET /sitemap.xml HTTP/1.1" 200 247 "-" "Mozilla/5.0 (compatible; bingbot/2.0; +http://www.bing.com/bingbot.htm)" "crquality.com"
178.128.98.188 - - [23/Nov/2022:00:11:10 -0800] "GET /blog/index.php//mt/ HTTP/1.1" 404 10552 "-" "python-requests/2.26.0" "crquality.com"
10.247.24.114 - - [23/Nov/2022:00:11:12 -0800] "POST /blog/wp-cron.php?doing_wp_cron=1669191072.2790749073028564453125 HTTP/1.1" 200 - "http://crquality.com/blog/wp-cron.php?doing_wp_cron=1669191072.2790749073028564453125" "WordPress/4.9.22; http://crquality.com/blog" "crquality.com"
178.128.98.188 - - [23/Nov/2022:00:11:14 -0800] "GET /blog/index.php//ALFA_DATA/alfacgiapi/ HTTP/1.1" 404 10552 "-" "python-requests/2.26.0" "crquality.com"
178.128.98.188 - - [23/Nov/2022:00:11:17 -0800] "GET /blog/index.php//up.php HTTP/1.1" 404 10552 "-" "python-requests/2.26.0" "crquality.com"
178.128.98.188 - - [23/Nov/2022:00:11:19 -0800] "GET /blog/index.php//wp-content/uploads/2021/12/up.php HTTP/1.1" 404 10552 "-" "python-requests/2.26.0" "crquality.com"
178.128.98.188 - - [23/Nov/2022:00:11:20 -0800] "GET /blog/index.php//wp-content/ALFA_DATA/alfacgiapi/ HTTP/1.1" 404 10552 "-" "python-requests/2.26.0" "crquality.com"
178.128.98.188 - - [23/Nov/2022:00:11:22 -0800] "GET /blog/index.php//doc.php HTTP/1.1" 404 10552 "-" "python-requests/2.26.0" "crquality.com"
178.128.98.188 - - [23/Nov/2022:00:11:25 -0800] "GET /blog/index.php//shells.php HTTP/1.1" 404 10552 "-" "python-requests/2.26.0" "crquality.com"
178.128.98.188 - - [23/Nov/2022:00:11:26 -0800] "GET /blog/index.php//about.php HTTP/1.1" 404 10552 "-" "python-requests/2.26.0" "crquality.com"
178.128.98.188 - - [23/Nov/2022:00:11:28 -0800] "GET /blog//wp-admin/alfa.php HTTP/1.1" 404 88 "-" "python-requests/2.26.0" "crquality.com"
178.128.98.188 - - [23/Nov/2022:00:11:29 -0800] "GET /blog/index.php//about.php HTTP/1.1" 404 10552 "-" "python-requests/2.26.0" "crquality.com"
178.128.98.188 - - [23/Nov/2022:00:11:31 -0800] "GET /blog/index.php//wp-includes/fw.php HTTP/1.1" 404 10552 "-" "python-requests/2.26.0" "crquality.com"
178.128.98.188 - - [23/Nov/2022:00:11:32 -0800] "GET /blog/index.php//wp-content/fw.php HTTP/1.1" 404 10552 "-" "python-requests/2.26.0" "crquality.com"
178.128.98.188 - - [23/Nov/2022:00:11:34 -0800] "GET /blog//wp-admin/fw.php HTTP/1.1" 404 88 "-" "python-requests/2.26.0" "crquality.com"
178.128.98.188 - - [23/Nov/2022:00:11:35 -0800] "GET /blog/index.php//wp-content/uploads/2021/12/fw.php HTTP/1.1" 404 10552 "-" "python-requests/2.26.0" "crquality.com"
178.128.98.188 - - [23/Nov/2022:00:11:36 -0800] "GET /blog/index.php//wp-includes/wso.php HTTP/1.1" 404 10552 "-" "python-requests/2.26.0" "crquality.com"
178.128.98.188 - - [23/Nov/2022:00:11:38 -0800] "GET /blog/index.php//wp-content/wso.php HTTP/1.1" 404 10552 "-" "python-requests/2.26.0" "crquality.com"
178.128.98.188 - - [23/Nov/2022:00:11:40 -0800] "GET /blog//wp-admin/wso.php HTTP/1.1" 404 88 "-" "python-requests/2.26.0" "crquality.com"
178.128.98.188 - - [23/Nov/2022:00:11:40 -0800] "GET /blog/index.php//wp-22.php HTTP/1.1" 404 10552 "-" "python-requests/2.26.0" "crquality.com"
178.128.98.188 - - [23/Nov/2022:00:11:42 -0800] "GET /blog/index.php//alfa.php HTTP/1.1" 404 10552 "-" "python-requests/2.26.0" "crquality.com"
178.128.98.188 - - [23/Nov/2022:00:11:43 -0800] "GET /blog/index.php//fw.php HTTP/1.1" 404 10552 "-" "python-requests/2.26.0" "crquality.com"
178.128.98.188 - - [23/Nov/2022:00:11:45 -0800] "GET /blog/index.php//shell.php HTTP/1.1" 404 10552 "-" "python-requests/2.26.0" "crquality.com"
178.128.98.188 - - [23/Nov/2022:00:11:47 -0800] "GET /blog/index.php//wp-content/plugins/wp-file-manager/lib/php/connector.minimal.php HTTP/1.1" 404 10552 "-" "python-requests/2.26.0" "crquality.com"
66.249.64.137 - - [23/Nov/2022:00:22:12 -0800] "GET /ads.txt HTTP/1.1" 404 88 "-" "Mozilla/5.0 (compatible; Googlebot/2.1; +http://www.google.com/bot.html)" "crquality.com"
207.46.13.94 - - [23/Nov/2022:00:49:48 -0800] "GET /sitemap.xml HTTP/1.1" 200 247 "-" "Mozilla/5.0 AppleWebKit/537.36 (KHTML, like Gecko; compatible; bingbot/2.0; +http://www.bing.com/bingbot.htm) Chrome/103.0.5060.134 Safari/537.36" "crquality.com"
116.123.119.228 - - [23/Nov/2022:00:53:16 -0800] "POST /blog/xmlrpc.php HTTP/1.1" 200 403 "-" "Mozilla/5.0 (Macintosh; U; Intel Mac OS X 10.6; fr; rv:1.9.2.8) Gecko/20100722 Firefox/3.6.8" "crquality.com"
207.46.13.29 - - [23/Nov/2022:01:24:27 -0800] "GET /yahoo_site_admin/assets/images/06_391.8162629_large.JPG HTTP/1.1" 200 281707 "-" "Mozilla/5.0 (compatible; bingbot/2.0; +http://www.bing.com/bingbot.htm)" "crquality.com"
20.39.217.181 - - [23/Nov/2022:01:33:26 -0800] "GET / HTTP/1.1" 200 4886 "-" "python-requests/2.28.1" "crquality.com"
185.196.54.149 - - [23/Nov/2022:01:48:25 -0800] "GET / HTTP/1.1" 200 4886 "-" "Mozilla/5.0 (Windows NT 10.0; Win64; x64) AppleWebKit/537.36 (KHTML, like Gecko) Chrome/98.0.4758.102 Safari/537.36" "crquality.com"
10.247.24.113 - - [23/Nov/2022:02:14:28 -0800] "POST /blog/wp-cron.php?doing_wp_cron=1669198468.4369308948516845703125 HTTP/1.1" 200 - "http://crquality.com/blog/wp-cron.php?doing_wp_cron=1669198468.4369308948516845703125" "WordPress/4.9.22; http://crquality.com/blog" "crquality.com"
116.123.119.228 - - [23/Nov/2022:02:14:26 -0800] "POST /blog/xmlrpc.php HTTP/1.1" 200 403 "-" "Mozilla/5.0 (Macintosh; U; Intel Mac OS X 10.6; fr; rv:1.9.2.8) Gecko/20100722 Firefox/3.6.8" "crquality.com"
185.174.159.245 - - [23/Nov/2022:02:34:12 -0800] "GET / HTTP/1.1" 200 19157 "http://crquality.com/" "Mozilla/5.0 (Windows NT 6.1; Win64; x64) AppleWebKit/537.36 (KHTML, like Gecko) Chrome/90.0.4430.93 Safari/537.36" "crquality.com"
185.174.159.245 - - [23/Nov/2022:02:34:13 -0800] "GET /contact_us HTTP/1.1" 200 35448 "http://crquality.com/contact_us" "Mozilla/5.0 (Windows NT 6.1; Win64; x64) AppleWebKit/537.36 (KHTML, like Gecko) Chrome/90.0.4430.93 Safari/537.36" "crquality.com"
185.174.159.245 - - [23/Nov/2022:02:34:13 -0800] "POST /contact_us HTTP/1.1" 200 35448 "http://crquality.com/contact_us" "Mozilla/5.0 (Windows NT 6.1; Win64; x64) AppleWebKit/537.36 (KHTML, like Gecko) Chrome/90.0.4430.93 Safari/537.36" "crquality.com"
192.252.220.3 - - [23/Nov/2022:02:39:45 -0800] "GET / HTTP/1.1" 200 4886 "-" "Mozilla/5.0 (Linux x86_64; rv:102.0) Gecko/20100101 Firefox/102.0" "crquality.com"
192.252.220.3 - - [23/Nov/2022:02:39:46 -0800] "GET /contact_us HTTP/1.1" 200 9139 "http://crquality.com" "Mozilla/5.0 (Linux x86_64; rv:102.0) Gecko/20100101 Firefox/102.0" "crquality.com"
192.252.220.3 - - [23/Nov/2022:02:39:46 -0800] "GET / HTTP/1.1" 200 4886 "http://crquality.com" "Mozilla/5.0 (Linux x86_64; rv:102.0) Gecko/20100101 Firefox/102.0" "crquality.com"
192.252.220.3 - - [23/Nov/2022:02:39:49 -0800] "GET /contact_us?emailAddress=mike%40crquality.com&.crumb=1669259211zODgWnVCzSDsz8Etd7pLYK4mo8Y-&json_payload=&formDataName=Customer+contact&formDescription=Main+customer+contact+form&formGuid=itemRecordGuid.4a7711e25e3159.14166539&itemGuid.4a7711e25e2db3.26242014=Colby&itemGuid.4a7711e25e2db3.26242017=Colby&itemGuid.4a7711e25e2db3.26242020=michael.tranfalia%40cushwake.com&itemGuid.4a7711e25e2db3.26242023=0711+27+97+84&itemGuid.4a7711e25e2db3.26242026=World%27s+Best+Neck+Massager+Get+it+Now+50%25+OFF+%2B+Free+Shipping%21%0D%0A%0D%0AWellness+Enthusiasts%21+There+has+never+been+a+better+time+to+take+care+of+your+neck+pain%21+%0D%0AOur+clinical-grade+TENS+technology+will+ensure+you+have+neck+relief+in+as+little+as+20+minutes.%0D%0A%0D%0AGet+Yours%3A+https%3A%2F%2Fhineck.shop%0D%0A%0D%0AAll+the+best%2C%0D%0A%0D%0AColby%0D%0AQuality+Construction+%26+Remodeling+LLC.+-+From+The+Ground+Up%21 HTTP/1.1" 200 9139 "http://crquality.com/contact_us" "Mozilla/5.0 (Linux x86_64; rv:102.0) Gecko/20100101 Firefox/102.0" "crquality.com"
65.109.49.124 - - [23/Nov/2022:02:58:17 -0800] "GET /contact_us/ HTTP/1.1" 200 35448 "http://crquality.com/contact_us/" "Mozilla/5.0 (Windows NT 6.1) AppleWebKit/537.36 (KHTML, like Gecko) Chrome/90.0.4430.85 Safari/537.36" "crquality.com"
207.46.13.29 - - [23/Nov/2022:03:13:27 -0800] "GET /yahoo_site_admin/assets/images/mike_zipp_drive_pic_182.8162834_sq_thumb_m.JPG HTTP/1.1" 200 20894 "-" "Mozilla/5.0 AppleWebKit/537.36 (KHTML, like Gecko; compatible; bingbot/2.0; +http://www.bing.com/bingbot.htm) Chrome/103.0.5060.134 Safari/537.36" "www.crquality.com"
5.157.58.121 - - [23/Nov/2022:03:24:07 -0800] "GET /contact_us HTTP/1.1" 200 9139 "-" "Mozilla/5.0 (Linux x86_64; rv:102.0) Gecko/20100101 Firefox/102.0" "crquality.com"
5.157.58.121 - - [23/Nov/2022:03:24:08 -0800] "GET /contact_us?emailAddress=mike%40crquality.com&.crumb=1669259211zODgWnVCzSDsz8Etd7pLYK4mo8Y-&json_payload=&formDataName=Customer+contact&formDescription=Main+customer+contact+form&formGuid=itemRecordGuid.4a7711e25e3159.14166539&itemGuid.4a7711e25e2db3.26242014=Eric&itemGuid.4a7711e25e2db3.26242017=Jones&itemGuid.4a7711e25e2db3.26242020=eric.jones.z.mail%40gmail.com&itemGuid.4a7711e25e2db3.26242023=555-555-1212&itemGuid.4a7711e25e2db3.26242026=My+name%E2%80%99s+Eric+and+I+just+found+your+site+crquality.com.%0D%0A%0D%0AIt%E2%80%99s+got+a+lot+going+for+it%2C+but+here%E2%80%99s+an+idea+to+make+it+even+MORE+effective.%0D%0A%0D%0ATalk+With+Web+Visitor+%E2%80%93+CLICK+HERE+http://boostleadgeneration.com+for+a+live+demo+now.%0D%0A%0D%0ATalk+With+Web+Visitor+is+a+software+widget+that%E2%80%99s+works+on+your+site%2C+ready+to+capture+any+visitor%E2%80%99s+Name%2C+Email+address+and+Phone+Number.++It+signals+you+the+moment+they+let+you+know+they%E2%80%99re+interested+%E2%80%93+so+that+you+can+talk+to+that+lead+while+they%E2%80%99re+literally+looking+over+your+site.%0D%0A%0D%0AAnd+once+you%E2%80%99ve+captured+their+phone+number%2C+with+our+new+SMS+Text+With+Lead+feature%2C+you+can+automatically+start+a+text+(SMS)+conversation%E2%80%A6+and+if+they+don%E2%80%99t+take+you+up+on+your+offer+then%2C+you+can+follow+up+with+text+messages+for+new+offers%2C+content+links%2C+even+just+%E2%80%9Chow+you+doing%3F%E2%80%9D+notes+to+build+a+relationship.%0D%0A%0D%0ACLICK+HERE+http://boostleadgeneration.com+to+discover+what+Talk+With+Web+Visitor+can+do+for+your+business.%0D%0A%0D%0AThe+difference+between+contacting+someone+within+5+minutes+versus+a+half-hour+means+you+could+be+converting+up+to+100X+more+leads+today%21%0D%0A%0D%0AEric%0D%0APS:+Studies+show+that+70%25+of+a+site%E2%80%99s+visitors+disappear+and+are+gone+forever+after+just+a+moment.+Don%E2%80%99t+keep+losing+them.+%0D%0ATalk+With+Web+Visitor+offers+a+FREE+14+days+trial+%E2%80%93+and+it+even+includes+International+Long+Distance+Calling.+%0D%0AYou+have+customers+waiting+to+talk+with+you+right+now%E2%80%A6+don%E2%80%99t+keep+them+waiting.+%0D%0ACLICK+HERE+http://boostleadgeneration.com+to+try+Talk+With+Web+Visitor+now.%0D%0A%0D%0AIf+you%27d+like+to+unsubscribe+click+here+http://boostleadgeneration.com/unsubscribe.aspx%3Fd%3Dcrquality.com%0D%0A HTTP/1.1" 200 9139 "http://crquality.com/contact_us" "Mozilla/5.0 (Linux x86_64; rv:102.0) Gecko/20100101 Firefox/102.0" "crquality.com"
185.174.159.41 - - [23/Nov/2022:03:24:13 -0800] "GET / HTTP/1.1" 200 19157 "http://crquality.com/" "Mozilla/5.0 (Windows NT 6.1) AppleWebKit/537.36 (KHTML, like Gecko) Chrome/90.0.4430.93 Safari/537.36" "crquality.com"
185.174.159.41 - - [23/Nov/2022:03:24:13 -0800] "GET /contact_us HTTP/1.1" 200 35448 "http://crquality.com/contact_us" "Mozilla/5.0 (Windows NT 6.1) AppleWebKit/537.36 (KHTML, like Gecko) Chrome/90.0.4430.93 Safari/537.36" "crquality.com"
185.174.159.41 - - [23/Nov/2022:03:24:14 -0800] "POST /contact_us HTTP/1.1" 200 35448 "http://crquality.com/contact_us" "Mozilla/5.0 (Windows NT 6.1) AppleWebKit/537.36 (KHTML, like Gecko) Chrome/90.0.4430.93 Safari/537.36" "crquality.com"
10.247.24.112 - - [23/Nov/2022:03:35:11 -0800] "POST /blog/wp-cron.php?doing_wp_cron=1669203311.5958769321441650390625 HTTP/1.1" 200 - "http://crquality.com/blog/wp-cron.php?doing_wp_cron=1669203311.5958769321441650390625" "WordPress/4.9.22; http://crquality.com/blog" "crquality.com"
116.123.119.228 - - [23/Nov/2022:03:35:09 -0800] "POST /blog/xmlrpc.php HTTP/1.1" 200 403 "-" "Mozilla/5.0 (Macintosh; U; Intel Mac OS X 10.6; fr; rv:1.9.2.8) Gecko/20100722 Firefox/3.6.8" "crquality.com"
207.46.13.94 - - [23/Nov/2022:03:38:04 -0800] "GET /sitemap.xml HTTP/1.1" 200 247 "-" "Mozilla/5.0 (compatible; bingbot/2.0; +http://www.bing.com/bingbot.htm)" "crquality.com"
207.46.13.29 - - [23/Nov/2022:03:45:31 -0800] "GET /yahoo_site_admin/assets/images/06_382.8162709_sq_thumb_m.JPG HTTP/1.1" 200 19416 "-" "Mozilla/5.0 AppleWebKit/537.36 (KHTML, like Gecko; compatible; bingbot/2.0; +http://www.bing.com/bingbot.htm) Chrome/103.0.5060.134 Safari/537.36" "crquality.com"
103.214.7.251 - - [23/Nov/2022:04:04:32 -0800] "GET /contact_us/ HTTP/1.1" 200 35448 "http://crquality.com/contact_us/" "Mozilla/5.0 (Windows NT 6.3; Win64; x64) AppleWebKit/537.36 (KHTML, like Gecko) Chrome/90.0.4430.93 Safari/537.36" "crquality.com"
103.214.7.251 - - [23/Nov/2022:04:04:34 -0800] "POST /contact_us/ HTTP/1.1" 200 35448 "http://crquality.com/contact_us/" "Mozilla/5.0 (Windows NT 6.3; Win64; x64) AppleWebKit/537.36 (KHTML, like Gecko) Chrome/90.0.4430.93 Safari/537.36" "crquality.com"
103.214.7.251 - - [23/Nov/2022:04:04:35 -0800] "GET /contact_us/ HTTP/1.1" 200 35448 "http://crquality.com/contact_us/" "Mozilla/5.0 (Windows NT 6.3; Win64; x64) AppleWebKit/537.36 (KHTML, like Gecko) Chrome/90.0.4430.93 Safari/537.36" "crquality.com"
60.190.195.146 - - [23/Nov/2022:04:26:02 -0800] "GET /contact_us/ HTTP/1.1" 200 35448 "http://crquality.com/contact_us/" "Mozilla/5.0 (Windows NT 6.1; ) AppleWebKit/537.36 (KHTML, like Gecko) Chrome/90.0.4430.72 Safari/537.36" "crquality.com"
60.190.195.146 - - [23/Nov/2022:04:26:03 -0800] "POST /contact_us/ HTTP/1.1" 200 35448 "http://crquality.com/contact_us/" "Mozilla/5.0 (Windows NT 6.1; ) AppleWebKit/537.36 (KHTML, like Gecko) Chrome/90.0.4430.72 Safari/537.36" "crquality.com"
60.190.195.146 - - [23/Nov/2022:04:26:05 -0800] "GET /contact_us/ HTTP/1.1" 200 35448 "http://crquality.com/contact_us/" "Mozilla/5.0 (Windows NT 6.1; ) AppleWebKit/537.36 (KHTML, like Gecko) Chrome/90.0.4430.72 Safari/537.36" "crquality.com"
37.139.53.81 - - [23/Nov/2022:04:26:46 -0800] "GET /contact_us HTTP/1.1" 200 35448 "http://crquality.com/contact_us" "Mozilla/5.0 (Windows NT 6.3; WOW64) AppleWebKit/537.36 (KHTML, like Gecko) Chrome/83.0.4103.61 Safari/537.36" "crquality.com"
37.139.53.81 - - [23/Nov/2022:04:26:47 -0800] "POST /contact_us HTTP/1.1" 200 35448 "http://crquality.com/contact_us" "Mozilla/5.0 (Windows NT 6.3; WOW64) AppleWebKit/537.36 (KHTML, like Gecko) Chrome/83.0.4103.61 Safari/537.36" "crquality.com"
185.174.159.245 - - [23/Nov/2022:04:33:56 -0800] "GET /contact_us HTTP/1.1" 200 35448 "-" "Mozilla/5.0 (Windows NT 6.3; Win64; x64) AppleWebKit/537.36 (KHTML, like Gecko) Chrome/75.0.3770.100 Safari/537.36" "crquality.com"
109.174.114.114 - - [23/Nov/2022:04:36:45 -0800] "GET /contact_us/ HTTP/1.1" 200 35448 "http://crquality.com/contact_us/" "Mozilla/5.0 (Windows NT 10.0) AppleWebKit/537.36 (KHTML, like Gecko) Chrome/90.0.4430.85 Safari/537.36 Edg/90.0.818.46" "crquality.com"
109.174.114.114 - - [23/Nov/2022:04:36:46 -0800] "POST /contact_us/ HTTP/1.1" 200 35448 "http://crquality.com/contact_us/" "Mozilla/5.0 (Windows NT 10.0) AppleWebKit/537.36 (KHTML, like Gecko) Chrome/90.0.4430.85 Safari/537.36 Edg/90.0.818.46" "crquality.com"
40.77.167.4 - - [23/Nov/2022:04:39:45 -0800] "GET /yahoo_site_admin/assets/images/1384897597257.8125842_sq_thumb_m.jpg HTTP/1.1" 200 17215 "-" "Mozilla/5.0 AppleWebKit/537.36 (KHTML, like Gecko; compatible; bingbot/2.0; +http://www.bing.com/bingbot.htm) Chrome/103.0.5060.134 Safari/537.36" "crquality.com"
116.123.119.228 - - [23/Nov/2022:04:54:58 -0800] "POST /blog/xmlrpc.php HTTP/1.1" 200 403 "-" "Mozilla/5.0 (Macintosh; U; Intel Mac OS X 10.6; fr; rv:1.9.2.8) Gecko/20100722 Firefox/3.6.8" "crquality.com"
10.247.24.114 - - [23/Nov/2022:04:55:00 -0800] "POST /blog/wp-cron.php?doing_wp_cron=1669208100.4447350502014160156250 HTTP/1.1" 200 - "http://crquality.com/blog/wp-cron.php?doing_wp_cron=1669208100.4447350502014160156250" "WordPress/4.9.22; http://crquality.com/blog" "crquality.com"
20.241.233.77 - - [23/Nov/2022:05:06:16 -0800] "GET /robots.txt HTTP/1.1" 200 56 "-" "python-requests/2.27.1" "crquality.com"
20.241.233.77 - - [23/Nov/2022:05:06:22 -0800] "GET /yahoo_site_admin/assets/images/mike_zipp_drive_pic_162.8164639_sq_thumb_s.jpg HTTP/1.1" 200 2682 "-" "Mozilla/5.0 (Windows NT 10.0; Win64; x64) AppleWebKit/537.36 (KHTML, like Gecko) Chrome/76.0.3809.100 Safari/537.36" "crquality.com"
185.174.159.245 - - [23/Nov/2022:05:07:37 -0800] "GET / HTTP/1.1" 200 19157 "http://crquality.com/" "Mozilla/5.0 (Windows NT 6.3; Win64; x64) AppleWebKit/537.36 (KHTML, like Gecko) Chrome/90.0.4430.85 Safari/537.36 Edg/90.0.818.49" "crquality.com"
185.174.159.245 - - [23/Nov/2022:05:07:37 -0800] "GET /contact_us HTTP/1.1" 200 35448 "http://crquality.com/contact_us" "Mozilla/5.0 (Windows NT 6.3; Win64; x64) AppleWebKit/537.36 (KHTML, like Gecko) Chrome/90.0.4430.85 Safari/537.36 Edg/90.0.818.49" "crquality.com"
185.174.159.245 - - [23/Nov/2022:05:07:38 -0800] "POST /contact_us HTTP/1.1" 200 35448 "http://crquality.com/contact_us" "Mozilla/5.0 (Windows NT 6.3; Win64; x64) AppleWebKit/537.36 (KHTML, like Gecko) Chrome/90.0.4430.85 Safari/537.36 Edg/90.0.818.49" "crquality.com"
185.174.159.245 - - [23/Nov/2022:05:07:38 -0800] "GET / HTTP/1.1" 200 19157 "http://crquality.com/" "Mozilla/5.0 (Windows NT 6.1; Win64; x64) AppleWebKit/537.36 (KHTML, like Gecko) Chrome/90.0.4430.72 Safari/537.36" "crquality.com"
185.174.159.245 - - [23/Nov/2022:05:07:38 -0800] "GET /contact_us HTTP/1.1" 200 35448 "http://crquality.com/contact_us" "Mozilla/5.0 (Windows NT 6.1; Win64; x64) AppleWebKit/537.36 (KHTML, like Gecko) Chrome/90.0.4430.72 Safari/537.36" "crquality.com"
185.174.159.245 - - [23/Nov/2022:05:07:39 -0800] "POST /contact_us HTTP/1.1" 200 35448 "http://crquality.com/contact_us" "Mozilla/5.0 (Windows NT 6.1; Win64; x64) AppleWebKit/537.36 (KHTML, like Gecko) Chrome/90.0.4430.72 Safari/537.36" "crquality.com"
185.174.159.245 - - [23/Nov/2022:05:07:41 -0800] "GET / HTTP/1.1" 200 19157 "http://crquality.com/" "Mozilla/5.0 (Windows NT 6.1; Win64; x64) AppleWebKit/537.36 (KHTML, like Gecko) Chrome/90.0.4430.93 Safari/537.36" "crquality.com"
185.174.159.245 - - [23/Nov/2022:05:07:41 -0800] "GET /contact_us HTTP/1.1" 200 35448 "http://crquality.com/contact_us" "Mozilla/5.0 (Windows NT 6.1; Win64; x64) AppleWebKit/537.36 (KHTML, like Gecko) Chrome/90.0.4430.93 Safari/537.36" "crquality.com"
185.174.159.245 - - [23/Nov/2022:05:07:43 -0800] "POST /contact_us HTTP/1.1" 200 35448 "http://crquality.com/contact_us" "Mozilla/5.0 (Windows NT 6.1; Win64; x64) AppleWebKit/537.36 (KHTML, like Gecko) Chrome/90.0.4430.93 Safari/537.36" "crquality.com"
207.46.13.94 - - [23/Nov/2022:05:47:06 -0800] "GET /sitemap.xml HTTP/1.1" 200 247 "-" "Mozilla/5.0 (compatible; bingbot/2.0; +http://www.bing.com/bingbot.htm)" "crquality.com"
66.249.66.156 - - [23/Nov/2022:05:56:47 -0800] "GET /ads.txt HTTP/1.1" 404 88 "-" "Mozilla/5.0 (compatible; Googlebot/2.1; +http://www.google.com/bot.html)" "crquality.com"
120.245.61.126 - - [23/Nov/2022:06:41:06 -0800] "GET /robots.txt HTTP/1.1" 200 56 "-" "Mozilla/5.0 (Windows NT 10.0; Win64; x64) AppleWebKit/537.36 (KHTML, like Gecko) Chrome/92.0.4515.159 Safari/537.36" "crquality.com"
23.81.152.68 - - [23/Nov/2022:06:41:31 -0800] "GET /contact_us HTTP/1.1" 200 9139 "-" "Mozilla/5.0 (Linux x86_64; rv:102.0) Gecko/20100101 Firefox/102.0" "crquality.com"
23.81.152.68 - - [23/Nov/2022:06:41:32 -0800] "GET /contact_us?emailAddress=mike%40crquality.com&.crumb=1669259211zODgWnVCzSDsz8Etd7pLYK4mo8Y-&json_payload=&formDataName=Customer+contact&formDescription=Main+customer+contact+form&formGuid=itemRecordGuid.4a7711e25e3159.14166539&itemGuid.4a7711e25e2db3.26242014=Thomas&itemGuid.4a7711e25e2db3.26242017=M.+Normert&itemGuid.4a7711e25e2db3.26242020=thomas.normert%40gmail.com&itemGuid.4a7711e25e2db3.26242023=31-75-78-42&itemGuid.4a7711e25e2db3.26242026=Hi%2C%0D%0A%0D%0AIf+you+been+in+business+for+more+than+2+years+and+have+over+5+W-2+employees%2C+you+might+be+eligible+to+get+money+back+from+the+IRS.%0D%0A%0D%0AThis+is+what+Travis+Mellish+Co-Owner+of+College+H.U.N.K.S+Hauling+Junk+%26+Moving+said+about+us:%0D%0A%0D%0A%E2%80%9CThe+Government+Programs+that+are+part+of+the+Cares+Act%2C+can+be+very+daunting+and+confusing+to+understand.+Our+franchisees+were+getting+a+lot+of+mixed+messages+and+we+were+looking+or+a+firm+that+could+help+educate+them+and+guide+them+through+the+process.+Bottom+Line+was+extremely+patient+and+diligent+working+individually+with+most+of+the+franchisees+to+maximize+their+money+during+the+pandemic.+They+were+a+great+partner+and+we+look+forward+to+a+long-lasting+relationship.%E2%80%9D%0D%0A%0D%0AGive+us+a+chance%2C+to+explain+new+IRS+program.+%0D%0A%0D%0Ahttps://bottomlinesavings-ertc.com%0D%0A%0D%0ARegards%2C%0D%0AThomas%0D%0A%0D%0A%0D%0A%0D%0A%0D%0A%0D%0A%0D%0A%0D%0A%0D%0A%0D%0A%0D%0A%0D%0A%0D%0A%0D%0A%0D%0A%0D%0A%0D%0A%0D%0A%0D%0A%0D%0A%0D%0A%0D%0A%0D%0A%0D%0A%0D%0A%0D%0A%0D%0A%0D%0A%0D%0A%0D%0A%0D%0A%0D%0A%0D%0A%0D%0A%0D%0AUnsubscribe:+%0D%0Ahttps://optout-media.com%3Fsite%3Dcrquality.com HTTP/1.1" 200 9139 "http://crquality.com/contact_us" "Mozilla/5.0 (Linux x86_64; rv:102.0) Gecko/20100101 Firefox/102.0" "crquality.com"
185.174.159.245 - - [23/Nov/2022:06:46:58 -0800] "GET / HTTP/1.1" 200 19157 "http://crquality.com/" "Mozilla/5.0 (Windows NT 10.0; Win64; x64) AppleWebKit/537.36 (KHTML, like Gecko) Chrome/90.0.4430.93 Safari/537.36" "crquality.com"
185.174.159.245 - - [23/Nov/2022:06:46:58 -0800] "GET /contact_us HTTP/1.1" 200 35448 "http://crquality.com/contact_us" "Mozilla/5.0 (Windows NT 10.0; Win64; x64) AppleWebKit/537.36 (KHTML, like Gecko) Chrome/90.0.4430.93 Safari/537.36" "crquality.com"
185.174.159.245 - - [23/Nov/2022:06:46:59 -0800] "POST /contact_us HTTP/1.1" 200 35448 "http://crquality.com/contact_us" "Mozilla/5.0 (Windows NT 10.0; Win64; x64) AppleWebKit/537.36 (KHTML, like Gecko) Chrome/90.0.4430.93 Safari/537.36" "crquality.com"
157.55.39.211 - - [23/Nov/2022:06:50:13 -0800] "GET /yahoo_site_admin/assets/images/06_391.8162629_sq_thumb_m.JPG HTTP/1.1" 200 23129 "-" "Mozilla/5.0 AppleWebKit/537.36 (KHTML, like Gecko; compatible; bingbot/2.0; +http://www.bing.com/bingbot.htm) Chrome/103.0.5060.134 Safari/537.36" "crquality.com"
10.247.24.112 - - [23/Nov/2022:06:51:09 -0800] "POST /blog/wp-cron.php?doing_wp_cron=1669215069.1837460994720458984375 HTTP/1.1" 200 - "http://crquality.com/blog/wp-cron.php?doing_wp_cron=1669215069.1837460994720458984375" "WordPress/4.9.22; http://crquality.com/blog" "crquality.com"
116.123.119.228 - - [23/Nov/2022:06:51:07 -0800] "POST /blog/xmlrpc.php HTTP/1.1" 200 403 "-" "Mozilla/5.0 (Macintosh; U; Intel Mac OS X 10.6; fr; rv:1.9.2.8) Gecko/20100722 Firefox/3.6.8" "crquality.com"
172.241.38.149 - - [23/Nov/2022:06:59:56 -0800] "GET /contact_us HTTP/1.1" 200 9139 "-" "Mozilla/5.0 (Linux x86_64; rv:102.0) Gecko/20100101 Firefox/102.0" "crquality.com"
172.241.38.149 - - [23/Nov/2022:06:59:57 -0800] "GET /contact_us?emailAddress=mike%40crquality.com&.crumb=1669259211zODgWnVCzSDsz8Etd7pLYK4mo8Y-&json_payload=&formDataName=Customer+contact&formDescription=Main+customer+contact+form&formGuid=itemRecordGuid.4a7711e25e3159.14166539&itemGuid.4a7711e25e2db3.26242014=Bobby&itemGuid.4a7711e25e2db3.26242017=Grinder&itemGuid.4a7711e25e2db3.26242020=bobby.grinder17%40googlemail.com&itemGuid.4a7711e25e2db3.26242023=06-19626567&itemGuid.4a7711e25e2db3.26242026=Business+Owners+and+Entrepreneurs%0D%0A%0D%0ALearn+how+business+owners+are+getting+%24100%2C000+Without+Income+or+Collateral+in+7+Days%0D%0A%0D%0ABusiness+Credit+is+KING%0D%0A%0D%0ANo+income+Verifications+%0D%0ANo+Personal+Liability%0D%0AHigh+Credit+Limits%0D%0A0%25+interest+sometimes+for+up+to+24+Months%0D%0AUp+to+1+Million+Dollars+in+12+Months+or+Less%0D%0A%0D%0AThis+is+the+Ultimate+Business+Credit+Program+Today%0D%0AAVOID+Funding+Rejections%21%0D%0A%0D%0ADiscover+this+step+by+step+Blueprint+To+Easily+Get+Funding+for+Your+business+or+for+Real+Estate%0D%0A%0D%0AClick+Here+Now%21%0D%0Ahttps%3A%2F%2Ffixnflip.me%2F HTTP/1.1" 200 9139 "http://crquality.com/contact_us" "Mozilla/5.0 (Linux x86_64; rv:102.0) Gecko/20100101 Firefox/102.0" "crquality.com"
24.202.29.138 - - [23/Nov/2022:07:05:45 -0800] "GET /contact_us/ HTTP/1.1" 200 35448 "http://crquality.com/contact_us/" "Mozilla/5.0 (Windows NT 10.0; Win64; x64) AppleWebKit/537.36 (KHTML, like Gecko) Chrome/90.0.4430.85 Safari/537.36" "crquality.com"
24.202.29.138 - - [23/Nov/2022:07:05:46 -0800] "POST /contact_us/ HTTP/1.1" 200 35448 "http://crquality.com/contact_us/" "Mozilla/5.0 (Windows NT 10.0; Win64; x64) AppleWebKit/537.36 (KHTML, like Gecko) Chrome/90.0.4430.85 Safari/537.36" "crquality.com"
77.88.5.49 - - [23/Nov/2022:07:39:18 -0800] "GET /robots.txt HTTP/1.1" 200 40 "-" "Mozilla/5.0 (compatible; YandexBot/3.0; +http://yandex.com/bots)" "crquality.com"
77.88.5.166 - - [23/Nov/2022:07:39:22 -0800] "GET /credit_-_paypal_payment HTTP/1.1" 404 88 "-" "Mozilla/5.0 (compatible; YandexBot/3.0; +http://yandex.com/bots)" "crquality.com"
162.55.86.61 - - [23/Nov/2022:07:40:56 -0800] "GET /robots.txt HTTP/1.1" 200 56 "-" "Mozilla/5.0 (compatible; BLEXBot/1.0; +http://webmeup-crawler.com/)" "crquality.com"
162.55.86.61 - - [23/Nov/2022:07:40:56 -0800] "GET /credit_-_paypal_payment HTTP/1.1" 404 88 "-" "Mozilla/5.0 (compatible; BLEXBot/1.0; +http://webmeup-crawler.com/)" "crquality.com"
10.247.24.114 - - [23/Nov/2022:08:12:28 -0800] "POST /blog/wp-cron.php?doing_wp_cron=1669219948.7558870315551757812500 HTTP/1.1" 200 - "http://crquality.com/blog/wp-cron.php?doing_wp_cron=1669219948.7558870315551757812500" "WordPress/4.9.22; http://crquality.com/blog" "crquality.com"
116.123.119.228 - - [23/Nov/2022:08:12:23 -0800] "POST /blog/xmlrpc.php HTTP/1.1" 200 403 "-" "Mozilla/5.0 (Macintosh; U; Intel Mac OS X 10.6; fr; rv:1.9.2.8) Gecko/20100722 Firefox/3.6.8" "crquality.com"
207.46.13.94 - - [23/Nov/2022:08:41:44 -0800] "GET /sitemap.xml HTTP/1.1" 200 247 "-" "Mozilla/5.0 (compatible; bingbot/2.0; +http://www.bing.com/bingbot.htm)" "crquality.com"
137.226.113.44 - - [23/Nov/2022:08:57:40 -0800] "GET / HTTP/1.1" 200 4886 "-" "Mozilla/5.0 zgrab/0.x (compatible; Researchscan/http; +http://researchscan.comsys.rwth-aachen.de)" "www.crquality.com"
14.29.178.230 - - [23/Nov/2022:08:58:42 -0800] "GET /?author=1 HTTP/1.1" 200 4886 "-" "Apache-HttpClient/4.5.2 (Java/1.8.0_161)" "crquality.com"
14.29.178.230 - - [23/Nov/2022:08:58:42 -0800] "GET /?author=2 HTTP/1.1" 200 4886 "-" "Apache-HttpClient/4.5.2 (Java/1.8.0_161)" "crquality.com"
14.29.178.230 - - [23/Nov/2022:08:58:43 -0800] "GET /?author=3 HTTP/1.1" 200 4886 "-" "Apache-HttpClient/4.5.2 (Java/1.8.0_161)" "crquality.com"
14.29.178.230 - - [23/Nov/2022:08:58:43 -0800] "GET /?author=4 HTTP/1.1" 200 4886 "-" "Apache-HttpClient/4.5.2 (Java/1.8.0_161)" "crquality.com"
14.29.178.230 - - [23/Nov/2022:08:58:43 -0800] "GET /?author=5 HTTP/1.1" 200 4886 "-" "Apache-HttpClient/4.5.2 (Java/1.8.0_161)" "crquality.com"
14.29.178.230 - - [23/Nov/2022:08:58:44 -0800] "GET /?author=7 HTTP/1.1" 200 4886 "-" "Apache-HttpClient/4.5.2 (Java/1.8.0_161)" "crquality.com"
14.29.178.230 - - [23/Nov/2022:08:58:44 -0800] "GET /?author=8 HTTP/1.1" 200 4886 "-" "Apache-HttpClient/4.5.2 (Java/1.8.0_161)" "crquality.com"
14.29.178.230 - - [23/Nov/2022:08:58:45 -0800] "GET /?author=9 HTTP/1.1" 200 4886 "-" "Apache-HttpClient/4.5.2 (Java/1.8.0_161)" "crquality.com"
14.29.178.230 - - [23/Nov/2022:08:58:45 -0800] "GET /?author=11 HTTP/1.1" 200 4886 "-" "Apache-HttpClient/4.5.2 (Java/1.8.0_161)" "crquality.com"
14.29.178.230 - - [23/Nov/2022:08:58:46 -0800] "GET /?author=12 HTTP/1.1" 200 4886 "-" "Apache-HttpClient/4.5.2 (Java/1.8.0_161)" "crquality.com"
14.29.178.230 - - [23/Nov/2022:08:58:46 -0800] "GET /?author=13 HTTP/1.1" 200 4886 "-" "Apache-HttpClient/4.5.2 (Java/1.8.0_161)" "crquality.com"
14.29.178.230 - - [23/Nov/2022:08:58:46 -0800] "GET /?author=14 HTTP/1.1" 200 4886 "-" "Apache-HttpClient/4.5.2 (Java/1.8.0_161)" "crquality.com"
14.29.178.230 - - [23/Nov/2022:08:58:47 -0800] "GET /?author=15 HTTP/1.1" 200 4886 "-" "Apache-HttpClient/4.5.2 (Java/1.8.0_161)" "crquality.com"
14.29.178.230 - - [23/Nov/2022:08:58:47 -0800] "GET /?author=16 HTTP/1.1" 200 4886 "-" "Apache-HttpClient/4.5.2 (Java/1.8.0_161)" "crquality.com"
14.29.178.230 - - [23/Nov/2022:08:58:48 -0800] "GET /?author=18 HTTP/1.1" 200 4886 "-" "Apache-HttpClient/4.5.2 (Java/1.8.0_161)" "crquality.com"
14.29.178.230 - - [23/Nov/2022:08:58:49 -0800] "GET /?author=20 HTTP/1.1" 200 4886 "-" "Apache-HttpClient/4.5.2 (Java/1.8.0_161)" "crquality.com"
36.138.37.75 - - [23/Nov/2022:09:17:01 -0800] "GET /contact_us/ HTTP/1.1" 200 35448 "http://crquality.com/contact_us/" "Mozilla/5.0 (Windows NT 10.0) AppleWebKit/537.36 (KHTML, like Gecko) Chrome/90.0.4430.85 Safari/537.36 Edg/90.0.818.46" "crquality.com"
36.137.244.112 - - [23/Nov/2022:09:17:41 -0800] "GET /contact_us/ HTTP/1.1" 200 35448 "http://crquality.com/contact_us/" "Mozilla/5.0 (Windows NT 10.0) AppleWebKit/537.36 (KHTML, like Gecko) Chrome/90.0.4430.85 Safari/537.36 Edg/90.0.818.46" "crquality.com"
36.137.244.112 - - [23/Nov/2022:09:17:46 -0800] "POST /contact_us/ HTTP/1.1" 200 35448 "http://crquality.com/contact_us/" "Mozilla/5.0 (Windows NT 10.0) AppleWebKit/537.36 (KHTML, like Gecko) Chrome/90.0.4430.85 Safari/537.36 Edg/90.0.818.46" "crquality.com"
68.69.184.202 - - [23/Nov/2022:10:27:05 -0800] "GET /robots.txt HTTP/1.1" 200 56 "-" "test" "crquality.com"
68.69.184.202 - - [23/Nov/2022:10:27:05 -0800] "GET / HTTP/1.1" 200 4886 "-" "test" "crquality.com"
146.59.233.33 - - [23/Nov/2022:10:29:46 -0800] "GET /contact_us/ HTTP/1.1" 200 35448 "http://crquality.com/contact_us/" "Mozilla/5.0 (Windows NT 6.1; WOW64) AppleWebKit/537.36 (KHTML, like Gecko) Chrome/90.0.4430.85 Safari/537.36" "crquality.com"
146.59.233.33 - - [23/Nov/2022:10:29:47 -0800] "POST /contact_us/ HTTP/1.1" 200 35448 "http://crquality.com/contact_us/" "Mozilla/5.0 (Windows NT 6.1; WOW64) AppleWebKit/537.36 (KHTML, like Gecko) Chrome/90.0.4430.85 Safari/537.36" "crquality.com"
146.59.233.33 - - [23/Nov/2022:10:29:48 -0800] "GET /contact_us/ HTTP/1.1" 200 35448 "http://crquality.com/contact_us/" "Mozilla/5.0 (Windows NT 6.1; WOW64) AppleWebKit/537.36 (KHTML, like Gecko) Chrome/90.0.4430.85 Safari/537.36" "crquality.com"
207.46.13.29 - - [23/Nov/2022:10:38:00 -0800] "GET /sitemap.xml HTTP/1.1" 200 247 "-" "Mozilla/5.0 AppleWebKit/537.36 (KHTML, like Gecko; compatible; bingbot/2.0; +http://www.bing.com/bingbot.htm) Chrome/103.0.5060.134 Safari/537.36" "www.crquality.com"
176.223.123.199 - - [23/Nov/2022:10:52:16 -0800] "GET /wp-login.php HTTP/1.1" 404 88 "-" "Mozilla/5.0 (Windows NT 10.0; Win64; x64; rv:96.0) Gecko/20100101 Firefox/96" "crquality.com"
116.123.119.228 - - [23/Nov/2022:10:58:36 -0800] "POST /blog/xmlrpc.php HTTP/1.1" 200 403 "-" "Mozilla/5.0 (Macintosh; U; Intel Mac OS X 10.6; fr; rv:1.9.2.8) Gecko/20100722 Firefox/3.6.8" "crquality.com"
10.247.24.112 - - [23/Nov/2022:10:58:38 -0800] "POST /blog/wp-cron.php?doing_wp_cron=1669229918.1862549781799316406250 HTTP/1.1" 200 - "http://crquality.com/blog/wp-cron.php?doing_wp_cron=1669229918.1862549781799316406250" "WordPress/4.9.22; http://crquality.com/blog" "crquality.com"
37.139.53.81 - - [23/Nov/2022:11:16:38 -0800] "GET /contact_us HTTP/1.1" 200 35448 "http://crquality.com/contact_us" "Mozilla/5.0 (Windows NT 10.0; Win64; x64) AppleWebKit/537.36 (KHTML, like Gecko) Chrome/83.0.4100.3 Safari/537.36" "crquality.com"
37.139.53.81 - - [23/Nov/2022:11:16:39 -0800] "POST /contact_us HTTP/1.1" 200 35448 "http://crquality.com/contact_us" "Mozilla/5.0 (Windows NT 10.0; Win64; x64) AppleWebKit/537.36 (KHTML, like Gecko) Chrome/83.0.4100.3 Safari/537.36" "crquality.com"
40.77.167.4 - - [23/Nov/2022:11:22:33 -0800] "GET /yahoo_site_admin/assets/images/mike_zipp_drive_pic_1470.910525_large.JPG HTTP/1.1" 200 311528 "-" "Mozilla/5.0 AppleWebKit/537.36 (KHTML, like Gecko; compatible; bingbot/2.0; +http://www.bing.com/bingbot.htm) Chrome/103.0.5060.134 Safari/537.36" "crquality.com"
107.179.20.212 - - [23/Nov/2022:11:24:06 -0800] "GET /about_us HTTP/1.1" 200 5466 "http://www.crquality.com/" "0" "www.crquality.com"
107.179.20.212 - - [23/Nov/2022:11:24:06 -0800] "GET /contact_us HTTP/1.1" 200 9139 "http://www.crquality.com/" "0" "www.crquality.com"
107.179.20.212 - - [23/Nov/2022:11:24:07 -0800] "GET /home HTTP/1.1" 200 4885 "http://www.crquality.com/" "0" "www.crquality.com"
107.179.20.212 - - [23/Nov/2022:11:24:07 -0800] "GET /recent_job_photos HTTP/1.1" 200 4816 "http://www.crquality.com/" "0" "www.crquality.com"
107.179.20.212 - - [23/Nov/2022:11:24:06 -0800] "GET /energy_efficiency HTTP/1.1" 200 4367 "http://www.crquality.com/" "0" "www.crquality.com"
107.179.20.212 - - [23/Nov/2022:11:24:07 -0800] "GET /the_before__after HTTP/1.1" 200 13850 "http://www.crquality.com/" "0" "www.crquality.com"
107.179.20.212 - - [23/Nov/2022:11:24:07 -0800] "GET /services HTTP/1.1" 200 4993 "http://www.crquality.com/" "0" "www.crquality.com"
207.46.13.94 - - [23/Nov/2022:11:31:39 -0800] "GET /sitemap.xml HTTP/1.1" 200 247 "-" "Mozilla/5.0 (compatible; bingbot/2.0; +http://www.bing.com/bingbot.htm)" "crquality.com"
207.46.13.94 - - [23/Nov/2022:11:36:10 -0800] "GET /sitemap.xml HTTP/1.1" 200 247 "-" "Mozilla/5.0 (compatible; bingbot/2.0; +http://www.bing.com/bingbot.htm)" "crquality.com"
36.137.247.89 - - [23/Nov/2022:11:37:15 -0800] "GET /contact_us/ HTTP/1.1" 200 35448 "http://crquality.com/contact_us/" "Mozilla/5.0 (Windows NT 10.0) AppleWebKit/537.36 (KHTML, like Gecko) Chrome/90.0.4430.85 Safari/537.36 Edg/90.0.818.46" "crquality.com"
36.137.247.89 - - [23/Nov/2022:11:37:19 -0800] "POST /contact_us/ HTTP/1.1" 200 35448 "http://crquality.com/contact_us/" "Mozilla/5.0 (Windows NT 10.0) AppleWebKit/537.36 (KHTML, like Gecko) Chrome/90.0.4430.85 Safari/537.36 Edg/90.0.818.46" "crquality.com"
116.123.119.228 - - [23/Nov/2022:12:20:03 -0800] "POST /blog/xmlrpc.php HTTP/1.1" 200 403 "-" "Mozilla/5.0 (Macintosh; U; Intel Mac OS X 10.6; fr; rv:1.9.2.8) Gecko/20100722 Firefox/3.6.8" "crquality.com"
10.247.24.112 - - [23/Nov/2022:12:20:04 -0800] "POST /blog/wp-cron.php?doing_wp_cron=1669234804.7907710075378417968750 HTTP/1.1" 200 - "http://crquality.com/blog/wp-cron.php?doing_wp_cron=1669234804.7907710075378417968750" "WordPress/4.9.22; http://crquality.com/blog" "crquality.com"
36.138.82.34 - - [23/Nov/2022:12:25:21 -0800] "GET /contact_us/ HTTP/1.1" 200 35448 "http://crquality.com/contact_us/" "Mozilla/5.0 (Windows NT 6.3; Win64; x64) AppleWebKit/537.36 (KHTML, like Gecko) Chrome/90.0.4430.85 Safari/537.36 Edg/90.0.818.49" "crquality.com"
36.138.82.34 - - [23/Nov/2022:12:25:25 -0800] "POST /contact_us/ HTTP/1.1" 200 35448 "http://crquality.com/contact_us/" "Mozilla/5.0 (Windows NT 6.3; Win64; x64) AppleWebKit/537.36 (KHTML, like Gecko) Chrome/90.0.4430.85 Safari/537.36 Edg/90.0.818.49" "crquality.com"
66.249.66.156 - - [23/Nov/2022:12:34:34 -0800] "GET /home HTTP/1.1" 200 4885 "-" "Mozilla/5.0 (compatible; Googlebot/2.1; +http://www.google.com/bot.html)" "crquality.com"
54.221.189.254 - - [23/Nov/2022:12:34:34 -0800] "GET /home HTTP/1.1" 200 4885 "-" "Mozilla/5.0 (Windows; U; Windows NT 5.1; en-US; rv:1.9.2.8) Gecko/20100722 Firefox/3.6.8" "crquality.com"
207.46.13.29 - - [23/Nov/2022:12:44:12 -0800] "GET /sitemap.xml HTTP/1.1" 200 247 "-" "Mozilla/5.0 (compatible; bingbot/2.0; +http://www.bing.com/bingbot.htm)" "crquality.com"
36.133.49.110 - - [23/Nov/2022:12:49:42 -0800] "GET /contact_us/ HTTP/1.1" 200 35448 "http://crquality.com/contact_us/" "Mozilla/5.0 (Windows NT 10.0; WOW64) AppleWebKit/537.36 (KHTML, like Gecko) Chrome/90.0.4430.72 Safari/537.36" "crquality.com"
36.133.49.110 - - [23/Nov/2022:12:49:47 -0800] "POST /contact_us/ HTTP/1.1" 200 35448 "http://crquality.com/contact_us/" "Mozilla/5.0 (Windows NT 10.0; WOW64) AppleWebKit/537.36 (KHTML, like Gecko) Chrome/90.0.4430.72 Safari/537.36" "crquality.com"
36.138.81.44 - - [23/Nov/2022:13:06:57 -0800] "GET /contact_us/ HTTP/1.1" 200 35448 "http://crquality.com/contact_us/" "Mozilla/5.0 (Windows NT 6.1; Win64; x64) AppleWebKit/537.36 (KHTML, like Gecko) Chrome/90.0.4430.93 Safari/537.36" "crquality.com"
36.138.81.44 - - [23/Nov/2022:13:07:01 -0800] "POST /contact_us/ HTTP/1.1" 200 35448 "http://crquality.com/contact_us/" "Mozilla/5.0 (Windows NT 6.1; Win64; x64) AppleWebKit/537.36 (KHTML, like Gecko) Chrome/90.0.4430.93 Safari/537.36" "crquality.com"
199.249.230.70 - - [23/Nov/2022:13:13:44 -0800] "GET /contact_us/ HTTP/1.1" 200 35448 "http://crquality.com/contact_us/" "Mozilla/5.0 (Windows NT 6.1; ) AppleWebKit/537.36 (KHTML, like Gecko) Chrome/90.0.4430.72 Safari/537.36" "crquality.com"
109.70.100.81 - - [23/Nov/2022:13:13:45 -0800] "POST /contact_us/ HTTP/1.1" 200 35448 "http://crquality.com/contact_us/" "Mozilla/5.0 (Windows NT 6.1; ) AppleWebKit/537.36 (KHTML, like Gecko) Chrome/90.0.4430.72 Safari/537.36" "crquality.com"
109.70.100.81 - - [23/Nov/2022:13:13:47 -0800] "GET /contact_us/ HTTP/1.1" 200 35448 "http://crquality.com/contact_us/" "Mozilla/5.0 (Windows NT 6.1; ) AppleWebKit/537.36 (KHTML, like Gecko) Chrome/90.0.4430.72 Safari/537.36" "crquality.com"
54.91.43.40 - - [23/Nov/2022:13:18:36 -0800] "GET /yahoo_site_admin/assets/images/IMG_20130716_145853_189.8125030_sq_thumb_m.jpg HTTP/1.1" 200 15832 "-" "Mozilla/5.0 (X11; Ubuntu; Linux x86_64; rv:72.0) Gecko/20100101 Firefox/72.0" "crquality.com"
116.123.119.228 - - [23/Nov/2022:13:42:26 -0800] "POST /blog/xmlrpc.php HTTP/1.1" 200 403 "-" "Mozilla/5.0 (Macintosh; U; Intel Mac OS X 10.6; fr; rv:1.9.2.8) Gecko/20100722 Firefox/3.6.8" "crquality.com"
10.247.24.112 - - [23/Nov/2022:13:42:27 -0800] "POST /blog/wp-cron.php?doing_wp_cron=1669239747.7530770301818847656250 HTTP/1.1" 200 - "http://crquality.com/blog/wp-cron.php?doing_wp_cron=1669239747.7530770301818847656250" "WordPress/4.9.22; http://crquality.com/blog" "crquality.com"
54.36.148.91 - - [23/Nov/2022:13:43:39 -0800] "GET /robots.txt HTTP/1.1" 200 56 "-" "Mozilla/5.0 (compatible; AhrefsBot/7.0; +http://ahrefs.com/robot/)" "www.crquality.com"
185.100.86.122 - - [23/Nov/2022:13:48:09 -0800] "GET /contact_us/ HTTP/1.1" 200 35448 "http://crquality.com/contact_us/" "Mozilla/5.0 (Windows NT 6.2; Win64; x64) AppleWebKit/537.36 (KHTML, like Gecko) Chrome/90.0.4430.93 Safari/537.36" "crquality.com"
185.100.86.122 - - [23/Nov/2022:13:48:10 -0800] "POST /contact_us/ HTTP/1.1" 200 35448 "http://crquality.com/contact_us/" "Mozilla/5.0 (Windows NT 6.2; Win64; x64) AppleWebKit/537.36 (KHTML, like Gecko) Chrome/90.0.4430.93 Safari/537.36" "crquality.com"
185.100.86.122 - - [23/Nov/2022:13:48:10 -0800] "GET /contact_us/ HTTP/1.1" 200 35448 "http://crquality.com/contact_us/" "Mozilla/5.0 (Windows NT 6.2; Win64; x64) AppleWebKit/537.36 (KHTML, like Gecko) Chrome/90.0.4430.93 Safari/537.36" "crquality.com"
