51.222.253.6 - - [09/Dec/2022:16:39:06 -0800] "GET /robots.txt HTTP/1.1" 200 56 "-" "Mozilla/5.0 (compatible; AhrefsBot/7.0; +http://ahrefs.com/robot/)" "crquality.com"
185.191.171.11 - - [09/Dec/2022:16:50:52 -0800] "GET /robots.txt HTTP/1.1" 200 56 "-" "Mozilla/5.0 (compatible; SemrushBot/7~bl; +http://www.semrush.com/bot.html)" "crquality.com"
185.191.171.2 - - [09/Dec/2022:16:50:52 -0800] "GET /trees HTTP/1.1" 404 88 "-" "Mozilla/5.0 (compatible; SemrushBot/7~bl; +http://www.semrush.com/bot.html)" "crquality.com"
139.59.180.243 - - [09/Dec/2022:17:08:26 -0800] "GET /wp-content/ HTTP/1.1" 404 88 "-" "Mozilla/5.0 (Macintosh; Intel Mac OS X 10.15; rv:77.0) Gecko/20100101 Firefox/77.0" "crquality.com"
4.236.144.116 - - [09/Dec/2022:17:10:11 -0800] "GET /xmlrpc.php HTTP/1.1" 404 88 "-" "Mozilla/5.0 (Macintosh; Intel Mac OS X 10.15; rv:77.0) Gecko/20100101 Firefox/77.0" "crquality.com"
20.55.120.78 - - [09/Dec/2022:17:24:40 -0800] "GET /vendor/phpunit/phpunit/src/Util/PHP/eval-stdin.php HTTP/1.1" 404 88 "-" "python-requests/2.28.1" "crquality.com"
17.121.113.239 - - [09/Dec/2022:18:51:53 -0800] "GET /robots.txt HTTP/1.1" 200 56 "-" "Mozilla/5.0 (Macintosh; Intel Mac OS X 10_15_5) AppleWebKit/605.1.15 (KHTML, like Gecko) Version/13.1.1 Safari/605.1.15 (Applebot/0.1; +http://www.apple.com/go/applebot)" "www.crquality.com"
17.121.113.239 - - [09/Dec/2022:18:51:53 -0800] "GET / HTTP/1.1" 200 4886 "-" "Mozilla/5.0 (Macintosh; Intel Mac OS X 10_15_5) AppleWebKit/605.1.15 (KHTML, like Gecko) Version/13.1.1 Safari/605.1.15 (Applebot/0.1; +http://www.apple.com/go/applebot)" "www.crquality.com"
74.84.150.150 - - [09/Dec/2022:19:01:54 -0800] "GET /robots.txt HTTP/1.1" 200 56 "-" "test" "crquality.com"
74.84.150.150 - - [09/Dec/2022:19:01:54 -0800] "GET / HTTP/1.1" 200 4886 "-" "test" "crquality.com"
66.249.92.197 - - [09/Dec/2022:19:04:21 -0800] "GET /apple-app-site-association HTTP/1.1" 404 88 "-" "AdsBot-Google (+http://www.google.com/adsbot.html)" "www.crquality.com"
114.119.143.5 - - [09/Dec/2022:19:06:20 -0800] "GET /robots.txt HTTP/1.1" 200 56 "-" "Mozilla/5.0 (compatible;PetalBot;+https://webmaster.petalsearch.com/site/petalbot)" "crquality.com"
162.55.86.61 - - [09/Dec/2022:19:16:12 -0800] "GET /robots.txt HTTP/1.1" 200 56 "-" "Mozilla/5.0 (compatible; BLEXBot/1.0; +http://webmeup-crawler.com/)" "www.crquality.com"
162.55.86.61 - - [09/Dec/2022:19:16:12 -0800] "GET /about_us HTTP/1.1" 200 5466 "-" "Mozilla/5.0 (compatible; BLEXBot/1.0; +http://webmeup-crawler.com/)" "www.crquality.com"
162.55.86.61 - - [09/Dec/2022:19:16:25 -0800] "GET /contact_us HTTP/1.1" 200 9137 "-" "Mozilla/5.0 (compatible; BLEXBot/1.0; +http://webmeup-crawler.com/)" "www.crquality.com"
162.55.86.61 - - [09/Dec/2022:19:16:36 -0800] "GET /energy_efficiency HTTP/1.1" 200 4367 "-" "Mozilla/5.0 (compatible; BLEXBot/1.0; +http://webmeup-crawler.com/)" "www.crquality.com"
162.55.86.61 - - [09/Dec/2022:19:16:53 -0800] "GET /home HTTP/1.1" 200 4885 "-" "Mozilla/5.0 (compatible; BLEXBot/1.0; +http://webmeup-crawler.com/)" "www.crquality.com"
162.55.86.61 - - [09/Dec/2022:19:17:04 -0800] "GET /recent_job_photos HTTP/1.1" 200 4816 "-" "Mozilla/5.0 (compatible; BLEXBot/1.0; +http://webmeup-crawler.com/)" "www.crquality.com"
162.55.86.61 - - [09/Dec/2022:19:17:15 -0800] "GET /services HTTP/1.1" 200 4993 "-" "Mozilla/5.0 (compatible; BLEXBot/1.0; +http://webmeup-crawler.com/)" "www.crquality.com"
162.55.86.61 - - [09/Dec/2022:19:17:27 -0800] "GET /the_before__after HTTP/1.1" 200 13850 "-" "Mozilla/5.0 (compatible; BLEXBot/1.0; +http://webmeup-crawler.com/)" "www.crquality.com"
40.77.167.73 - - [09/Dec/2022:19:19:42 -0800] "GET /sitemap.xml HTTP/1.1" 200 247 "-" "Mozilla/5.0 AppleWebKit/537.36 (KHTML, like Gecko; compatible; bingbot/2.0; +http://www.bing.com/bingbot.htm) Chrome/103.0.5060.134 Safari/537.36" "crquality.com"
142.54.173.139 - - [09/Dec/2022:19:40:32 -0800] "GET /contact_us/ HTTP/1.1" 200 35448 "http://crquality.com/contact_us/" "Mozilla/5.0 (Windows NT 10.0) AppleWebKit/537.36 (KHTML, like Gecko) Chrome/90.0.4430.85 Safari/537.36 Edg/90.0.818.46" "crquality.com"
142.54.173.139 - - [09/Dec/2022:19:40:32 -0800] "POST /contact_us/ HTTP/1.1" 200 35448 "http://crquality.com/contact_us/" "Mozilla/5.0 (Windows NT 10.0) AppleWebKit/537.36 (KHTML, like Gecko) Chrome/90.0.4430.85 Safari/537.36 Edg/90.0.818.46" "crquality.com"
155.254.9.2 - - [09/Dec/2022:20:24:18 -0800] "GET /contact_us/ HTTP/1.1" 200 35448 "http://crquality.com/contact_us/" "Mozilla/5.0 (Windows NT 10.0) AppleWebKit/537.36 (KHTML, like Gecko) Chrome/90.0.4430.85 Safari/537.36" "crquality.com"
155.254.9.2 - - [09/Dec/2022:20:24:29 -0800] "POST /contact_us/ HTTP/1.1" 200 35448 "http://crquality.com/contact_us/" "Mozilla/5.0 (Windows NT 10.0) AppleWebKit/537.36 (KHTML, like Gecko) Chrome/90.0.4430.85 Safari/537.36" "crquality.com"
107.152.192.182 - - [09/Dec/2022:20:28:46 -0800] "GET / HTTP/1.1" 200 19157 "crquality.com" "Mozilla/5.0 (Windows; U; Windows NT 6.1; en-US; rv:1.9.1.8) Gecko/20100223 Firefox/3.5.8 Lunascape/6.1.0.20940 ( .NET CLR 3.5.30729)" "crquality.com"
51.159.37.236 - - [09/Dec/2022:20:38:46 -0800] "GET /wp-admin/ HTTP/1.1" 404 73 "-" "Mozilla/5.0 (Windows NT 10.0; Win64; x64) AppleWebKit/537.36 (KHTML, like Gecko) Chrome/108.0.0.0 Safari/537.36" "crquality.com"
54.36.148.10 - - [09/Dec/2022:20:48:19 -0800] "GET /robots.txt HTTP/1.1" 200 56 "-" "Mozilla/5.0 (compatible; AhrefsBot/7.0; +http://ahrefs.com/robot/)" "www.crquality.com"
37.139.53.81 - - [09/Dec/2022:20:50:59 -0800] "GET /contact_us HTTP/1.1" 200 35448 "http://crquality.com/contact_us" "Mozilla/5.0 (Windows NT 10.0; Win64; x64) AppleWebKit/537.36 (KHTML, like Gecko) Chrome/83.0.4089.0 Safari/537.36" "crquality.com"
37.139.53.81 - - [09/Dec/2022:20:50:59 -0800] "POST /contact_us HTTP/1.1" 200 35448 "http://crquality.com/contact_us" "Mozilla/5.0 (Windows NT 10.0; Win64; x64) AppleWebKit/537.36 (KHTML, like Gecko) Chrome/83.0.4089.0 Safari/537.36" "crquality.com"
54.39.29.64 - - [09/Dec/2022:20:53:14 -0800] "GET /contact_us/ HTTP/1.1" 200 35448 "http://crquality.com/contact_us/" "Mozilla/5.0 (Windows NT 6.2; Win64; x64) AppleWebKit/537.36 (KHTML, like Gecko) Chrome/90.0.4430.72 Safari/537.36" "crquality.com"
114.119.148.132 - - [09/Dec/2022:20:54:05 -0800] "GET /robots.txt HTTP/1.1" 200 56 "-" "Mozilla/5.0 (compatible;PetalBot;+https://webmaster.petalsearch.com/site/petalbot)" "crquality.com"
2.62.43.220 - - [09/Dec/2022:21:04:09 -0800] "GET / HTTP/1.1" 200 4886 "-" "Mozilla/5.0 (Windows NT 10.0; Win64; x64) AppleWebKit/537.36 (KHTML, like Gecko) Chrome/85.0.4183.121 Safari/537.36" "crquality.com"
2.62.43.220 - - [09/Dec/2022:21:04:15 -0800] "GET /contact_us HTTP/1.1" 200 9137 "-" "Mozilla/5.0 (Windows NT 10.0; Win64; x64) AppleWebKit/537.36 (KHTML, like Gecko) Chrome/85.0.4183.121 Safari/537.36" "crquality.com"
2.62.43.220 - - [09/Dec/2022:21:04:19 -0800] "GET /contact_us HTTP/1.1" 200 9137 "-" "Mozilla/5.0 (Windows NT 10.0; Win64; x64) AppleWebKit/537.36 (KHTML, like Gecko) Chrome/85.0.4183.121 Safari/537.36" "crquality.com"
2.62.43.220 - - [09/Dec/2022:21:04:20 -0800] "GET /contact_us HTTP/1.1" 200 9137 "-" "Mozilla/5.0 (Windows NT 10.0; Win64; x64) AppleWebKit/537.36 (KHTML, like Gecko) Chrome/85.0.4183.121 Safari/537.36" "crquality.com"
2.62.43.220 - - [09/Dec/2022:21:04:21 -0800] "GET /contact_us HTTP/1.1" 200 9137 "-" "Mozilla/5.0 (Windows NT 10.0; Win64; x64) AppleWebKit/537.36 (KHTML, like Gecko) Chrome/85.0.4183.121 Safari/537.36" "crquality.com"
185.197.74.125 - - [09/Dec/2022:21:46:43 -0800] "GET /contact_us/ HTTP/1.1" 200 35448 "http://crquality.com/contact_us/" "Mozilla/5.0 (Windows NT 6.1; Win64; x64) AppleWebKit/537.36 (KHTML, like Gecko) Chrome/90.0.4430.85 Safari/537.36 Edg/90.0.818.49" "crquality.com"
109.68.189.22 - - [09/Dec/2022:22:28:40 -0800] "GET /contact_us/ HTTP/1.1" 200 35448 "http://crquality.com/contact_us/" "Mozilla/5.0 (Windows NT 10.0) AppleWebKit/537.36 (KHTML, like Gecko) Chrome/90.0.4430.93 Safari/537.36" "crquality.com"
185.125.168.210 - - [09/Dec/2022:22:31:22 -0800] "GET /contact_us/ HTTP/1.1" 200 35448 "http://crquality.com/contact_us/" "Mozilla/5.0 (Windows NT 6.1; Win64; x64) AppleWebKit/537.36 (KHTML, like Gecko) Chrome/90.0.4430.85 Safari/537.36" "crquality.com"
185.125.168.210 - - [09/Dec/2022:22:31:23 -0800] "POST /contact_us/ HTTP/1.1" 200 35448 "http://crquality.com/contact_us/" "Mozilla/5.0 (Windows NT 6.1; Win64; x64) AppleWebKit/537.36 (KHTML, like Gecko) Chrome/90.0.4430.85 Safari/537.36" "crquality.com"
185.125.168.210 - - [09/Dec/2022:22:31:24 -0800] "GET /contact_us/ HTTP/1.1" 200 35448 "http://crquality.com/contact_us/" "Mozilla/5.0 (Windows NT 6.1; Win64; x64) AppleWebKit/537.36 (KHTML, like Gecko) Chrome/90.0.4430.85 Safari/537.36" "crquality.com"
185.129.62.62 - - [09/Dec/2022:22:31:56 -0800] "GET /contact_us/ HTTP/1.1" 200 35448 "http://crquality.com/contact_us/" "Mozilla/5.0 (Windows NT 10.0; WOW64) AppleWebKit/537.36 (KHTML, like Gecko) Chrome/90.0.4430.93 Safari/537.36" "crquality.com"
185.129.62.62 - - [09/Dec/2022:22:31:57 -0800] "POST /contact_us/ HTTP/1.1" 200 35448 "http://crquality.com/contact_us/" "Mozilla/5.0 (Windows NT 10.0; WOW64) AppleWebKit/537.36 (KHTML, like Gecko) Chrome/90.0.4430.93 Safari/537.36" "crquality.com"
185.129.62.62 - - [09/Dec/2022:22:31:58 -0800] "GET /contact_us/ HTTP/1.1" 200 35448 "http://crquality.com/contact_us/" "Mozilla/5.0 (Windows NT 10.0; WOW64) AppleWebKit/537.36 (KHTML, like Gecko) Chrome/90.0.4430.93 Safari/537.36" "crquality.com"
37.19.223.118 - - [09/Dec/2022:22:44:05 -0800] "GET / HTTP/1.1" 200 19157 "http://crquality.com/" "Mozilla/5.0 (Windows NT 10.0; Win64; x64) AppleWebKit/537.36 (KHTML, like Gecko) Chrome/65.0.3325.181 Safari/537.36" "crquality.com"
37.19.223.118 - - [09/Dec/2022:22:44:05 -0800] "GET /contact_us HTTP/1.1" 200 35448 "http://crquality.com/contact_us" "Mozilla/5.0 (Windows NT 10.0; Win64; x64) AppleWebKit/537.36 (KHTML, like Gecko) Chrome/65.0.3325.181 Safari/537.36" "crquality.com"
37.19.223.118 - - [09/Dec/2022:22:44:06 -0800] "POST /contact_us HTTP/1.1" 200 35448 "http://crquality.com/contact_us" "Mozilla/5.0 (Windows NT 10.0; Win64; x64) AppleWebKit/537.36 (KHTML, like Gecko) Chrome/65.0.3325.181 Safari/537.36" "crquality.com"
51.89.153.112 - - [09/Dec/2022:23:47:22 -0800] "GET /contact_us/ HTTP/1.1" 200 35448 "http://crquality.com/contact_us/" "Mozilla/5.0 (Windows NT 6.1; Win64; x64) AppleWebKit/537.36 (KHTML, like Gecko) Chrome/90.0.4430.72 Safari/537.36" "crquality.com"
51.89.153.112 - - [09/Dec/2022:23:47:22 -0800] "POST /contact_us/ HTTP/1.1" 200 35448 "http://crquality.com/contact_us/" "Mozilla/5.0 (Windows NT 6.1; Win64; x64) AppleWebKit/537.36 (KHTML, like Gecko) Chrome/90.0.4430.72 Safari/537.36" "crquality.com"
51.89.153.112 - - [09/Dec/2022:23:47:23 -0800] "GET /contact_us/ HTTP/1.1" 200 35448 "http://crquality.com/contact_us/" "Mozilla/5.0 (Windows NT 6.1; Win64; x64) AppleWebKit/537.36 (KHTML, like Gecko) Chrome/90.0.4430.72 Safari/537.36" "crquality.com"
51.222.253.14 - - [10/Dec/2022:00:06:29 -0800] "GET / HTTP/1.1" 200 4886 "-" "Mozilla/5.0 (compatible; AhrefsBot/7.0; +http://ahrefs.com/robot/)" "crquality.com"
101.32.245.117 - - [10/Dec/2022:00:18:49 -0800] "GET /contact_us/ HTTP/1.1" 200 35448 "http://crquality.com/contact_us/" "Mozilla/5.0 (Windows NT 10.0; Win64; x64) AppleWebKit/537.36 (KHTML, like Gecko) Chrome/90.0.4430.85 Safari/537.36 Edg/90.0.818.46" "crquality.com"
101.32.245.117 - - [10/Dec/2022:00:18:51 -0800] "POST /contact_us/ HTTP/1.1" 200 35448 "http://crquality.com/contact_us/" "Mozilla/5.0 (Windows NT 10.0; Win64; x64) AppleWebKit/537.36 (KHTML, like Gecko) Chrome/90.0.4430.85 Safari/537.36 Edg/90.0.818.46" "crquality.com"
40.77.167.74 - - [10/Dec/2022:00:36:08 -0800] "GET /sitemap.xml HTTP/1.1" 200 247 "-" "Mozilla/5.0 (compatible; bingbot/2.0; +http://www.bing.com/bingbot.htm)" "crquality.com"
172.241.37.220 - - [10/Dec/2022:00:45:28 -0800] "GET /contact_us HTTP/1.1" 200 9137 "-" "Mozilla/5.0 (Windows NT 10.0; WOW64) AppleWebKit/537.36 (KHTML, like Gecko) Chrome/103.0.0.0 Safari/537.36 Vivaldi/5.3.2679.68" "crquality.com"
172.241.37.220 - - [10/Dec/2022:00:45:28 -0800] "GET /contact_us?emailAddress=mike%40crquality.com&.crumb=1670668067DKxA_8_0hEivt3nNx9i_2kALt8c-&json_payload=&formDataName=Customer+contact&formDescription=Main+customer+contact+form&formGuid=itemRecordGuid.4a7711e25e3159.14166539&itemGuid.4a7711e25e2db3.26242014=Margarita&itemGuid.4a7711e25e2db3.26242017=McCaskill&itemGuid.4a7711e25e2db3.26242020=mccaskill.margarita94%40gmail.com&itemGuid.4a7711e25e2db3.26242023=0332+6189280&itemGuid.4a7711e25e2db3.26242026=Hi+there%2C%0D%0A%0D%0AToday%2C+My+friends+Akshat+%26+Jaideep+has+released+another+premium+Software+that+can+get+you+Unlimited+Backlinks+for+your+website+%26+Youtube+Channel+With+the+push+of+a+button+-+without+any+manual+work.%0D%0A%0D%0A%0D%0AYes%2C+you+read+that+right.+%0D%0A%0D%0AYou+Can+Now+Easily+Get+Unlimited+HQ+Backlinks+%26+Real+Buyers+Traffic+%E2%80%A6+With+Commercial+EVEN+FOR+A+LIFETIME%21%21%0D%0A%0D%0A%3D%3E+Click+Here+to+Get+It+Now+Before+Deal+Ends+https://warriorplus.com/o2/a/vjrqsd/0+%0D%0A%0D%0ALet+me+introduce+you+to+BacklinkMaker%E2%80%A6%0D%0A%22Award+Winning%22+Software+Gets+You+UNLIMITED+REAL+BACKLINKS+%26+FREE+BUYER+TRAFFIC+On+Autopilot+With+Zero+Monthly+Fee+%0D%0A%2B+%0D%0A%E2%80%9CGuaranteed%E2%80%9D+Rank+Your+Site+on+Top+of+Google%2C+Yahoo+%26+Bing%E2%80%A6%0D%0A%0D%0AHow+cool+is+that%3F%0D%0A%0D%0ANow+you+won%E2%80%99t+have+to+pay+for+Backlinks+%26+Other+SEO+Services+On+Other+Online+Platforms+Like+Fiverr%2C+Upwork+etc%0D%0A%0D%0ASo+let+me+ask+you%E2%80%A6%0D%0A%0D%0AAren%E2%80%99t+you+tired+of+Spending+1000%E2%80%99s+Of+Dollars+for+getting+non+related+backlinks+or+fake+traffic+even+%3F%0D%0A%0D%0AThanks+to+the+brand+new+AI-powered+software+BacklinkMaker+you%E2%80%99ll+get+Unlimited+Backlinks+%26+Real+Human+Traffic+to+your+website+%26+Youtube+channels.%0D%0A%0D%0AThis+is+a+professional+cloud-based+platform+that+comes+with+a+Commercial.%0D%0A%0D%0AFor+Evergreen+Income+WITHOUT+Any+Special+Skills%2C+Experience%2C+Or+Learning+Curve.%0D%0A%0D%0A%3D%3E+Grab+BacklinkMaker+With+Exclusive+Bonuses+Now+https://warriorplus.com/o2/a/vjrqsd/0%0D%0A%0D%0AThis+is+an+irresistible+offer%2C+with+BacklinkMaker+you%E2%80%99ll+be+able+to:%0D%0A%0D%0ACreate+Unlimited+HQ+Backlinks+For+Your+Blogs%2C+Website+Etc+On+Autopilot%0D%0AGet+Higher+Rank+Easily+On+Google%2C+Bing+%26+yahoo+etc+With+No+Extra+Efforts%0D%0AGet+Unlimited+Real+%26+Related+Buyer+Traffic+%26+Sales+%0D%0AFully+Autopilot..+No+Manual+Work%0D%0AGet+Faster+Indexing+For+Your+All+Webpages++%0D%0AAutomatic+Updates+With+No+Extra+Installation+Hassels+%0D%0AUNLIMITED+COMMERCIAL+LICENCE+Included%0D%0ANo+Limitations+-+Completely+Free%0D%0ASell+Unlimited+Backlinks+%26+Rest+Services+to+Earn+Like+The+Big+Boys%0D%0ANo+Special+Skills+or+Experience+Required%0D%0AStep+By+Step+Training+%26+Videos++%0D%0A$200+Refund+If+It+Doesn%E2%80%99t+Work+For+You%0D%0A%0D%0AAnd+much+more...%0D%0A%0D%0A%3D%3E+Get+Your+BacklinkMaker+Lifetime+Account+%2B+Commercial++Licence+at+a+One-Time+Price+https://warriorplus.com/o2/a/vjrqsd/0%0D%0ASpecial+$4+Off+-+%E2%80%98LINK4%E2%80%
34.125.239.180 - - [10/Dec/2022:00:49:48 -0800] "GET /contact_us/ HTTP/1.1" 200 35448 "http://crquality.com/contact_us/" "Mozilla/5.0 (Windows NT 6.3; Win64; x64) AppleWebKit/537.36 (KHTML, like Gecko) Chrome/90.0.4430.85 Safari/537.36" "crquality.com"
34.125.239.180 - - [10/Dec/2022:00:49:50 -0800] "POST /contact_us/ HTTP/1.1" 200 35448 "http://crquality.com/contact_us/" "Mozilla/5.0 (Windows NT 6.3; Win64; x64) AppleWebKit/537.36 (KHTML, like Gecko) Chrome/90.0.4430.85 Safari/537.36" "crquality.com"
39.105.194.102 - - [10/Dec/2022:00:54:06 -0800] "GET /yahoo_site_admin/assets/images/IMG_20130716_145853_189.8125030_sq_thumb_m.jpg HTTP/1.1" 200 15832 "-" "Mozilla/5.0 (Macintosh; Intel Mac OS X 10_15_7) AppleWebKit/537.36 (KHTML, like Gecko) Chrome/105.0.0.0 Safari/537.36" "crquality.com"
20.21.110.157 - - [10/Dec/2022:01:40:25 -0800] "GET / HTTP/1.1" 200 19157 "-" "Mozilla/5.0 (Windows NT 10.0; Win64; x64) AppleWebKit/537.36 (KHTML, like Gecko) Chrome/89.0.4389.114 Safari/537.36" "crquality.com"
20.21.110.157 - - [10/Dec/2022:01:40:26 -0800] "GET / HTTP/1.1" 200 19157 "-" "Mozilla/5.0 (Windows NT 10.0; Win64; x64) AppleWebKit/537.36 (KHTML, like Gecko) Chrome/89.0.4389.114 Safari/537.36" "crquality.com"
20.21.110.157 - - [10/Dec/2022:01:40:27 -0800] "GET /wp-includes/wlwmanifest.xml HTTP/1.1" 404 73 "-" "Mozilla/5.0 (Windows NT 10.0; Win64; x64) AppleWebKit/537.36 (KHTML, like Gecko) Chrome/89.0.4389.114 Safari/537.36" "crquality.com"
20.21.110.157 - - [10/Dec/2022:01:40:27 -0800] "GET /xmlrpc.php?rsd HTTP/1.1" 404 73 "-" "Mozilla/5.0 (Windows NT 10.0; Win64; x64) AppleWebKit/537.36 (KHTML, like Gecko) Chrome/89.0.4389.114 Safari/537.36" "crquality.com"
20.21.110.157 - - [10/Dec/2022:01:40:28 -0800] "GET / HTTP/1.1" 200 19157 "-" "Mozilla/5.0 (Windows NT 10.0; Win64; x64) AppleWebKit/537.36 (KHTML, like Gecko) Chrome/89.0.4389.114 Safari/537.36" "crquality.com"
20.21.110.157 - - [10/Dec/2022:01:40:28 -0800] "GET /blog/wp-includes/wlwmanifest.xml HTTP/1.1" 200 1045 "-" "Mozilla/5.0 (Windows NT 10.0; Win64; x64) AppleWebKit/537.36 (KHTML, like Gecko) Chrome/89.0.4389.114 Safari/537.36" "crquality.com"
20.21.110.157 - - [10/Dec/2022:01:40:29 -0800] "GET /blog//?author=1 HTTP/1.1" 200 13965 "-" "Mozilla/5.0 (Windows NT 10.0; Win64; x64) AppleWebKit/537.36 (KHTML, like Gecko) Chrome/89.0.4389.114 Safari/537.36" "crquality.com"
10.247.24.114 - - [10/Dec/2022:01:40:31 -0800] "POST /blog/wp-cron.php?doing_wp_cron=1670665231.3299739360809326171875 HTTP/1.1" 200 - "http://crquality.com/blog/wp-cron.php?doing_wp_cron=1670665231.3299739360809326171875" "WordPress/4.9.22; http://crquality.com/blog" "crquality.com"
20.21.110.157 - - [10/Dec/2022:01:40:33 -0800] "GET /blog//?author=2 HTTP/1.1" 404 10552 "-" "Mozilla/5.0 (Windows NT 10.0; Win64; x64) AppleWebKit/537.36 (KHTML, like Gecko) Chrome/89.0.4389.114 Safari/537.36" "crquality.com"
20.21.110.157 - - [10/Dec/2022:01:40:35 -0800] "GET /blog//?author=3 HTTP/1.1" 404 10552 "-" "Mozilla/5.0 (Windows NT 10.0; Win64; x64) AppleWebKit/537.36 (KHTML, like Gecko) Chrome/89.0.4389.114 Safari/537.36" "crquality.com"
20.21.110.157 - - [10/Dec/2022:01:40:38 -0800] "GET /blog/index.php//wp-json/wp/v2/users/ HTTP/1.1" 200 598 "-" "Mozilla/5.0 (Windows NT 10.0; Win64; x64) AppleWebKit/537.36 (KHTML, like Gecko) Chrome/89.0.4389.114 Safari/537.36" "crquality.com"
20.193.130.128 - - [10/Dec/2022:01:43:15 -0800] "GET /blog/wp-content/plugins/iwp-client/readme.txt HTTP/1.1" 404 88 "https://developer.mozilla.org/en-US/docs/Web/" "Mozilla/5.0 (Windows NT 10.0; Win64; x64) AppleWebKit/537.36 (KHTML, like Gecko) Chrome/107.0.0.0 Safari/537.36" "crquality.com"
20.193.130.128 - - [10/Dec/2022:01:43:19 -0800] "GET /blog/wp-content/plugins/wp-time-capsule/readme.txt HTTP/1.1" 404 88 "https://developer.mozilla.org/en-US/docs/Web/" "Mozilla/5.0 (Macintosh; Intel Mac OS X 13_0_1) AppleWebKit/537.36 (KHTML, like Gecko) Chrome/107.0.0.0 Safari/537.36" "crquality.com"
20.193.130.128 - - [10/Dec/2022:01:43:21 -0800] "GET /blog/wp-content/plugins/themegrill-demo-importer/readme.txt HTTP/1.1" 404 88 "https://developer.mozilla.org/en-US/docs/Web/" "Mozilla/5.0 (Windows NT 10.0; Win64; x64) AppleWebKit/537.36 (KHTML, like Gecko) Chrome/107.0.0.0 Safari/537.36" "crquality.com"
20.193.130.128 - - [10/Dec/2022:01:43:24 -0800] "GET /blog/wp-content/plugins/advanced-import/readme.txt HTTP/1.1" 404 88 "https://developer.mozilla.org/en-US/docs/Web/" "Mozilla/5.0 (Linux; Android 11; Lenovo YT-J706X) AppleWebKit/537.36 (KHTML, like Gecko) Chrome/107.0.0.0 Safari/537.36" "crquality.com"
20.193.130.128 - - [10/Dec/2022:01:43:26 -0800] "GET /blog/wp-content/plugins/woocommerce-jetpack/readme.txt HTTP/1.1" 404 88 "https://developer.mozilla.org/en-US/docs/Web/" "Mozilla/5.0 (Linux; Android 11; Lenovo YT-J706X) AppleWebKit/537.36 (KHTML, like Gecko) Chrome/107.0.0.0 Safari/537.36" "crquality.com"
20.193.130.128 - - [10/Dec/2022:01:43:30 -0800] "GET /blog/wp-content/plugins/emails-verification-for-woocommerce/readme.txt HTTP/1.1" 404 88 "https://developer.mozilla.org/en-US/docs/Web/" "Mozilla/5.0 (Linux; Android 11; Lenovo YT-J706X) AppleWebKit/537.36 (KHTML, like Gecko) Chrome/107.0.0.0 Safari/537.36" "crquality.com"
20.193.130.128 - - [10/Dec/2022:01:43:34 -0800] "GET /blog/wp-content/plugins/woocommerce-upload-files/js/wcuf-admin-menu.js HTTP/1.1" 404 88 "https://developer.mozilla.org/en-US/docs/Web/" "Mozilla/5.0 (Linux; Android 11; Lenovo YT-J706X) AppleWebKit/537.36 (KHTML, like Gecko) Chrome/107.0.0.0 Safari/537.36" "crquality.com"
20.193.130.128 - - [10/Dec/2022:01:43:38 -0800] "GET /blog/wp-content/plugins/wp-user-extra-fields/js/wpuef-configurator.js HTTP/1.1" 404 88 "https://developer.mozilla.org/en-US/docs/Web/" "Mozilla/5.0 (Linux; Android 11; Lenovo YT-J706X) AppleWebKit/537.36 (KHTML, like Gecko) Chrome/107.0.0.0 Safari/537.36" "crquality.com"
20.193.130.128 - - [10/Dec/2022:01:43:41 -0800] "GET /blog/wp-content/plugins/wp-automatic/changelog HTTP/1.1" 404 88 "https://developer.mozilla.org/en-US/docs/Web/" "Mozilla/5.0 (Linux; Android 11; Lenovo YT-J706X) AppleWebKit/537.36 (KHTML, like Gecko) Chrome/107.0.0.0 Safari/537.36" "crquality.com"
20.193.130.128 - - [10/Dec/2022:01:43:45 -0800] "GET /blog/wp-content/plugins/wp-automatic/css/wp-automatic.css HTTP/1.1" 404 88 "https://developer.mozilla.org/en-US/docs/Web/" "Mozilla/5.0 (Linux; Android 11; Lenovo YT-J706X) AppleWebKit/537.36 (KHTML, like Gecko) Chrome/107.0.0.0 Safari/537.36" "crquality.com"
20.193.130.128 - - [10/Dec/2022:01:43:48 -0800] "GET /blog/wp-content/plugins/capability-manager-enhanced/readme.txt HTTP/1.1" 404 88 "https://developer.mozilla.org/en-US/docs/Web/" "Mozilla/5.0 (Macintosh; Intel Mac OS X 13_0_1) AppleWebKit/537.36 (KHTML, like Gecko) Chrome/107.0.0.0 Safari/537.36" "crquality.com"
54.221.189.254 - - [10/Dec/2022:01:43:52 -0800] "GET /blog/wp-content/plugins/capabilities-pro/readme.txt HTTP/1.1" 404 88 "-" "Mozilla/5.0 (Windows; U; Windows NT 5.1; en-US; rv:1.9.2.8) Gecko/20100722 Firefox/3.6.8" "crquality.com"
20.193.130.128 - - [10/Dec/2022:01:43:56 -0800] "GET /blog/wp-content/plugins/wp-pinterest-automatic/changelog HTTP/1.1" 404 88 "https://developer.mozilla.org/en-US/docs/Web/" "Mozilla/5.0 (Windows NT 10.0; Win64; x64) AppleWebKit/537.36 (KHTML, like Gecko) Chrome/107.0.0.0 Safari/537.36" "crquality.com"
20.193.130.128 - - [10/Dec/2022:01:43:58 -0800] "GET /blog/wp-content/plugins/ulisting/readme.txt HTTP/1.1" 404 88 "https://developer.mozilla.org/en-US/docs/Web/" "Mozilla/5.0 (Linux; Android 11; Lenovo YT-J706X) AppleWebKit/537.36 (KHTML, like Gecko) Chrome/107.0.0.0 Safari/537.36" "crquality.com"
20.193.130.128 - - [10/Dec/2022:01:44:01 -0800] "GET /blog/wp-content/plugins/image-hover-effects-ultimate/readme.txt HTTP/1.1" 404 88 "https://developer.mozilla.org/en-US/docs/Web/" "Mozilla/5.0 (Linux; Android 11; Lenovo YT-J706X) AppleWebKit/537.36 (KHTML, like Gecko) Chrome/107.0.0.0 Safari/537.36" "crquality.com"
20.193.130.128 - - [10/Dec/2022:01:44:03 -0800] "GET /blog/wp-content/plugins/ait-csv-import-export/changelog.txt HTTP/1.1" 404 88 "https://developer.mozilla.org/en-US/docs/Web/" "Mozilla/5.0 (Linux; Android 11; Lenovo YT-J706X) AppleWebKit/537.36 (KHTML, like Gecko) Chrome/107.0.0.0 Safari/537.36" "crquality.com"
20.193.130.128 - - [10/Dec/2022:01:44:09 -0800] "GET /blog/wp-content/plugins/angwp/__%20UPDATES.txt HTTP/1.1" 404 88 "https://developer.mozilla.org/en-US/docs/Web/" "Mozilla/5.0 (Windows NT 10.0; Win64; x64) AppleWebKit/537.36 (KHTML, like Gecko) Chrome/107.0.0.0 Safari/537.36" "crquality.com"
54.221.189.254 - - [10/Dec/2022:01:44:11 -0800] "GET /blog/wp-content/plugins/e-signature/page-template/default/style.css HTTP/1.1" 404 88 "-" "Mozilla/5.0 (Windows; U; Windows NT 5.1; en-US; rv:1.9.2.8) Gecko/20100722 Firefox/3.6.8" "crquality.com"
54.145.221.255 - - [10/Dec/2022:01:44:15 -0800] "GET /blog/wp-content/plugins/superstorefinder-wp/css/ssf-wp-admin.css HTTP/1.1" 404 88 "-" "Mozilla/5.0 (Windows; U; Windows NT 5.1; en-US; rv:1.9.2.8) Gecko/20100722 Firefox/3.6.8" "crquality.com"
20.193.130.128 - - [10/Dec/2022:01:44:21 -0800] "GET /blog/wp-content/plugins/super-interactive-maps/css/sim-wp-admin.css HTTP/1.1" 404 88 "https://developer.mozilla.org/en-US/docs/Web/" "Mozilla/5.0 (Linux; Android 11; Lenovo YT-J706X) AppleWebKit/537.36 (KHTML, like Gecko) Chrome/107.0.0.0 Safari/537.36" "crquality.com"
20.193.130.128 - - [10/Dec/2022:01:44:23 -0800] "GET /blog/wp-content/plugins/superlogoshowcase-wp/css/sls-wp-admin.css HTTP/1.1" 404 88 "https://developer.mozilla.org/en-US/docs/Web/" "Mozilla/5.0 (Macintosh; Intel Mac OS X 13_0_1) AppleWebKit/537.36 (KHTML, like Gecko) Chrome/107.0.0.0 Safari/537.36" "crquality.com"
20.193.130.128 - - [10/Dec/2022:01:44:26 -0800] "GET /blog/wp-content/plugins/mstore-api/readme.txt HTTP/1.1" 404 88 "https://developer.mozilla.org/en-US/docs/Web/" "Mozilla/5.0 (Linux; Android 11; Lenovo YT-J706X) AppleWebKit/537.36 (KHTML, like Gecko) Chrome/107.0.0.0 Safari/537.36" "crquality.com"
54.221.189.254 - - [10/Dec/2022:01:44:32 -0800] "GET /blog/wp-content/plugins/dzs-zoomsounds/admin/admin.css HTTP/1.1" 404 88 "-" "Mozilla/5.0 (Windows; U; Windows NT 5.1; en-US; rv:1.9.2.8) Gecko/20100722 Firefox/3.6.8" "crquality.com"
20.193.130.128 - - [10/Dec/2022:01:44:36 -0800] "GET /blog/wp-content/plugins/shortcode-addons/readme.txt HTTP/1.1" 404 88 "https://developer.mozilla.org/en-US/docs/Web/" "Mozilla/5.0 (Macintosh; Intel Mac OS X 13_0_1) AppleWebKit/537.36 (KHTML, like Gecko) Chrome/107.0.0.0 Safari/537.36" "crquality.com"
54.145.221.255 - - [10/Dec/2022:01:44:39 -0800] "GET /blog/wp-content/plugins/vc-tabs/readme.txt HTTP/1.1" 404 88 "-" "Mozilla/5.0 (Windows; U; Windows NT 5.1; en-US; rv:1.9.2.8) Gecko/20100722 Firefox/3.6.8" "crquality.com"
54.221.189.254 - - [10/Dec/2022:01:44:43 -0800] "GET /blog/wp-content/plugins/wp-file-manager/readme.txt HTTP/1.1" 404 88 "-" "Mozilla/5.0 (Windows; U; Windows NT 5.1; en-US; rv:1.9.2.8) Gecko/20100722 Firefox/3.6.8" "crquality.com"
54.145.221.255 - - [10/Dec/2022:01:44:46 -0800] "GET /blog/wp-content/plugins/masterstudy-lms-learning-management-system/readme.txt HTTP/1.1" 404 88 "-" "Mozilla/5.0 (Windows; U; Windows NT 5.1; en-US; rv:1.9.2.8) Gecko/20100722 Firefox/3.6.8" "crquality.com"
54.221.189.254 - - [10/Dec/2022:01:44:52 -0800] "GET /blog/wp-content/plugins/mapsvg-lite-interactive-vector-maps/gm_download.php HTTP/1.1" 404 88 "-" "Mozilla/5.0 (Windows; U; Windows NT 5.1; en-US; rv:1.9.2.8) Gecko/20100722 Firefox/3.6.8" "crquality.com"
54.221.189.254 - - [10/Dec/2022:01:44:57 -0800] "GET /blog/wp-content/plugins/mapsvg/gm_download.php HTTP/1.1" 404 88 "-" "Mozilla/5.0 (Windows; U; Windows NT 5.1; en-US; rv:1.9.2.8) Gecko/20100722 Firefox/3.6.8" "crquality.com"
54.145.221.255 - - [10/Dec/2022:01:45:01 -0800] "GET /blog/wp-admin/admin-ajax.php HTTP/1.1" 400 1 "-" "Mozilla/5.0 (Windows; U; Windows NT 5.1; en-US; rv:1.9.2.8) Gecko/20100722 Firefox/3.6.8" "crquality.com"
20.193.130.128 - - [10/Dec/2022:01:45:06 -0800] "GET /blog/wp-admin/admin-ajax.php?action=revslider_show_image&img=../wp-config.php HTTP/1.1" 400 1 "https://developer.mozilla.org/en-US/docs/Web/" "Mozilla/5.0 (Macintosh; Intel Mac OS X 13_0_1) AppleWebKit/537.36 (KHTML, like Gecko) Chrome/107.0.0.0 Safari/537.36" "crquality.com"
54.145.221.255 - - [10/Dec/2022:01:45:11 -0800] "GET /blog/wp-content/plugins/cherry-plugin/admin/import-export/download-content.php HTTP/1.1" 404 88 "-" "Mozilla/5.0 (Windows; U; Windows NT 5.1; en-US; rv:1.9.2.8) Gecko/20100722 Firefox/3.6.8" "crquality.com"
20.193.130.128 - - [10/Dec/2022:01:45:14 -0800] "GET /blog/wp-admin/admin-ajax.php?action=handle_downloads&alg_wc_pif_download_file=../../../../../wp-config.php HTTP/1.1" 400 1 "https://developer.mozilla.org/en-US/docs/Web/" "Mozilla/5.0 (Linux; Android 11; Lenovo YT-J706X) AppleWebKit/537.36 (KHTML, like Gecko) Chrome/107.0.0.0 Safari/537.36" "crquality.com"
20.193.130.128 - - [10/Dec/2022:01:45:20 -0800] "GET /blog/wp-content/plugins/wp-ecommerce-shop-styling/includes/download.php?filename=../../../../wp-config.php HTTP/1.1" 404 88 "https://developer.mozilla.org/en-US/docs/Web/" "Mozilla/5.0 (Linux; Android 11; Lenovo YT-J706X) AppleWebKit/537.36 (KHTML, like Gecko) Chrome/107.0.0.0 Safari/537.36" "crquality.com"
54.221.189.254 - - [10/Dec/2022:01:45:24 -0800] "GET /blog/wp-content/plugins/web-portal-lite-client-portal-secure-file-sharing-private-messaging/includes/libs/pdf/dompdf.php HTTP/1.1" 404 88 "-" "Mozilla/5.0 (Windows; U; Windows NT 5.1; en-US; rv:1.9.2.8) Gecko/20100722 Firefox/3.6.8" "crquality.com"
20.193.130.128 - - [10/Dec/2022:01:45:27 -0800] "GET /blog/wp-content/plugins/post-pdf-export/dompdf/dompdf.php?input_file=../../../../wp-config.php HTTP/1.1" 404 88 "https://developer.mozilla.org/en-US/docs/Web/" "Mozilla/5.0 (Macintosh; Intel Mac OS X 13_0_1) AppleWebKit/537.36 (KHTML, like Gecko) Chrome/107.0.0.0 Safari/537.36" "crquality.com"
20.193.130.128 - - [10/Dec/2022:01:45:32 -0800] "GET /blog/wp-content/plugins/tatsu/changelog.md HTTP/1.1" 404 88 "https://developer.mozilla.org/en-US/docs/Web/" "Mozilla/5.0 (Linux; Android 11; Lenovo YT-J706X) AppleWebKit/537.36 (KHTML, like Gecko) Chrome/107.0.0.0 Safari/537.36" "crquality.com"
54.145.221.255 - - [10/Dec/2022:01:45:36 -0800] "GET /blog/wp-content/plugins/udraw/readme.txt HTTP/1.1" 404 88 "-" "Mozilla/5.0 (Windows; U; Windows NT 5.1; en-US; rv:1.9.2.8) Gecko/20100722 Firefox/3.6.8" "crquality.com"
54.221.189.254 - - [10/Dec/2022:01:45:41 -0800] "GET /blog/wp-content/plugins/woo-product-table/readme.txt HTTP/1.1" 404 88 "-" "Mozilla/5.0 (Windows; U; Windows NT 5.1; en-US; rv:1.9.2.8) Gecko/20100722 Firefox/3.6.8" "crquality.com"
20.193.130.128 - - [10/Dec/2022:01:45:43 -0800] "GET /blog/wp-content/plugins/wpcargo/readme.txt HTTP/1.1" 404 88 "https://developer.mozilla.org/en-US/docs/Web/" "Mozilla/5.0 (Windows NT 10.0; Win64; x64) AppleWebKit/537.36 (KHTML, like Gecko) Chrome/107.0.0.0 Safari/537.36" "crquality.com"
20.193.130.128 - - [10/Dec/2022:01:45:45 -0800] "GET /blog/wp-content/plugins/nd-learning/readme.txt HTTP/1.1" 404 88 "https://developer.mozilla.org/en-US/docs/Web/" "Mozilla/5.0 (Windows NT 10.0; Win64; x64) AppleWebKit/537.36 (KHTML, like Gecko) Chrome/107.0.0.0 Safari/537.36" "crquality.com"
20.193.130.128 - - [10/Dec/2022:01:45:49 -0800] "GET /blog/wp-content/plugins/nd-shortcodes/readme.txt HTTP/1.1" 404 88 "https://developer.mozilla.org/en-US/docs/Web/" "Mozilla/5.0 (Windows NT 10.0; Win64; x64) AppleWebKit/537.36 (KHTML, like Gecko) Chrome/107.0.0.0 Safari/537.36" "crquality.com"
54.221.189.254 - - [10/Dec/2022:01:45:53 -0800] "GET /blog/wp-content/plugins/nd-booking/readme.txt HTTP/1.1" 404 88 "-" "Mozilla/5.0 (Windows; U; Windows NT 5.1; en-US; rv:1.9.2.8) Gecko/20100722 Firefox/3.6.8" "crquality.com"
54.221.189.254 - - [10/Dec/2022:01:45:57 -0800] "GET /blog/wp-content/plugins/nd-donations/readme.txt HTTP/1.1" 404 88 "-" "Mozilla/5.0 (Windows; U; Windows NT 5.1; en-US; rv:1.9.2.8) Gecko/20100722 Firefox/3.6.8" "crquality.com"
20.193.130.128 - - [10/Dec/2022:01:45:59 -0800] "GET /blog/wp-content/plugins/nd-restaurant-reservations/readme.txt HTTP/1.1" 404 88 "https://developer.mozilla.org/en-US/docs/Web/" "Mozilla/5.0 (Macintosh; Intel Mac OS X 13_0_1) AppleWebKit/537.36 (KHTML, like Gecko) Chrome/107.0.0.0 Safari/537.36" "crquality.com"
20.193.130.128 - - [10/Dec/2022:01:46:02 -0800] "GET /blog/wp-content/plugins/sitemap-by-click5/readme.txt HTTP/1.1" 404 88 "https://developer.mozilla.org/en-US/docs/Web/" "Mozilla/5.0 (Linux; Android 11; Lenovo YT-J706X) AppleWebKit/537.36 (KHTML, like Gecko) Chrome/107.0.0.0 Safari/537.36" "crquality.com"
54.145.221.255 - - [10/Dec/2022:01:46:06 -0800] "GET /blog/wp-content/plugins/wp-user-avatar/changelog.txt HTTP/1.1" 404 88 "-" "Mozilla/5.0 (Windows; U; Windows NT 5.1; en-US; rv:1.9.2.8) Gecko/20100722 Firefox/3.6.8" "crquality.com"
54.145.221.255 - - [10/Dec/2022:01:46:08 -0800] "GET /blog/ HTTP/1.1" 200 13628 "-" "Mozilla/5.0 (Windows; U; Windows NT 5.1; en-US; rv:1.9.2.8) Gecko/20100722 Firefox/3.6.8" "crquality.com"
54.221.189.254 - - [10/Dec/2022:01:46:14 -0800] "GET /blog/wp-content/plugins/quiz-master-next/readme.txt HTTP/1.1" 404 88 "-" "Mozilla/5.0 (Windows; U; Windows NT 5.1; en-US; rv:1.9.2.8) Gecko/20100722 Firefox/3.6.8" "crquality.com"
20.193.130.128 - - [10/Dec/2022:01:46:15 -0800] "GET /blog/wp-content/plugins/wp-live-chat-support-pro/css/wplc_styles_pro.css HTTP/1.1" 404 88 "https://developer.mozilla.org/en-US/docs/Web/" "Mozilla/5.0 (Linux; Android 11; Lenovo YT-J706X) AppleWebKit/537.36 (KHTML, like Gecko) Chrome/107.0.0.0 Safari/537.36" "crquality.com"
20.193.130.128 - - [10/Dec/2022:01:46:19 -0800] "GET /blog/wp-content/plugins/armember-membership/readme.txt HTTP/1.1" 404 88 "https://developer.mozilla.org/en-US/docs/Web/" "Mozilla/5.0 (Linux; Android 11; Lenovo YT-J706X) AppleWebKit/537.36 (KHTML, like Gecko) Chrome/107.0.0.0 Safari/537.36" "crquality.com"
20.193.130.128 - - [10/Dec/2022:01:46:20 -0800] "GET /blog/wp-content/plugins/ninja-forms/readme.txt HTTP/1.1" 404 88 "https://developer.mozilla.org/en-US/docs/Web/" "Mozilla/5.0 (Macintosh; Intel Mac OS X 13_0_1) AppleWebKit/537.36 (KHTML, like Gecko) Chrome/107.0.0.0 Safari/537.36" "crquality.com"
20.193.130.128 - - [10/Dec/2022:01:46:23 -0800] "GET /blog/wp-content/plugins/ultimate-member/readme.txt HTTP/1.1" 404 88 "https://developer.mozilla.org/en-US/docs/Web/" "Mozilla/5.0 (Macintosh; Intel Mac OS X 13_0_1) AppleWebKit/537.36 (KHTML, like Gecko) Chrome/107.0.0.0 Safari/537.36" "crquality.com"
20.193.130.128 - - [10/Dec/2022:01:46:26 -0800] "GET /blog/wp-content/plugins/wpgateway/css/style.css HTTP/1.1" 404 88 "https://developer.mozilla.org/en-US/docs/Web/" "Mozilla/5.0 (Windows NT 10.0; Win64; x64) AppleWebKit/537.36 (KHTML, like Gecko) Chrome/107.0.0.0 Safari/537.36" "crquality.com"
20.193.130.128 - - [10/Dec/2022:01:46:28 -0800] "GET /blog/wp-content/themes/workreap/style.css HTTP/1.1" 404 88 "https://developer.mozilla.org/en-US/docs/Web/" "Mozilla/5.0 (Windows NT 10.0; Win64; x64) AppleWebKit/537.36 (KHTML, like Gecko) Chrome/107.0.0.0 Safari/537.36" "crquality.com"
20.193.130.128 - - [10/Dec/2022:01:46:31 -0800] "GET /blog/wp-content/plugins/scripts-organizer/plugins/meta-box/readme.txt HTTP/1.1" 404 88 "https://developer.mozilla.org/en-US/docs/Web/" "Mozilla/5.0 (Windows NT 10.0; Win64; x64) AppleWebKit/537.36 (KHTML, like Gecko) Chrome/107.0.0.0 Safari/537.36" "crquality.com"
20.193.130.128 - - [10/Dec/2022:01:46:34 -0800] "GET /blog/wp-content/plugins/alphabetic-pagination/readme.txt HTTP/1.1" 404 88 "https://developer.mozilla.org/en-US/docs/Web/" "Mozilla/5.0 (Macintosh; Intel Mac OS X 13_0_1) AppleWebKit/537.36 (KHTML, like Gecko) Chrome/107.0.0.0 Safari/537.36" "crquality.com"
54.221.189.254 - - [10/Dec/2022:01:46:36 -0800] "GET /blog/wp-content/plugins/all-in-one-video-gallery/readme.txt HTTP/1.1" 404 88 "-" "Mozilla/5.0 (Windows; U; Windows NT 5.1; en-US; rv:1.9.2.8) Gecko/20100722 Firefox/3.6.8" "crquality.com"
20.193.130.128 - - [10/Dec/2022:01:46:38 -0800] "GET /blog/wp-content/plugins/directorist/readme.txt HTTP/1.1" 404 88 "https://developer.mozilla.org/en-US/docs/Web/" "Mozilla/5.0 (Linux; Android 11; Lenovo YT-J706X) AppleWebKit/537.36 (KHTML, like Gecko) Chrome/107.0.0.0 Safari/537.36" "crquality.com"
20.193.130.128 - - [10/Dec/2022:01:46:43 -0800] "GET /blog/wp-content/plugins/simply-schedule-appointments/readme.txt HTTP/1.1" 404 88 "https://developer.mozilla.org/en-US/docs/Web/" "Mozilla/5.0 (Linux; Android 11; Lenovo YT-J706X) AppleWebKit/537.36 (KHTML, like Gecko) Chrome/107.0.0.0 Safari/537.36" "crquality.com"
54.221.189.254 - - [10/Dec/2022:01:46:46 -0800] "GET /blog/wp-content/themes/greyd_suite/style.css HTTP/1.1" 404 88 "-" "Mozilla/5.0 (Windows; U; Windows NT 5.1; en-US; rv:1.9.2.8) Gecko/20100722 Firefox/3.6.8" "crquality.com"
164.68.106.210 - - [10/Dec/2022:02:13:15 -0800] "HEAD /wordpress HTTP/1.1" 404 - "-" "Mozilla/5.0 (Windows NT 10.0; Win64; x64) AppleWebKit/537.36 (KHTML, like Gecko) Chrome/74.0.3729.169 Safari/537.36" "crquality.com"
164.68.106.210 - - [10/Dec/2022:02:13:15 -0800] "HEAD / HTTP/1.1" 200 - "-" "Mozilla/5.0 (Windows NT 10.0; Win64; x64) AppleWebKit/537.36 (KHTML, like Gecko) Chrome/74.0.3729.169 Safari/537.36" "crquality.com"
164.68.106.210 - - [10/Dec/2022:02:13:15 -0800] "HEAD /wp HTTP/1.1" 404 - "-" "Mozilla/5.0 (Windows NT 10.0; Win64; x64) AppleWebKit/537.36 (KHTML, like Gecko) Chrome/74.0.3729.169 Safari/537.36" "crquality.com"
164.68.106.210 - - [10/Dec/2022:02:13:15 -0800] "HEAD /bc HTTP/1.1" 404 - "-" "Mozilla/5.0 (Windows NT 10.0; Win64; x64) AppleWebKit/537.36 (KHTML, like Gecko) Chrome/74.0.3729.169 Safari/537.36" "crquality.com"
164.68.106.210 - - [10/Dec/2022:02:13:15 -0800] "HEAD /bk HTTP/1.1" 404 - "-" "Mozilla/5.0 (Windows NT 10.0; Win64; x64) AppleWebKit/537.36 (KHTML, like Gecko) Chrome/74.0.3729.169 Safari/537.36" "crquality.com"
164.68.106.210 - - [10/Dec/2022:02:13:16 -0800] "HEAD /backup HTTP/1.1" 404 - "-" "Mozilla/5.0 (Windows NT 10.0; Win64; x64) AppleWebKit/537.36 (KHTML, like Gecko) Chrome/74.0.3729.169 Safari/537.36" "crquality.com"
164.68.106.210 - - [10/Dec/2022:02:13:16 -0800] "HEAD /old HTTP/1.1" 404 - "-" "Mozilla/5.0 (Windows NT 10.0; Win64; x64) AppleWebKit/537.36 (KHTML, like Gecko) Chrome/74.0.3729.169 Safari/537.36" "crquality.com"
164.68.106.210 - - [10/Dec/2022:02:13:16 -0800] "HEAD /new HTTP/1.1" 404 - "-" "Mozilla/5.0 (Windows NT 10.0; Win64; x64) AppleWebKit/537.36 (KHTML, like Gecko) Chrome/74.0.3729.169 Safari/537.36" "crquality.com"
164.68.106.210 - - [10/Dec/2022:02:13:16 -0800] "HEAD /main HTTP/1.1" 404 - "-" "Mozilla/5.0 (Windows NT 10.0; Win64; x64) AppleWebKit/537.36 (KHTML, like Gecko) Chrome/74.0.3729.169 Safari/537.36" "crquality.com"
164.68.106.210 - - [10/Dec/2022:02:13:16 -0800] "HEAD /home HTTP/1.1" 200 - "-" "Mozilla/5.0 (Windows NT 10.0; Win64; x64) AppleWebKit/537.36 (KHTML, like Gecko) Chrome/74.0.3729.169 Safari/537.36" "crquality.com"
103.169.7.87 - - [10/Dec/2022:02:23:41 -0800] "GET /contact_us/ HTTP/1.1" 200 35448 "http://crquality.com/contact_us/" "Mozilla/5.0 (Windows NT 6.3; Win64; x64) AppleWebKit/537.36 (KHTML, like Gecko) Chrome/90.0.4430.93 Safari/537.36" "crquality.com"
103.169.7.87 - - [10/Dec/2022:02:24:00 -0800] "POST /contact_us/ HTTP/1.1" 200 35448 "http://crquality.com/contact_us/" "Mozilla/5.0 (Windows NT 6.3; Win64; x64) AppleWebKit/537.36 (KHTML, like Gecko) Chrome/90.0.4430.93 Safari/537.36" "crquality.com"
49.249.72.34 - - [10/Dec/2022:02:58:54 -0800] "GET /contact_us/ HTTP/1.1" 200 35448 "http://crquality.com/contact_us/" "Mozilla/5.0 (Windows NT 6.1; ) AppleWebKit/537.36 (KHTML, like Gecko) Chrome/90.0.4430.72 Safari/537.36" "crquality.com"
49.249.72.34 - - [10/Dec/2022:02:58:56 -0800] "POST /contact_us/ HTTP/1.1" 200 35448 "http://crquality.com/contact_us/" "Mozilla/5.0 (Windows NT 6.1; ) AppleWebKit/537.36 (KHTML, like Gecko) Chrome/90.0.4430.72 Safari/537.36" "crquality.com"
37.139.53.81 - - [10/Dec/2022:03:40:15 -0800] "GET /contact_us HTTP/1.1" 200 35448 "http://crquality.com/contact_us" "Mozilla/5.0 (Windows NT 10.0; Win64; x64) AppleWebKit/537.36 (KHTML, like Gecko) Chrome/83.0.4103.61 Safari/537.36/iYA9HebN-7" "crquality.com"
37.139.53.81 - - [10/Dec/2022:03:40:16 -0800] "POST /contact_us HTTP/1.1" 200 35448 "http://crquality.com/contact_us" "Mozilla/5.0 (Windows NT 10.0; Win64; x64) AppleWebKit/537.36 (KHTML, like Gecko) Chrome/83.0.4103.61 Safari/537.36/iYA9HebN-7" "crquality.com"
85.208.115.142 - - [10/Dec/2022:03:41:53 -0800] "GET /contact_us HTTP/1.1" 200 9138 "-" "Mozilla/5.0 (Windows NT 10.0; WOW64) AppleWebKit/537.36 (KHTML, like Gecko) Chrome/103.0.0.0 Safari/537.36 Vivaldi/5.3.2679.68" "crquality.com"
85.208.115.142 - - [10/Dec/2022:03:41:54 -0800] "GET /contact_us?emailAddress=mike%40crquality.com&.crumb=1670756334ueYx.M5xte09.fz_SwwUjJCg0hQ-&json_payload=&formDataName=Customer+contact&formDescription=Main+customer+contact+form&formGuid=itemRecordGuid.4a7711e25e3159.14166539&itemGuid.4a7711e25e2db3.26242014=Eric&itemGuid.4a7711e25e2db3.26242017=Jones&itemGuid.4a7711e25e2db3.26242020=ericjonesmyemail%40gmail.com&itemGuid.4a7711e25e2db3.26242023=555-555-1212&itemGuid.4a7711e25e2db3.26242026=Hi%2C+my+name+is+Eric+and+I%E2%80%99m+betting+you%E2%80%99d+like+your+website+crquality.com+to+generate+more+leads.%0D%0A%0D%0AHere%E2%80%99s+how:%0D%0ATalk+With+Web+Visitor+is+a+software+widget+that%E2%80%99s+works+on+your+site%2C+ready+to+capture+any+visitor%E2%80%99s+Name%2C+Email+address+and+Phone+Number.++It+signals+you+as+soon+as+they+say+they%E2%80%99re+interested+%E2%80%93+so+that+you+can+talk+to+that+lead+while+they%E2%80%99re+still+there+at+crquality.com.%0D%0A%0D%0ATalk+With+Web+Visitor+%E2%80%93+CLICK+HERE+http://jumboleadmagnet.com+for+a+live+demo+now.%0D%0A%0D%0AAnd+now+that+you%E2%80%99ve+got+their+phone+number%2C+our+new+SMS+Text+With+Lead+feature+enables+you+to+start+a+text+(SMS)+conversation+%E2%80%93+answer+questions%2C+provide+more+info%2C+and+close+a+deal+that+way.%0D%0A%0D%0AIf+they+don%E2%80%99t+take+you+up+on+your+offer+then%2C+just+follow+up+with+text+messages+for+new+offers%2C+content+links%2C+even+just+%E2%80%9Chow+you+doing%3F%E2%80%9D+notes+to+build+a+relationship.%0D%0A%0D%0ACLICK+HERE+http://jumboleadmagnet.com+to+discover+what+Talk+With+Web+Visitor+can+do+for+your+business.%0D%0A%0D%0AThe+difference+between+contacting+someone+within+5+minutes+versus+a+half-hour+means+you+could+be+converting+up+to+100X+more+leads+today%21%0D%0A%0D%0ATry+Talk+With+Web+Visitor+and+get+more+leads+now.%0D%0A%0D%0AEric%0D%0APS:+The+studies+show+7+out+of+10+visitors+don%E2%80%99t+hang+around+%E2%80%93+you+can%E2%80%99t+afford+to+lose+them%21%0D%0ATalk+With+Web+Visitor+offers+a+FREE+14+days+trial+%E2%80%93+and+it+even+includes+International+Long+Distance+Calling.+%0D%0AYou+have+customers+waiting+to+talk+with+you+right+now%E2%80%A6+don%E2%80%99t+keep+them+waiting.+%0D%0ACLICK+HERE+http://jumboleadmagnet.com+to+try+Talk+With+Web+Visitor+now.%0D%0A%0D%0AIf+you%27d+like+to+unsubscribe+click+here+http://jumboleadmagnet.com/unsubscribe.aspx%3Fd%3Dcrquality.com%0D%0A HTTP/1.1" 200 9138 "http://crquality.com/contact_us" "Mozilla/5.0 (Windows NT 10.0; WOW64) AppleWebKit/537.36 (KHTML, like Gecko) Chrome/103.0.0.0 Safari/537.36 Vivaldi/5.3.2679.68" "crquality.com"
66.249.66.158 - - [10/Dec/2022:03:43:36 -0800] "GET /ads.txt HTTP/1.1" 404 88 "-" "Mozilla/5.0 (compatible; Googlebot/2.1; +http://www.google.com/bot.html)" "crquality.com"
143.92.42.191 - - [10/Dec/2022:04:11:54 -0800] "GET /contact_us/ HTTP/1.1" 200 35448 "http://crquality.com/contact_us/" "Mozilla/5.0 (Windows NT 10.0; Win64; x64) AppleWebKit/537.36 (KHTML, like Gecko) Chrome/90.0.4430.86 Safari/537.36" "crquality.com"
94.41.37.0 - - [10/Dec/2022:04:58:11 -0800] "GET /contact_us/ HTTP/1.1" 200 35448 "http://crquality.com/contact_us/" "Mozilla/5.0 (Windows NT 6.1) AppleWebKit/537.36 (KHTML, like Gecko) Chrome/90.0.4430.85 Safari/537.36" "crquality.com"
94.41.37.0 - - [10/Dec/2022:04:58:12 -0800] "POST /contact_us/ HTTP/1.1" 200 35448 "http://crquality.com/contact_us/" "Mozilla/5.0 (Windows NT 6.1) AppleWebKit/537.36 (KHTML, like Gecko) Chrome/90.0.4430.85 Safari/537.36" "crquality.com"
65.21.226.48 - - [10/Dec/2022:05:08:40 -0800] "GET /robots.txt HTTP/1.1" 200 56 "-" "Mozilla/5.0 (compatible; SEOkicks; +https://www.seokicks.de/robot.html)" "crquality.com"
65.21.226.48 - - [10/Dec/2022:05:08:42 -0800] "GET / HTTP/1.1" 200 4886 "-" "Mozilla/5.0 (compatible; SEOkicks; +https://www.seokicks.de/robot.html)" "crquality.com"
65.21.226.48 - - [10/Dec/2022:05:08:43 -0800] "GET /home HTTP/1.1" 200 4885 "http://crquality.com/" "Mozilla/5.0 (compatible; SEOkicks; +https://www.seokicks.de/robot.html)" "crquality.com"
65.21.226.48 - - [10/Dec/2022:05:08:44 -0800] "GET /services HTTP/1.1" 200 4993 "http://crquality.com/" "Mozilla/5.0 (compatible; SEOkicks; +https://www.seokicks.de/robot.html)" "crquality.com"
65.21.226.48 - - [10/Dec/2022:05:08:46 -0800] "GET /about_us HTTP/1.1" 200 5466 "http://crquality.com/" "Mozilla/5.0 (compatible; SEOkicks; +https://www.seokicks.de/robot.html)" "crquality.com"
65.21.226.48 - - [10/Dec/2022:05:08:48 -0800] "GET /contact_us HTTP/1.1" 200 9138 "http://crquality.com/" "Mozilla/5.0 (compatible; SEOkicks; +https://www.seokicks.de/robot.html)" "crquality.com"
65.21.226.48 - - [10/Dec/2022:05:08:49 -0800] "GET /the_before__after HTTP/1.1" 200 13850 "http://crquality.com/" "Mozilla/5.0 (compatible; SEOkicks; +https://www.seokicks.de/robot.html)" "crquality.com"
65.21.226.48 - - [10/Dec/2022:05:08:50 -0800] "GET /recent_job_photos HTTP/1.1" 200 4816 "http://crquality.com/" "Mozilla/5.0 (compatible; SEOkicks; +https://www.seokicks.de/robot.html)" "crquality.com"
65.21.226.48 - - [10/Dec/2022:05:08:54 -0800] "GET /energy_efficiency HTTP/1.1" 200 4367 "http://crquality.com/" "Mozilla/5.0 (compatible; SEOkicks; +https://www.seokicks.de/robot.html)" "crquality.com"
65.21.226.48 - - [10/Dec/2022:05:08:56 -0800] "GET /credit_-_paypal_payment HTTP/1.1" 404 88 "http://crquality.com/services" "Mozilla/5.0 (compatible; SEOkicks; +https://www.seokicks.de/robot.html)" "crquality.com"
45.192.147.0 - - [10/Dec/2022:05:24:39 -0800] "GET / HTTP/1.1" 200 19157 "crquality.com" "Mozilla/5.0 (Macintosh; U; PPC Mac OS X Mach-O; en-US; rv:1.6) Gecko/20040113" "crquality.com"
45.192.147.0 - - [10/Dec/2022:05:24:48 -0800] "GET / HTTP/1.1" 200 19157 "https://crquality.com" "Mozilla/5.0 (Macintosh; U; PPC Mac OS X Mach-O; en-US; rv:1.6) Gecko/20040113" "crquality.com"
45.192.147.0 - - [10/Dec/2022:05:24:58 -0800] "GET /contact_us HTTP/1.1" 200 35448 "https://crquality.com/contact_us" "Mozilla/5.0 (Macintosh; U; PPC Mac OS X Mach-O; en-US; rv:1.6) Gecko/20040113" "crquality.com"
45.192.147.0 - - [10/Dec/2022:05:25:08 -0800] "GET /?emailAddress=mike%40crquality.com&.crumb=1670756334ueYx.M5xte09.fz_SwwUjJCg0hQ-&json_payload=&formDataName=Customer+contact&formDescription=Main+customer+contact+form&formGuid=itemRecordGuid.4a7711e25e3159.14166539&itemGuid.4a7711e25e2db3.26242014=Artificial+intelligence+creates+content+for+the+site%2C+no+worse+than+a+copywriter%2C+you+can+also+use+it+to+write+articles.+100%25+uniqueness+%3A%29.+Click+Here%3A%F0%9F%91%89+https%3A%2F%2Fbit.ly%2F3iPPltW%3Fh%3D60fb290488b0e5baf6656c3dccafc01f%26&itemGuid.4a7711e25e2db3.26242017=29459vz&itemGuid.4a7711e25e2db3.26242020=mervv%40phtunneler.com&itemGuid.4a7711e25e2db3.26242023=247384262381&itemGuid.4a7711e25e2db3.26242026=e6yoqz HTTP/1.1" 200 19157 "https://crquality.com/?emailAddress=mike%40crquality.com&.crumb=1670756334ueYx.M5xte09.fz_SwwUjJCg0hQ-&json_payload=&formDataName=Customer+contact&formDescription=Main+customer+contact+form&formGuid=itemRecordGuid.4a7711e25e3159.14166539&itemGuid.4a7711e25e2db3.26242014=Artificial+intelligence+creates+content+for+the+site%2C+no+worse+than+a+copywriter%2C+you+can+also+use+it+to+write+articles.+100%25+uniqueness+%3A%29.+Click+Here%3A%F0%9F%91%89+https%3A%2F%2Fbit.ly%2F3iPPltW%3Fh%3D60fb290488b0e5baf6656c3dccafc01f%26&itemGuid.4a7711e25e2db3.26242017=29459vz&itemGuid.4a7711e25e2db3.26242020=mervv%40phtunneler.com&itemGuid.4a7711e25e2db3.26242023=247384262381&itemGuid.4a7711e25e2db3.26242026=e6yoqz" "Mozilla/5.0 (Macintosh; U; PPC Mac OS X Mach-O; en-US; rv:1.6) Gecko/20040113" "crquality.com"
194.146.39.187 - - [10/Dec/2022:05:57:16 -0800] "GET /makhdamx.php HTTP/1.1" 404 88 "-" "Mozilla/5.0 (Windows NT 10.0; Win64; x64) AppleWebKit/537.36 (KHTML, like Gecko) Chrome/85.0.4183.102 Safari/537.36" "crquality.com"
194.146.39.187 - - [10/Dec/2022:05:57:37 -0800] "GET /wp-commentin.php HTTP/1.1" 404 88 "-" "Mozilla/5.0 (Windows NT 10.0; Win64; x64) AppleWebKit/537.36 (KHTML, like Gecko) Chrome/85.0.4183.102 Safari/537.36" "crquality.com"
194.146.39.187 - - [10/Dec/2022:05:58:01 -0800] "GET /wp-content/themes/seotheme/db.php?u HTTP/1.1" 404 88 "-" "Mozilla/5.0 (Windows NT 10.0; Win64; x64) AppleWebKit/537.36 (KHTML, like Gecko) Chrome/85.0.4183.102 Safari/537.36" "crquality.com"
194.146.39.187 - - [10/Dec/2022:05:58:36 -0800] "GET /xltavrat.php HTTP/1.1" 404 88 "-" "Mozilla/5.0 (Windows NT 10.0; Win64; x64) AppleWebKit/537.36 (KHTML, like Gecko) Chrome/85.0.4183.102 Safari/537.36" "crquality.com"
194.146.39.187 - - [10/Dec/2022:05:59:33 -0800] "GET /xleet-shell.php HTTP/1.1" 404 88 "-" "Mozilla/5.0 (Windows NT 10.0; Win64; x64) AppleWebKit/537.36 (KHTML, like Gecko) Chrome/85.0.4183.102 Safari/537.36" "crquality.com"
207.46.13.234 - - [10/Dec/2022:06:04:27 -0800] "GET /robots.txt HTTP/1.1" 200 56 "-" "Mozilla/5.0 AppleWebKit/537.36 (KHTML, like Gecko; compatible; bingbot/2.0; +http://www.bing.com/bingbot.htm) Chrome/103.0.5060.134 Safari/537.36" "www.crquality.com"
40.77.167.74 - - [10/Dec/2022:06:04:33 -0800] "GET /sitemap.xml HTTP/1.1" 200 247 "-" "Mozilla/5.0 (compatible; bingbot/2.0; +http://www.bing.com/bingbot.htm)" "www.crquality.com"
111.240.217.73 - - [10/Dec/2022:06:15:46 -0800] "GET /contact_us/ HTTP/1.1" 200 35448 "http://crquality.com/contact_us/" "Mozilla/5.0 (Windows NT 10.0; Win64; x64) AppleWebKit/537.36 (KHTML, like Gecko) Chrome/90.0.4430.85 Safari/537.36 Edg/90.0.818.49" "crquality.com"
111.240.217.73 - - [10/Dec/2022:06:15:47 -0800] "POST /contact_us/ HTTP/1.1" 200 35448 "http://crquality.com/contact_us/" "Mozilla/5.0 (Windows NT 10.0; Win64; x64) AppleWebKit/537.36 (KHTML, like Gecko) Chrome/90.0.4430.85 Safari/537.36 Edg/90.0.818.49" "crquality.com"
20.106.214.56 - - [10/Dec/2022:06:30:35 -0800] "POST / HTTP/1.1" 200 4886 "-" "Mozilla/5.0 (X11; Linux x86_64; rv:83.0) Gecko/20100101 Firefox/83.0" "crquality.com"
54.36.148.170 - - [10/Dec/2022:07:05:04 -0800] "GET /robots.txt HTTP/1.1" 200 56 "-" "Mozilla/5.0 (compatible; AhrefsBot/7.0; +http://ahrefs.com/robot/)" "crquality.com"
